{"id":11,"date":"2020-10-08T16:37:00","date_gmt":"2020-10-08T13:37:00","guid":{"rendered":"https:\/\/sites.uwasa.fi\/vyty\/?page_id=11"},"modified":"2020-10-08T16:37:00","modified_gmt":"2020-10-08T13:37:00","slug":"jasenedut","status":"publish","type":"page","link":"https:\/\/sites.uwasa.fi\/vyty\/jasenedut\/","title":{"rendered":"J\u00e4senedut"},"content":{"rendered":"<p>VYTY:n j\u00e4senet ovat Tieteentekij\u00f6iden liiton j\u00e4seni\u00e4 ja p\u00e4\u00e4sev\u00e4t nauttimaan Tieteentekij\u00f6iden liiton j\u00e4seneduista. <span class=\"ingress\">Tieteentekij\u00f6iden t\u00e4rkein j\u00e4senetu on aktiivinen edunvalvonta ty\u00f6el\u00e4m\u00e4ss\u00e4 sek\u00e4 tiede- ja korkeakoulupolitiikassa. Tieteentekij\u00f6iden liitto tarjoaa j\u00e4senneuvontaa ty\u00f6el\u00e4m\u00e4n erilaisissa kysymyksiss\u00e4. <\/span><span class=\"ingress\">Lis\u00e4tietoa j\u00e4seneduista sek\u00e4 j\u00e4senpalveluista l\u00f6yd\u00e4t t\u00e4\u00e4lt\u00e4: <a href=\"https:\/\/tieteentekijat.fi\/jasenyys\/jasenedut\/\" target=\"_blank\" rel=\"noopener noreferrer\">https:\/\/tieteentekijat.fi\/jasenyys\/jasenedut\/<\/a><br \/>\n<\/span><\/p>\n","protected":false},"excerpt":{"rendered":"<p>VYTY:n j\u00e4senet ovat Tieteentekij\u00f6iden liiton j\u00e4seni\u00e4 ja p\u00e4\u00e4sev\u00e4t nauttimaan Tieteentekij\u00f6iden liiton j\u00e4seneduista. Tieteentekij\u00f6iden t\u00e4rkein j\u00e4senetu on aktiivinen edunvalvonta ty\u00f6el\u00e4m\u00e4ss\u00e4 sek\u00e4 tiede- ja korkeakoulupolitiikassa. Tieteentekij\u00f6iden liitto tarjoaa j\u00e4senneuvontaa ty\u00f6el\u00e4m\u00e4n erilaisissa kysymyksiss\u00e4. Lis\u00e4tietoa j\u00e4seneduista sek\u00e4 j\u00e4senpalveluista l\u00f6yd\u00e4t t\u00e4\u00e4lt\u00e4: https:\/\/tieteentekijat.fi\/jasenyys\/jasenedut\/<\/p>\n","protected":false},"author":58,"featured_media":0,"parent":0,"menu_order":0,"comment_status":"closed","ping_status":"closed","template":"","meta":{"_acf_changed":false,"footnotes":""},"class_list":["post-11","page","type-page","status-publish","hentry"],"acf":[],"_links":{"self":[{"href":"https:\/\/sites.uwasa.fi\/vyty\/wp-json\/wp\/v2\/pages\/11"}],"collection":[{"href":"https:\/\/sites.uwasa.fi\/vyty\/wp-json\/wp\/v2\/pages"}],"about":[{"href":"https:\/\/sites.uwasa.fi\/vyty\/wp-json\/wp\/v2\/types\/page"}],"author":[{"embeddable":true,"href":"https:\/\/sites.uwasa.fi\/vyty\/wp-json\/wp\/v2\/users\/58"}],"replies":[{"embeddable":true,"href":"https:\/\/sites.uwasa.fi\/vyty\/wp-json\/wp\/v2\/comments?post=11"}],"version-history":[{"count":1,"href":"https:\/\/sites.uwasa.fi\/vyty\/wp-json\/wp\/v2\/pages\/11\/revisions"}],"predecessor-version":[{"id":12,"href":"https:\/\/sites.uwasa.fi\/vyty\/wp-json\/wp\/v2\/pages\/11\/revisions\/12"}],"wp:attachment":[{"href":"https:\/\/sites.uwasa.fi\/vyty\/wp-json\/wp\/v2\/media?parent=11"}],"curies":[{"name":"wp","href":"https:\/\/api.w.org\/{rel}","templated":true}]}}