{"id":8,"date":"2020-04-08T13:12:16","date_gmt":"2020-04-08T10:12:16","guid":{"rendered":"https:\/\/sites.uwasa.fi\/vyll\/?page_id=8"},"modified":"2024-01-31T10:49:34","modified_gmt":"2024-01-31T08:49:34","slug":"uutiset","status":"publish","type":"page","link":"https:\/\/sites.uwasa.fi\/vyll\/uutiset\/","title":{"rendered":"Uutiset"},"content":{"rendered":"<h2>Vaasan yliopiston opetusalan yhdistys VYLL ry:n uutiset ja uutisarkisto<\/h2>\n<h2>2023<\/h2>\n<p><a href=\"https:\/\/www.oajpohjanmaa.fi\/uutiset\/ensikertalaisuuskiintiot-korkeakoulupaikkojen-valintoja-maarittamassa\/\">Miten yliopistojen opiskelupaikat on kohdennettu ensikertalaisille?\u00a0<\/a><\/p>\n<p><a href=\"https:\/\/www.oajpohjanmaa.fi\/uploads\/2023\/03\/62bfc4a1-pohjanmaan_opettaja_1_2023.pdf\">Vaasan yliopiston rehtori Minna Martikainen tapasi kielikeskus Linginnon v\u00e4ke\u00e4 (Pohjanmaan opettaja 1\/2023)\u00a0<\/a><\/p>\n<p>YLLin pj:n Santeri Palviaisen juttu Yliopistosektorin kuulumisia \/ Aktuellt inom universitetssektor julkaistiin my\u00f6s <a href=\"https:\/\/www.oajpohjanmaa.fi\/uploads\/2023\/03\/62bfc4a1-pohjanmaan_opettaja_1_2023.pdf\">Pohjanmaan opettajassa 1\/2023<\/a>.<\/p>\n<p><a href=\"https:\/\/sites.uwasa.fi\/vyll\/vyll-juhla-2023\/\">VYLLin juhlassa pohdittiin yliopisto-opettajan urapolun raja-alueita<\/a><\/p>\n<h2>2022<\/h2>\n<p>Kemppinen, Samu (2022). Mitk\u00e4 tekij\u00e4t selittiv\u00e4t opettajien ty\u00f6uupumusta et\u00e4jakso-opetuksen aikana? <a href=\"https:\/\/www.oajpohjanmaa.fi\/uploads\/2022\/02\/abeb2956-vaalilehti_2022.pdf\">Pohjanmaan opettaja 1\/2022<\/a>.<\/p>\n<p>Katajam\u00e4ki, Heli (2022). OAJ:n toimisto siirtyy Helsingist\u00e4 Pohjanmaalle. <a href=\"https:\/\/www.oajpohjanmaa.fi\/uploads\/2022\/03\/fd0818f4-pohjanmaan_opettaja_2_2022.pdf\">Pohjanmaan opettaja 2\/2024<\/a>.<\/p>\n<p>Kalmi, Panu (2022). Talousosaamisen opettamisen haasteet. <a href=\"https:\/\/www.oajpohjanmaa.fi\/uploads\/2022\/12\/3aac9243-pohjanmaan_opettaja_3_2022.pdf\">Pohjanmaan opettaja 3\/2022<\/a>.<\/p>\n<h2>2020<\/h2>\n<h4><a href=\"https:\/\/sites.uwasa.fi\/vyll\/93-2\/\">Vaasan yliopiston opettajat kertovat: Milt\u00e4 et\u00e4opetus tuntuu? (Pohjanmaan opettaja 2\/2020)<\/a><\/h4>\n<h4><a href=\"https:\/\/sites.uwasa.fi\/vyll\/oaj-vaasan-yliopistossa\/\"><strong>OAJ keskustelemassa Vaasan yliopistossa: <\/strong><strong>Koronan vaikutukset ja digivisiot puhututtivat<\/strong><\/a><\/h4>\n<p><strong>\u00a0<\/strong><\/p>\n<h2>2019<\/h2>\n<h3>Vaasan yliopiston vuosijuhlassa jaettiin kunniamerkkej\u00e4 (OAJ Pohjanmaa 9.4.2020)<\/h3>\n<p><img loading=\"lazy\" decoding=\"async\" class=\"alignnone wp-image-9 size-full\" src=\"https:\/\/sites.uwasa.fi\/vyll\/wp-content\/blogs.dir\/4\/files\/sites\/75\/2020\/04\/kunniamerkit-e1586340550948.jpg\" alt=\"Kunniamerkit\" width=\"720\" height=\"1042\" \/><\/p>\n<h2><\/h2>\n<p><strong>Palkinto<\/strong>. Vaasan yliopisto palkitsi yliopisto-opettaja Marjut M\u00e4nnist\u00f6n.<\/p>\n<p>Palkinto annettiin &#8220;hyvist\u00e4 saavutuksista yliopiston ja kielikeskus Linginnon strategian mukaisten muutosten edist\u00e4misess\u00e4&#8221;.<\/p>\n<p>Muutosta Marjut on edist\u00e4nyt esimerkillisesti mm. kehitt\u00e4m\u00e4ll\u00e4 opetusta erityyppisiss\u00e4 hankkeissa.<\/p>\n<h2><img loading=\"lazy\" decoding=\"async\" class=\"alignnone wp-image-43\" src=\"https:\/\/sites.uwasa.fi\/vyll\/wp-content\/blogs.dir\/4\/files\/sites\/75\/2020\/06\/marjutyliopistonpalkittu2020-768x1024.jpg\" alt=\"\" width=\"650\" height=\"867\" srcset=\"https:\/\/sites.uwasa.fi\/vyll\/wp-content\/blogs.dir\/4\/files\/sites\/75\/2020\/06\/marjutyliopistonpalkittu2020-768x1024.jpg 768w, https:\/\/sites.uwasa.fi\/vyll\/wp-content\/blogs.dir\/4\/files\/sites\/75\/2020\/06\/marjutyliopistonpalkittu2020-225x300.jpg 225w, https:\/\/sites.uwasa.fi\/vyll\/wp-content\/blogs.dir\/4\/files\/sites\/75\/2020\/06\/marjutyliopistonpalkittu2020-1152x1536.jpg 1152w, https:\/\/sites.uwasa.fi\/vyll\/wp-content\/blogs.dir\/4\/files\/sites\/75\/2020\/06\/marjutyliopistonpalkittu2020.jpg 1511w\" sizes=\"(max-width: 650px) 100vw, 650px\" \/><\/h2>\n<h2><\/h2>\n<h2><\/h2>\n<p><img loading=\"lazy\" decoding=\"async\" class=\"alignnone wp-image-27\" src=\"https:\/\/sites.uwasa.fi\/vyll\/wp-content\/blogs.dir\/4\/files\/sites\/75\/2020\/05\/yliopistokuulumisia2019.jpg\" alt=\"\" width=\"674\" height=\"955\" srcset=\"https:\/\/sites.uwasa.fi\/vyll\/wp-content\/blogs.dir\/4\/files\/sites\/75\/2020\/05\/yliopistokuulumisia2019.jpg 613w, https:\/\/sites.uwasa.fi\/vyll\/wp-content\/blogs.dir\/4\/files\/sites\/75\/2020\/05\/yliopistokuulumisia2019-212x300.jpg 212w\" sizes=\"(max-width: 674px) 100vw, 674px\" \/><\/p>\n","protected":false},"excerpt":{"rendered":"<p>Vaasan yliopiston opetusalan yhdistys VYLL ry:n uutiset ja uutisarkisto 2023 Miten yliopistojen opiskelupaikat on kohdennettu ensikertalaisille?\u00a0 Vaasan yliopiston rehtori Minna Martikainen tapasi kielikeskus Linginnon v\u00e4ke\u00e4 (Pohjanmaan opettaja 1\/2023)\u00a0 YLLin pj:n Santeri Palviaisen juttu Yliopistosektorin kuulumisia \/ Aktuellt inom universitetssektor julkaistiin my\u00f6s Pohjanmaan opettajassa 1\/2023. VYLLin juhlassa pohdittiin yliopisto-opettajan urapolun raja-alueita 2022 Kemppinen, Samu (2022). Mitk\u00e4 [&hellip;]<\/p>\n","protected":false},"author":68,"featured_media":0,"parent":0,"menu_order":0,"comment_status":"closed","ping_status":"closed","template":"","meta":{"_acf_changed":false,"footnotes":""},"class_list":["post-8","page","type-page","status-publish","hentry"],"acf":[],"_links":{"self":[{"href":"https:\/\/sites.uwasa.fi\/vyll\/wp-json\/wp\/v2\/pages\/8"}],"collection":[{"href":"https:\/\/sites.uwasa.fi\/vyll\/wp-json\/wp\/v2\/pages"}],"about":[{"href":"https:\/\/sites.uwasa.fi\/vyll\/wp-json\/wp\/v2\/types\/page"}],"author":[{"embeddable":true,"href":"https:\/\/sites.uwasa.fi\/vyll\/wp-json\/wp\/v2\/users\/68"}],"replies":[{"embeddable":true,"href":"https:\/\/sites.uwasa.fi\/vyll\/wp-json\/wp\/v2\/comments?post=8"}],"version-history":[{"count":17,"href":"https:\/\/sites.uwasa.fi\/vyll\/wp-json\/wp\/v2\/pages\/8\/revisions"}],"predecessor-version":[{"id":143,"href":"https:\/\/sites.uwasa.fi\/vyll\/wp-json\/wp\/v2\/pages\/8\/revisions\/143"}],"wp:attachment":[{"href":"https:\/\/sites.uwasa.fi\/vyll\/wp-json\/wp\/v2\/media?parent=8"}],"curies":[{"name":"wp","href":"https:\/\/api.w.org\/{rel}","templated":true}]}}

<h2>Vaasan yliopiston opetusalan yhdistys VYLL ry:n uutiset ja uutisarkisto</h2>
<h2>2023</h2>
<p><a href="https://www.oajpohjanmaa.fi/uutiset/ensikertalaisuuskiintiot-korkeakoulupaikkojen-valintoja-maarittamassa/">Miten yliopistojen opiskelupaikat on kohdennettu ensikertalaisille? </a></p>
<p><a href="https://www.oajpohjanmaa.fi/uploads/2023/03/62bfc4a1-pohjanmaan_opettaja_1_2023.pdf">Vaasan yliopiston rehtori Minna Martikainen tapasi kielikeskus Linginnon väkeä (Pohjanmaan opettaja 1/2023) </a></p>
<p>YLLin pj:n Santeri Palviaisen juttu Yliopistosektorin kuulumisia / Aktuellt inom universitetssektor julkaistiin myös <a href="https://www.oajpohjanmaa.fi/uploads/2023/03/62bfc4a1-pohjanmaan_opettaja_1_2023.pdf">Pohjanmaan opettajassa 1/2023</a>.</p>
<p><a href="https://sites.uwasa.fi/vyll/vyll-juhla-2023/">VYLLin juhlassa pohdittiin yliopisto-opettajan urapolun raja-alueita</a></p>
<h2>2022</h2>
<p>Kemppinen, Samu (2022). Mitkä tekijät selittivät opettajien työuupumusta etäjakso-opetuksen aikana? <a href="https://www.oajpohjanmaa.fi/uploads/2022/02/abeb2956-vaalilehti_2022.pdf">Pohjanmaan opettaja 1/2022</a>.</p>
<p>Katajamäki, Heli (2022). OAJ:n toimisto siirtyy Helsingistä Pohjanmaalle. <a href="https://www.oajpohjanmaa.fi/uploads/2022/03/fd0818f4-pohjanmaan_opettaja_2_2022.pdf">Pohjanmaan opettaja 2/2024</a>.</p>
<p>Kalmi, Panu (2022). Talousosaamisen opettamisen haasteet. <a href="https://www.oajpohjanmaa.fi/uploads/2022/12/3aac9243-pohjanmaan_opettaja_3_2022.pdf">Pohjanmaan opettaja 3/2022</a>.</p>
<h2>2020</h2>
<h4><a href="https://sites.uwasa.fi/vyll/93-2/">Vaasan yliopiston opettajat kertovat: Miltä etäopetus tuntuu? (Pohjanmaan opettaja 2/2020)</a></h4>
<h4><a href="https://sites.uwasa.fi/vyll/oaj-vaasan-yliopistossa/"><strong>OAJ keskustelemassa Vaasan yliopistossa: </strong><strong>Koronan vaikutukset ja digivisiot puhututtivat</strong></a></h4>
<p><strong> </strong></p>
<h2>2019</h2>
<h3>Vaasan yliopiston vuosijuhlassa jaettiin kunniamerkkejä (OAJ Pohjanmaa 9.4.2020)</h3>
<p><img loading="lazy" decoding="async" class="alignnone wp-image-9 size-full" src="https://sites.uwasa.fi/vyll/wp-content/blogs.dir/4/files/sites/75/2020/04/kunniamerkit-e1586340550948.jpg" alt="Kunniamerkit" width="720" height="1042" /></p>
<h2></h2>
<p><strong>Palkinto</strong>. Vaasan yliopisto palkitsi yliopisto-opettaja Marjut Männistön.</p>
<p>Palkinto annettiin &#8220;hyvistä saavutuksista yliopiston ja kielikeskus Linginnon strategian mukaisten muutosten edistämisessä&#8221;.</p>
<p>Muutosta Marjut on edistänyt esimerkillisesti mm. kehittämällä opetusta erityyppisissä hankkeissa.</p>
<h2><img loading="lazy" decoding="async" class="alignnone wp-image-43" src="https://sites.uwasa.fi/vyll/wp-content/blogs.dir/4/files/sites/75/2020/06/marjutyliopistonpalkittu2020-768x1024.jpg" alt="" width="650" height="867" srcset="https://sites.uwasa.fi/vyll/wp-content/blogs.dir/4/files/sites/75/2020/06/marjutyliopistonpalkittu2020-768x1024.jpg 768w, https://sites.uwasa.fi/vyll/wp-content/blogs.dir/4/files/sites/75/2020/06/marjutyliopistonpalkittu2020-225x300.jpg 225w, https://sites.uwasa.fi/vyll/wp-content/blogs.dir/4/files/sites/75/2020/06/marjutyliopistonpalkittu2020-1152x1536.jpg 1152w, https://sites.uwasa.fi/vyll/wp-content/blogs.dir/4/files/sites/75/2020/06/marjutyliopistonpalkittu2020.jpg 1511w" sizes="(max-width: 650px) 100vw, 650px" /></h2>
<h2></h2>
<h2></h2>
<p><img loading="lazy" decoding="async" class="alignnone wp-image-27" src="https://sites.uwasa.fi/vyll/wp-content/blogs.dir/4/files/sites/75/2020/05/yliopistokuulumisia2019.jpg" alt="" width="674" height="955" srcset="https://sites.uwasa.fi/vyll/wp-content/blogs.dir/4/files/sites/75/2020/05/yliopistokuulumisia2019.jpg 613w, https://sites.uwasa.fi/vyll/wp-content/blogs.dir/4/files/sites/75/2020/05/yliopistokuulumisia2019-212x300.jpg 212w" sizes="(max-width: 674px) 100vw, 674px" /></p>

<p>Vaasan yliopiston opetusalan yhdistys VYLL ry:n uutiset ja uutisarkisto 2023 Miten yliopistojen opiskelupaikat on kohdennettu ensikertalaisille?  Vaasan yliopiston rehtori Minna Martikainen tapasi kielikeskus Linginnon väkeä (Pohjanmaan opettaja 1/2023)  YLLin pj:n Santeri Palviaisen juttu Yliopistosektorin kuulumisia / Aktuellt inom universitetssektor julkaistiin myös Pohjanmaan opettajassa 1/2023. VYLLin juhlassa pohdittiin yliopisto-opettajan urapolun raja-alueita 2022 Kemppinen, Samu (2022). Mitkä [&hellip;]</p>
