{"id":46,"date":"2025-09-02T15:35:03","date_gmt":"2025-09-02T12:35:03","guid":{"rendered":"https:\/\/sites.uwasa.fi\/virpi\/?page_id=46"},"modified":"2025-09-02T16:17:39","modified_gmt":"2025-09-02T13:17:39","slug":"kestava-kehitys","status":"publish","type":"page","link":"https:\/\/sites.uwasa.fi\/virpi\/kestava-kehitys\/","title":{"rendered":"Kest\u00e4v\u00e4 kehitys"},"content":{"rendered":"<p data-start=\"2514\" data-end=\"2622\">VIRPI-hanke edist\u00e4\u00e4 <strong data-start=\"2534\" data-end=\"2574\">YK:n kest\u00e4v\u00e4n kehityksen tavoitteita<\/strong> linjassa <a href=\"https:\/\/www.uwasa.fi\/fi\/yliopisto\/strategia-ja-arvot-0\/kestava-kehitys-ja-vastuullisuus\" target=\"_blank\" rel=\"noopener\">Vaasan yliopiston kest\u00e4v\u00e4n kehityksen tavoitteisiin<\/a>:<\/p>\n<p data-start=\"276\" data-end=\"539\"><img loading=\"lazy\" decoding=\"async\" class=\"wp-image-65 alignnone\" src=\"https:\/\/sites.uwasa.fi\/virpi\/wp-content\/blogs.dir\/4\/files\/sites\/254\/2025\/09\/kkt-08.png\" alt=\"\" width=\"165\" height=\"165\" srcset=\"https:\/\/sites.uwasa.fi\/virpi\/wp-content\/blogs.dir\/4\/files\/sites\/254\/2025\/09\/kkt-08.png 400w, https:\/\/sites.uwasa.fi\/virpi\/wp-content\/blogs.dir\/4\/files\/sites\/254\/2025\/09\/kkt-08-300x300.png 300w, https:\/\/sites.uwasa.fi\/virpi\/wp-content\/blogs.dir\/4\/files\/sites\/254\/2025\/09\/kkt-08-150x150.png 150w\" sizes=\"(max-width: 165px) 100vw, 165px\" \/><\/p>\n<p data-start=\"276\" data-end=\"539\"><strong data-start=\"276\" data-end=\"323\">SDG 8 \u2013 Ihmisarvoista ty\u00f6t\u00e4 ja talouskasvua<\/strong><br data-start=\"323\" data-end=\"326\" \/>VIRPI-hanke tukee etel\u00e4pohjalaisten kiertotalousyritysten kilpailukyky\u00e4 ja kasvua. Uudet digitaaliset ratkaisut avaavat yrityksille mahdollisuuksia kehitt\u00e4\u00e4 liiketoimintaansa ja luoda asiakasl\u00e4ht\u00f6isi\u00e4 palveluja.<\/p>\n<p data-start=\"276\" data-end=\"539\"><img loading=\"lazy\" decoding=\"async\" class=\" wp-image-66 alignnone\" src=\"https:\/\/sites.uwasa.fi\/virpi\/wp-content\/blogs.dir\/4\/files\/sites\/254\/2025\/09\/kkt-09.png\" alt=\"\" width=\"165\" height=\"165\" srcset=\"https:\/\/sites.uwasa.fi\/virpi\/wp-content\/blogs.dir\/4\/files\/sites\/254\/2025\/09\/kkt-09.png 400w, https:\/\/sites.uwasa.fi\/virpi\/wp-content\/blogs.dir\/4\/files\/sites\/254\/2025\/09\/kkt-09-300x300.png 300w, https:\/\/sites.uwasa.fi\/virpi\/wp-content\/blogs.dir\/4\/files\/sites\/254\/2025\/09\/kkt-09-150x150.png 150w\" sizes=\"(max-width: 165px) 100vw, 165px\" \/><\/p>\n<p data-start=\"541\" data-end=\"848\"><strong data-start=\"541\" data-end=\"610\">SDG 9 \u2013 Kest\u00e4v\u00e4\u00e4 teollisuutta, innovaatioita ja infrastruktuureja<\/strong><br data-start=\"610\" data-end=\"613\" \/>Hankkeessa rakennettava VIRPI-alusta tarjoaa uuden digitaalisen infrastruktuurin, joka yhdist\u00e4\u00e4 tutkimuksen ja yritykset. Virtuaaliset influensserit toimivat innovatiivisena ty\u00f6kaluna kiertotalouden kehitt\u00e4misess\u00e4 ja markkinoinnissa.<\/p>\n<p data-start=\"541\" data-end=\"848\"><img loading=\"lazy\" decoding=\"async\" class=\" wp-image-67 alignnone\" src=\"https:\/\/sites.uwasa.fi\/virpi\/wp-content\/blogs.dir\/4\/files\/sites\/254\/2025\/09\/kkt-11.png\" alt=\"\" width=\"165\" height=\"165\" srcset=\"https:\/\/sites.uwasa.fi\/virpi\/wp-content\/blogs.dir\/4\/files\/sites\/254\/2025\/09\/kkt-11.png 400w, https:\/\/sites.uwasa.fi\/virpi\/wp-content\/blogs.dir\/4\/files\/sites\/254\/2025\/09\/kkt-11-300x300.png 300w, https:\/\/sites.uwasa.fi\/virpi\/wp-content\/blogs.dir\/4\/files\/sites\/254\/2025\/09\/kkt-11-150x150.png 150w\" sizes=\"(max-width: 165px) 100vw, 165px\" \/><\/p>\n<p data-start=\"850\" data-end=\"1102\"><strong data-start=\"850\" data-end=\"893\">SDG 11 \u2013 Kest\u00e4v\u00e4t kaupungit ja yhteis\u00f6t<\/strong><br data-start=\"893\" data-end=\"896\" \/>Virtuaaliset influensserit voivat tukea my\u00f6s kuntien ja yhteis\u00f6jen ymp\u00e4rist\u00f6viestint\u00e4\u00e4. Niiden avulla voidaan vahvistaa kiertotalouden n\u00e4kyvyytt\u00e4 arjen p\u00e4\u00e4t\u00f6ksenteossa ja edist\u00e4\u00e4 kest\u00e4v\u00e4mpi\u00e4 el\u00e4m\u00e4ntapoja.<\/p>\n<p data-start=\"1104\" data-end=\"1391\"><img loading=\"lazy\" decoding=\"async\" class=\"wp-image-68 alignnone\" src=\"https:\/\/sites.uwasa.fi\/virpi\/wp-content\/blogs.dir\/4\/files\/sites\/254\/2025\/09\/kkt-12.png\" alt=\"\" width=\"165\" height=\"165\" srcset=\"https:\/\/sites.uwasa.fi\/virpi\/wp-content\/blogs.dir\/4\/files\/sites\/254\/2025\/09\/kkt-12.png 400w, https:\/\/sites.uwasa.fi\/virpi\/wp-content\/blogs.dir\/4\/files\/sites\/254\/2025\/09\/kkt-12-300x300.png 300w, https:\/\/sites.uwasa.fi\/virpi\/wp-content\/blogs.dir\/4\/files\/sites\/254\/2025\/09\/kkt-12-150x150.png 150w\" sizes=\"(max-width: 165px) 100vw, 165px\" \/><\/p>\n<p data-start=\"1104\" data-end=\"1391\"><strong data-start=\"1104\" data-end=\"1149\">SDG 12 \u2013 Vastuullinen kulutus ja tuotanto<\/strong><br data-start=\"1149\" data-end=\"1152\" \/>Hanke lis\u00e4\u00e4 kiertotalouden tuotteiden ja palveluiden n\u00e4kyvyytt\u00e4 sosiaalisessa mediassa. Virtuaaliset influensserit tekev\u00e4t kest\u00e4vist\u00e4 kulutusvalinnoista houkuttelevampia ja tuovat yrityksille uusia tapoja ker\u00e4t\u00e4 palautetta asiakkailtaan.<\/p>\n","protected":false},"excerpt":{"rendered":"<p>VIRPI-hanke edist\u00e4\u00e4 YK:n kest\u00e4v\u00e4n kehityksen tavoitteita linjassa Vaasan yliopiston kest\u00e4v\u00e4n kehityksen tavoitteisiin: SDG 8 \u2013 Ihmisarvoista ty\u00f6t\u00e4 ja talouskasvuaVIRPI-hanke tukee etel\u00e4pohjalaisten kiertotalousyritysten kilpailukyky\u00e4 ja kasvua. Uudet digitaaliset ratkaisut avaavat yrityksille mahdollisuuksia kehitt\u00e4\u00e4 liiketoimintaansa ja luoda asiakasl\u00e4ht\u00f6isi\u00e4 palveluja. SDG 9 \u2013 Kest\u00e4v\u00e4\u00e4 teollisuutta, innovaatioita ja infrastruktuurejaHankkeessa rakennettava VIRPI-alusta tarjoaa uuden digitaalisen infrastruktuurin, joka yhdist\u00e4\u00e4 tutkimuksen ja [&hellip;]<\/p>\n","protected":false},"author":29,"featured_media":0,"parent":0,"menu_order":0,"comment_status":"closed","ping_status":"closed","template":"","meta":{"_acf_changed":false,"footnotes":""},"class_list":["post-46","page","type-page","status-publish","hentry"],"acf":[],"_links":{"self":[{"href":"https:\/\/sites.uwasa.fi\/virpi\/wp-json\/wp\/v2\/pages\/46"}],"collection":[{"href":"https:\/\/sites.uwasa.fi\/virpi\/wp-json\/wp\/v2\/pages"}],"about":[{"href":"https:\/\/sites.uwasa.fi\/virpi\/wp-json\/wp\/v2\/types\/page"}],"author":[{"embeddable":true,"href":"https:\/\/sites.uwasa.fi\/virpi\/wp-json\/wp\/v2\/users\/29"}],"replies":[{"embeddable":true,"href":"https:\/\/sites.uwasa.fi\/virpi\/wp-json\/wp\/v2\/comments?post=46"}],"version-history":[{"count":10,"href":"https:\/\/sites.uwasa.fi\/virpi\/wp-json\/wp\/v2\/pages\/46\/revisions"}],"predecessor-version":[{"id":80,"href":"https:\/\/sites.uwasa.fi\/virpi\/wp-json\/wp\/v2\/pages\/46\/revisions\/80"}],"wp:attachment":[{"href":"https:\/\/sites.uwasa.fi\/virpi\/wp-json\/wp\/v2\/media?parent=46"}],"curies":[{"name":"wp","href":"https:\/\/api.w.org\/{rel}","templated":true}]}}