{"id":14,"date":"2025-09-02T15:04:42","date_gmt":"2025-09-02T12:04:42","guid":{"rendered":"https:\/\/sites.uwasa.fi\/virpi\/?page_id=14"},"modified":"2025-12-15T00:38:21","modified_gmt":"2025-12-14T22:38:21","slug":"virpi-hanke","status":"publish","type":"page","link":"https:\/\/sites.uwasa.fi\/virpi\/virpi-hanke\/","title":{"rendered":"VIRPI-hanke"},"content":{"rendered":"<p>Nimi: <span data-olk-copy-source=\"MessageBody\">VIRPI \u2013 Virtuaaliset influensserit kiertotalouden arvoketjujen kehitt\u00e4misess\u00e4 (A81580)<\/span><\/p>\n<p>Toteutusaika: 1.8.2025 \u2013 31.7.2027<\/p>\n<p>Toteuttaja: Vaasan yliopisto \/ Tuotantotalous, Sein\u00e4joki<\/p>\n<p>Rahoittaja: Euroopan aluekehitysrahasto (EAKR), Etel\u00e4-Pohjanmaan liitto<\/p>\n<p>Kokonaisbudjetti: <span data-olk-copy-source=\"MessageBody\">259 216 \u20ac, josta EU ja valtion rahoitus 207 373 \u20ac, omarahoitus 36 843 \u20ac, Sein\u00e4joen yliopistokeskuksen kehitt\u00e4misrahoitus 5 000 \u20ac, Etel\u00e4-Pohjanmaan korkeakoulus\u00e4\u00e4ti\u00f6n avustus 10 000 \u20ac.<\/span><\/p>\n<p><a href=\"https:\/\/sites.uwasa.fi\/virpi\/wp-content\/blogs.dir\/4\/files\/sites\/254\/2025\/11\/virpi-siteimage-v1-1280x720-1.png\"><img loading=\"lazy\" decoding=\"async\" class=\"alignleft size-large wp-image-119\" src=\"https:\/\/sites.uwasa.fi\/virpi\/wp-content\/blogs.dir\/4\/files\/sites\/254\/2025\/11\/virpi-siteimage-v1-1280x720-1-1024x576.png\" alt=\"\" width=\"640\" height=\"360\" srcset=\"https:\/\/sites.uwasa.fi\/virpi\/wp-content\/blogs.dir\/4\/files\/sites\/254\/2025\/11\/virpi-siteimage-v1-1280x720-1-1024x576.png 1024w, https:\/\/sites.uwasa.fi\/virpi\/wp-content\/blogs.dir\/4\/files\/sites\/254\/2025\/11\/virpi-siteimage-v1-1280x720-1-300x169.png 300w, https:\/\/sites.uwasa.fi\/virpi\/wp-content\/blogs.dir\/4\/files\/sites\/254\/2025\/11\/virpi-siteimage-v1-1280x720-1-768x432.png 768w, https:\/\/sites.uwasa.fi\/virpi\/wp-content\/blogs.dir\/4\/files\/sites\/254\/2025\/11\/virpi-siteimage-v1-1280x720-1-320x180.png 320w, https:\/\/sites.uwasa.fi\/virpi\/wp-content\/blogs.dir\/4\/files\/sites\/254\/2025\/11\/virpi-siteimage-v1-1280x720-1-640x360.png 640w, https:\/\/sites.uwasa.fi\/virpi\/wp-content\/blogs.dir\/4\/files\/sites\/254\/2025\/11\/virpi-siteimage-v1-1280x720-1.png 1280w\" sizes=\"(max-width: 640px) 100vw, 640px\" \/><\/a><\/p>\n","protected":false},"excerpt":{"rendered":"<p>Nimi: VIRPI \u2013 Virtuaaliset influensserit kiertotalouden arvoketjujen kehitt\u00e4misess\u00e4 (A81580) Toteutusaika: 1.8.2025 \u2013 31.7.2027 Toteuttaja: Vaasan yliopisto \/ Tuotantotalous, Sein\u00e4joki Rahoittaja: Euroopan aluekehitysrahasto (EAKR), Etel\u00e4-Pohjanmaan liitto Kokonaisbudjetti: 259 216 \u20ac, josta EU ja valtion rahoitus 207 373 \u20ac, omarahoitus 36 843 \u20ac, Sein\u00e4joen yliopistokeskuksen kehitt\u00e4misrahoitus 5 000 \u20ac, Etel\u00e4-Pohjanmaan korkeakoulus\u00e4\u00e4ti\u00f6n avustus 10 000 \u20ac.<\/p>\n","protected":false},"author":29,"featured_media":0,"parent":0,"menu_order":0,"comment_status":"closed","ping_status":"closed","template":"","meta":{"_acf_changed":false,"footnotes":""},"class_list":["post-14","page","type-page","status-publish","hentry"],"acf":[],"_links":{"self":[{"href":"https:\/\/sites.uwasa.fi\/virpi\/wp-json\/wp\/v2\/pages\/14"}],"collection":[{"href":"https:\/\/sites.uwasa.fi\/virpi\/wp-json\/wp\/v2\/pages"}],"about":[{"href":"https:\/\/sites.uwasa.fi\/virpi\/wp-json\/wp\/v2\/types\/page"}],"author":[{"embeddable":true,"href":"https:\/\/sites.uwasa.fi\/virpi\/wp-json\/wp\/v2\/users\/29"}],"replies":[{"embeddable":true,"href":"https:\/\/sites.uwasa.fi\/virpi\/wp-json\/wp\/v2\/comments?post=14"}],"version-history":[{"count":6,"href":"https:\/\/sites.uwasa.fi\/virpi\/wp-json\/wp\/v2\/pages\/14\/revisions"}],"predecessor-version":[{"id":165,"href":"https:\/\/sites.uwasa.fi\/virpi\/wp-json\/wp\/v2\/pages\/14\/revisions\/165"}],"wp:attachment":[{"href":"https:\/\/sites.uwasa.fi\/virpi\/wp-json\/wp\/v2\/media?parent=14"}],"curies":[{"name":"wp","href":"https:\/\/api.w.org\/{rel}","templated":true}]}}