{"id":15,"date":"2020-05-15T16:38:04","date_gmt":"2020-05-15T13:38:04","guid":{"rendered":"https:\/\/sites.uwasa.fi\/vakki2021\/?page_id=15"},"modified":"2021-03-31T14:11:12","modified_gmt":"2021-03-31T11:11:12","slug":"ohjelma","status":"publish","type":"page","link":"https:\/\/sites.uwasa.fi\/vakki2021\/ohjelma\/","title":{"rendered":"Ohjelma"},"content":{"rendered":"<h3><strong>Torstai 11.2.2021<\/strong><\/h3>\n<p>XLI kansainv\u00e4lisen VAKKI-symposiumin <a href=\"https:\/\/univaasa.panopto.nordu.net\/Panopto\/Pages\/Viewer.aspx?id=8fd555dc-c2a2-4aff-9bbd-acca009129cc\" target=\"_blank\" rel=\"noopener\">avaussanat\u00a0videolla<\/a>, VAKKI ry:n puheenjohtaja Merja Koskela<\/p>\n<h4><a href=\"https:\/\/sites.uwasa.fi\/vakki2021\/plenaarit\/\" target=\"_blank\" rel=\"noopener noreferrer\"><strong>Plenaarit<\/strong><\/a><\/h4>\n<p><strong>12.00\u201313.45<\/strong><\/p>\n<p>Apulaisprofessori Emma Christensen (Roskilden yliopisto) ja professori Lars Th\u00f8ger Christensen (Copenhagen Business School)<\/p>\n<p>&#8221;Examining the (Re)presentational Voice&#8221;<\/p>\n<p><strong>13.45\u201314.15<\/strong><\/p>\n<p>Virtuaalinen kahvitauko<\/p>\n<p><strong>14.15\u201316.00<\/strong><\/p>\n<p>Professori Samantha Warren (Portsmouthin yliopisto)<\/p>\n<p>&#8221;Using Instagram in a participant-led field study: Reflections on the politics of organizational communication and identity&#8221;<\/p>\n<p>&nbsp;<\/p>\n<h3><strong>Perjantai 12.2.2021<\/strong><\/h3>\n<table style=\"height: 19px;width: 99.77426636568849%;border-collapse: collapse;background-color: #ffffff\" border=\"1\">\n<tbody>\n<tr style=\"background-color: #ffd100\">\n<td style=\"width: 8.823529411764705%\"><strong>Klo (Helsinki, UTC+2)<\/strong><\/td>\n<td style=\"width: 41.17647058823529%\"><span lang=\"FI\"><strong>Temaattinen paneelisessio<\/strong><\/span><\/td>\n<td style=\"width: 8.257918552036202%\"><strong>Klo <\/strong><strong>(Helsinki, UTC+2)<\/strong><\/td>\n<td style=\"width: 41.7420814479638%\"><span lang=\"FI\"><strong>Temaattinen paneelisessio<\/strong><\/span><\/td>\n<\/tr>\n<tr style=\"height: 24px;background-color: #ededed\">\n<td style=\"width: 8.823529411764705%;height: 24px\"><strong>9:00\u201310:00\u00a0<\/strong>(UTC+2)<\/td>\n<td style=\"width: 41.17647058823529%;height: 24px\"><span lang=\"FI\"><a href=\"https:\/\/sites.uwasa.fi\/vakki2021\/en\/kasitteiden-omaksuminen-ja-kaytto-politiikan-ja-lainsaadantotyon-kontekstissa-tarkastelussa-suomen-liikennepalvelulakiprosessi-2015-2019\/\" target=\"_blank\" rel=\"noopener noreferrer\"><strong>K\u00e4sitteiden omaksuminen ja k\u00e4ytt\u00f6 politiikan ja lains\u00e4\u00e4d\u00e4nt\u00f6ty\u00f6n kontekstissa: Tarkastelussa Suomen liikennepalvelulakiprosessi (2015-2019)<\/strong><\/a><\/span><\/td>\n<td style=\"width: 8.257918552036202%;height: 24px\"><strong>9:00\u201310:30\u00a0<\/strong>(UTC+2)<\/td>\n<td style=\"width: 41.7420814479638%;height: 24px\"><span lang=\"FI\"><a href=\"https:\/\/sites.uwasa.fi\/vakki2021\/en\/digimaailman-tasa-arvo-ja-multimodaalinen-kaytettavyys\/\" target=\"_blank\" rel=\"noopener noreferrer\"><strong>Digimaailman tasa-arvo ja multimodaalinen k\u00e4ytett\u00e4vyys<\/strong><\/a><\/span><\/td>\n<\/tr>\n<tr style=\"height: 72px;background-color: #ededed\">\n<td style=\"width: 8.823529411764705%;height: 72px\"><strong>12:00\u201314:30\u00a0<\/strong>(UTC+2)<\/td>\n<td style=\"width: 41.17647058823529%;height: 72px\">\n<div><a href=\"https:\/\/sites.uwasa.fi\/vakki2021\/en\/terminology-and-mediation-in-workplace-communication\/\" target=\"_blank\" rel=\"noopener noreferrer\"><span lang=\"EN-US\"><strong>Terminology and mediation in workplace communication<\/strong> <\/span><\/a><\/div>\n<\/td>\n<td style=\"width: 8.257918552036202%;height: 72px\"><strong>12:00\u201314:30\u00a0<\/strong>(UTC+2)<\/td>\n<td style=\"width: 41.7420814479638%;height: 72px\"><a href=\"https:\/\/sites.uwasa.fi\/vakki2021\/en\/perspectives-to-responsibility-in-organizational-communication\/\" target=\"_blank\" rel=\"noopener noreferrer\"><strong>Perspectives to responsibility in organizational communication<\/strong><\/a><\/td>\n<\/tr>\n<tr style=\"background-color: #ededed\">\n<td style=\"width: 8.823529411764705%\"><strong>15:00\u201316:30\u00a0<\/strong>(UTC+2)<\/td>\n<td style=\"width: 41.17647058823529%\"><a href=\"https:\/\/sites.uwasa.fi\/vakki2021\/en\/sprachen-diskurse-und-kommunikationsfertigkeiten-im-berufsleben-und-in-der-akademischen-welt-ein-plurilingualer-sprachmittlungsworkshop\/\" target=\"_blank\" rel=\"noopener noreferrer\"><strong>Sprachen, Diskurse und Kommunikationsfertigkeiten im Berufsleben und in der akademischen Welt.\u00a0<\/strong><\/a><span style=\"font-family: inherit;font-size: inherit\"><strong>Ein plurilingualer Sprachmittlungsworkshop<\/strong><\/span><\/td>\n<td style=\"width: 8.257918552036202%\"><strong>15:00\u201317:00\u00a0<\/strong>(UTC+2)<\/td>\n<td style=\"width: 41.7420814479638%\">\n<div><a href=\"https:\/\/sites.uwasa.fi\/vakki2021\/en\/terms-and-conditions-working-with-terminology-during-a-pandemic\/\" target=\"_blank\" rel=\"noopener noreferrer\"><strong><span lang=\"EN-GB\">Terms and conditions \u2013 working with terminology during a pandemic\u00a0<\/span><\/strong><\/a><\/div>\n<\/td>\n<\/tr>\n<\/tbody>\n<\/table>\n<p>&nbsp;<\/p>\n","protected":false},"excerpt":{"rendered":"<p>Torstai 11.2.2021 XLI kansainv\u00e4lisen VAKKI-symposiumin avaussanat\u00a0videolla, VAKKI ry:n puheenjohtaja Merja Koskela Plenaarit 12.00\u201313.45 Apulaisprofessori Emma Christensen (Roskilden yliopisto) ja professori Lars Th\u00f8ger Christensen (Copenhagen Business School) &#8221;Examining the (Re)presentational Voice&#8221; 13.45\u201314.15 Virtuaalinen kahvitauko 14.15\u201316.00 Professori Samantha Warren (Portsmouthin yliopisto) &#8221;Using Instagram in a participant-led field study: Reflections on the politics of organizational communication and identity&#8221; [&hellip;]<\/p>\n","protected":false},"author":100,"featured_media":0,"parent":0,"menu_order":0,"comment_status":"closed","ping_status":"closed","template":"","meta":{"_acf_changed":false,"footnotes":""},"class_list":["post-15","page","type-page","status-publish","hentry"],"acf":[],"lang":"fi","translations":{"fi":15,"en":86},"pll_sync_post":[],"_links":{"self":[{"href":"https:\/\/sites.uwasa.fi\/vakki2021\/wp-json\/wp\/v2\/pages\/15"}],"collection":[{"href":"https:\/\/sites.uwasa.fi\/vakki2021\/wp-json\/wp\/v2\/pages"}],"about":[{"href":"https:\/\/sites.uwasa.fi\/vakki2021\/wp-json\/wp\/v2\/types\/page"}],"author":[{"embeddable":true,"href":"https:\/\/sites.uwasa.fi\/vakki2021\/wp-json\/wp\/v2\/users\/100"}],"replies":[{"embeddable":true,"href":"https:\/\/sites.uwasa.fi\/vakki2021\/wp-json\/wp\/v2\/comments?post=15"}],"version-history":[{"count":18,"href":"https:\/\/sites.uwasa.fi\/vakki2021\/wp-json\/wp\/v2\/pages\/15\/revisions"}],"predecessor-version":[{"id":415,"href":"https:\/\/sites.uwasa.fi\/vakki2021\/wp-json\/wp\/v2\/pages\/15\/revisions\/415"}],"wp:attachment":[{"href":"https:\/\/sites.uwasa.fi\/vakki2021\/wp-json\/wp\/v2\/media?parent=15"}],"curies":[{"name":"wp","href":"https:\/\/api.w.org\/{rel}","templated":true}]}}

<h3><strong>Torstai 11.2.2021</strong></h3>
<p>XLI kansainvälisen VAKKI-symposiumin <a href="https://univaasa.panopto.nordu.net/Panopto/Pages/Viewer.aspx?id=8fd555dc-c2a2-4aff-9bbd-acca009129cc" target="_blank" rel="noopener">avaussanat videolla</a>, VAKKI ry:n puheenjohtaja Merja Koskela</p>
<h4><a href="https://sites.uwasa.fi/vakki2021/plenaarit/" target="_blank" rel="noopener noreferrer"><strong>Plenaarit</strong></a></h4>
<p><strong>12.00–13.45</strong></p>
<p>Apulaisprofessori Emma Christensen (Roskilden yliopisto) ja professori Lars Thøger Christensen (Copenhagen Business School)</p>
<p>&#8221;Examining the (Re)presentational Voice&#8221;</p>
<p><strong>13.45–14.15</strong></p>
<p>Virtuaalinen kahvitauko</p>
<p><strong>14.15–16.00</strong></p>
<p>Professori Samantha Warren (Portsmouthin yliopisto)</p>
<p>&#8221;Using Instagram in a participant-led field study: Reflections on the politics of organizational communication and identity&#8221;</p>
<p>&nbsp;</p>
<h3><strong>Perjantai 12.2.2021</strong></h3>
<table style="height: 19px;width: 99.77426636568849%;border-collapse: collapse;background-color: #ffffff" border="1">
<tbody>
<tr style="background-color: #ffd100">
<td style="width: 8.823529411764705%"><strong>Klo (Helsinki, UTC+2)</strong></td>
<td style="width: 41.17647058823529%"><span lang="FI"><strong>Temaattinen paneelisessio</strong></span></td>
<td style="width: 8.257918552036202%"><strong>Klo </strong><strong>(Helsinki, UTC+2)</strong></td>
<td style="width: 41.7420814479638%"><span lang="FI"><strong>Temaattinen paneelisessio</strong></span></td>
</tr>
<tr style="height: 24px;background-color: #ededed">
<td style="width: 8.823529411764705%;height: 24px"><strong>9:00–10:00 </strong>(UTC+2)</td>
<td style="width: 41.17647058823529%;height: 24px"><span lang="FI"><a href="https://sites.uwasa.fi/vakki2021/en/kasitteiden-omaksuminen-ja-kaytto-politiikan-ja-lainsaadantotyon-kontekstissa-tarkastelussa-suomen-liikennepalvelulakiprosessi-2015-2019/" target="_blank" rel="noopener noreferrer"><strong>Käsitteiden omaksuminen ja käyttö politiikan ja lainsäädäntötyön kontekstissa: Tarkastelussa Suomen liikennepalvelulakiprosessi (2015-2019)</strong></a></span></td>
<td style="width: 8.257918552036202%;height: 24px"><strong>9:00–10:30 </strong>(UTC+2)</td>
<td style="width: 41.7420814479638%;height: 24px"><span lang="FI"><a href="https://sites.uwasa.fi/vakki2021/en/digimaailman-tasa-arvo-ja-multimodaalinen-kaytettavyys/" target="_blank" rel="noopener noreferrer"><strong>Digimaailman tasa-arvo ja multimodaalinen käytettävyys</strong></a></span></td>
</tr>
<tr style="height: 72px;background-color: #ededed">
<td style="width: 8.823529411764705%;height: 72px"><strong>12:00–14:30 </strong>(UTC+2)</td>
<td style="width: 41.17647058823529%;height: 72px">
<div><a href="https://sites.uwasa.fi/vakki2021/en/terminology-and-mediation-in-workplace-communication/" target="_blank" rel="noopener noreferrer"><span lang="EN-US"><strong>Terminology and mediation in workplace communication</strong> </span></a></div>
</td>
<td style="width: 8.257918552036202%;height: 72px"><strong>12:00–14:30 </strong>(UTC+2)</td>
<td style="width: 41.7420814479638%;height: 72px"><a href="https://sites.uwasa.fi/vakki2021/en/perspectives-to-responsibility-in-organizational-communication/" target="_blank" rel="noopener noreferrer"><strong>Perspectives to responsibility in organizational communication</strong></a></td>
</tr>
<tr style="background-color: #ededed">
<td style="width: 8.823529411764705%"><strong>15:00–16:30 </strong>(UTC+2)</td>
<td style="width: 41.17647058823529%"><a href="https://sites.uwasa.fi/vakki2021/en/sprachen-diskurse-und-kommunikationsfertigkeiten-im-berufsleben-und-in-der-akademischen-welt-ein-plurilingualer-sprachmittlungsworkshop/" target="_blank" rel="noopener noreferrer"><strong>Sprachen, Diskurse und Kommunikationsfertigkeiten im Berufsleben und in der akademischen Welt. </strong></a><span style="font-family: inherit;font-size: inherit"><strong>Ein plurilingualer Sprachmittlungsworkshop</strong></span></td>
<td style="width: 8.257918552036202%"><strong>15:00–17:00 </strong>(UTC+2)</td>
<td style="width: 41.7420814479638%">
<div><a href="https://sites.uwasa.fi/vakki2021/en/terms-and-conditions-working-with-terminology-during-a-pandemic/" target="_blank" rel="noopener noreferrer"><strong><span lang="EN-GB">Terms and conditions – working with terminology during a pandemic </span></strong></a></div>
</td>
</tr>
</tbody>
</table>
<p>&nbsp;</p>

<p>Torstai 11.2.2021 XLI kansainvälisen VAKKI-symposiumin avaussanat videolla, VAKKI ry:n puheenjohtaja Merja Koskela Plenaarit 12.00–13.45 Apulaisprofessori Emma Christensen (Roskilden yliopisto) ja professori Lars Thøger Christensen (Copenhagen Business School) &#8221;Examining the (Re)presentational Voice&#8221; 13.45–14.15 Virtuaalinen kahvitauko 14.15–16.00 Professori Samantha Warren (Portsmouthin yliopisto) &#8221;Using Instagram in a participant-led field study: Reflections on the politics of organizational communication and identity&#8221; [&hellip;]</p>
