{"id":80,"date":"2020-04-24T10:05:44","date_gmt":"2020-04-24T07:05:44","guid":{"rendered":"https:\/\/sites.uwasa.fi\/vakki\/?page_id=80"},"modified":"2021-11-18T14:33:49","modified_gmt":"2021-11-18T12:33:49","slug":"historiaa","status":"publish","type":"page","link":"https:\/\/sites.uwasa.fi\/vakki\/historiaa\/","title":{"rendered":"VAKKI ry:n historiaa"},"content":{"rendered":"<p id=\"tw-target-text\" class=\"tw-data-text tw-text-large XcVN5d tw-ta\" data-placeholder=\"K\u00e4\u00e4nn\u00f6s\"><span class=\"Y2IQFc\" lang=\"fi\">Viestinn\u00e4n tutkijayhdistys VAKKI ry on ollut aktiivinen erikoiskielten (LSP) tutkimuksen, terminologian, monikielisyyden tutkimuksen sek\u00e4 ja viestint\u00e4tieteiden aloilla jo yli 40 vuoden ajan.<\/span><\/p>\n<p class=\"tw-data-text tw-text-large XcVN5d tw-ta\" data-placeholder=\"K\u00e4\u00e4nn\u00f6s\"><span class=\"Y2IQFc\" lang=\"fi\">Yhdistys perustettiin Vaasassa 1980-luvulla, tutkimusryhm\u00e4ksi ennen tutkimusryhmien aikaa, tukemaan humanisteja, ja erityisesti kielentutkijoita heid\u00e4n p\u00e4ivitt\u00e4isess\u00e4 tutkimusty\u00f6ss\u00e4\u00e4n. Ensialkuun yhdistyksen toiminta l\u00e4hti siit\u00e4, ett\u00e4 nuoret ja hieman kokeneemmatkin tutkijat keskustelivat k\u00e4ynniss\u00e4 olevasta tutkimusty\u00f6st\u00e4\u00e4n ja siihen liittyvist\u00e4 haasteista ep\u00e4virallisissa iltakokouksissa. V\u00e4hitellen yhdistyksen toiminta vakiintui, ja se aloitti vuosittaisten symposiumien j\u00e4rjest\u00e4misen, ensin Pohjanmaan maaseudulla, my\u00f6hemmin Vaasan kaupungissa ja viime aikoina my\u00f6s verkossa, ja julkaisemalla vertaisarvioidun julkaisun valikoitujen esitelmien pohjalta. <\/span><\/p>\n<p class=\"tw-data-text tw-text-large XcVN5d tw-ta\" data-placeholder=\"K\u00e4\u00e4nn\u00f6s\"><span class=\"Y2IQFc\" lang=\"fi\">Viimeisten 40 vuoden aikana VAKKI-yhdistys on muuttunut ajan mukana. Painopiste on v\u00e4hitellen siirtynyt kielentutkimuksesta viestinn\u00e4n tutkimukseen, ja humanististen tieteiden ydin on saanut uutta v\u00e4ri\u00e4 yhteiskuntatieteist\u00e4. Edelleen on kuitenkin tallella VAKKI-ilmapiiri, jossa monitieteinen ajattelu ja uudet ideat ovat tervetulleita ja jossa kaikkien panosta arvostetaan yht\u00e4 lailla.<\/span><\/p>\n","protected":false},"excerpt":{"rendered":"<p>Viestinn\u00e4n tutkijayhdistys VAKKI ry on ollut aktiivinen erikoiskielten (LSP) tutkimuksen, terminologian, monikielisyyden tutkimuksen sek\u00e4 ja viestint\u00e4tieteiden aloilla jo yli 40 vuoden ajan. Yhdistys perustettiin Vaasassa 1980-luvulla, tutkimusryhm\u00e4ksi ennen tutkimusryhmien aikaa, tukemaan humanisteja, ja erityisesti kielentutkijoita heid\u00e4n p\u00e4ivitt\u00e4isess\u00e4 tutkimusty\u00f6ss\u00e4\u00e4n. Ensialkuun yhdistyksen toiminta l\u00e4hti siit\u00e4, ett\u00e4 nuoret ja hieman kokeneemmatkin tutkijat keskustelivat k\u00e4ynniss\u00e4 olevasta tutkimusty\u00f6st\u00e4\u00e4n ja siihen [&hellip;]<\/p>\n","protected":false},"author":100,"featured_media":0,"parent":0,"menu_order":0,"comment_status":"closed","ping_status":"closed","template":"","meta":{"_acf_changed":false,"footnotes":""},"class_list":["post-80","page","type-page","status-publish","hentry"],"acf":[],"lang":"fi","translations":{"fi":80,"en":180},"pll_sync_post":[],"_links":{"self":[{"href":"https:\/\/sites.uwasa.fi\/vakki\/wp-json\/wp\/v2\/pages\/80"}],"collection":[{"href":"https:\/\/sites.uwasa.fi\/vakki\/wp-json\/wp\/v2\/pages"}],"about":[{"href":"https:\/\/sites.uwasa.fi\/vakki\/wp-json\/wp\/v2\/types\/page"}],"author":[{"embeddable":true,"href":"https:\/\/sites.uwasa.fi\/vakki\/wp-json\/wp\/v2\/users\/100"}],"replies":[{"embeddable":true,"href":"https:\/\/sites.uwasa.fi\/vakki\/wp-json\/wp\/v2\/comments?post=80"}],"version-history":[{"count":5,"href":"https:\/\/sites.uwasa.fi\/vakki\/wp-json\/wp\/v2\/pages\/80\/revisions"}],"predecessor-version":[{"id":371,"href":"https:\/\/sites.uwasa.fi\/vakki\/wp-json\/wp\/v2\/pages\/80\/revisions\/371"}],"wp:attachment":[{"href":"https:\/\/sites.uwasa.fi\/vakki\/wp-json\/wp\/v2\/media?parent=80"}],"curies":[{"name":"wp","href":"https:\/\/api.w.org\/{rel}","templated":true}]}}