{"id":2,"date":"2022-02-09T13:34:41","date_gmt":"2022-02-09T11:34:41","guid":{"rendered":"https:\/\/sites.uwasa.fi\/tyttojenpaiva\/?page_id=2"},"modified":"2022-10-20T10:36:55","modified_gmt":"2022-10-20T07:36:55","slug":"esimerkkisivu","status":"publish","type":"page","link":"https:\/\/sites.uwasa.fi\/tyttojenpaiva\/","title":{"rendered":"Tytt\u00f6jen p\u00e4iv\u00e4n teknologiatapahtuma 11.10.2022"},"content":{"rendered":"","protected":false},"excerpt":{"rendered":"","protected":false},"author":21,"featured_media":0,"parent":0,"menu_order":0,"comment_status":"closed","ping_status":"open","template":"","meta":{"_acf_changed":false,"footnotes":""},"class_list":["post-2","page","type-page","status-publish","hentry"],"acf":[],"_links":{"self":[{"href":"https:\/\/sites.uwasa.fi\/tyttojenpaiva\/wp-json\/wp\/v2\/pages\/2"}],"collection":[{"href":"https:\/\/sites.uwasa.fi\/tyttojenpaiva\/wp-json\/wp\/v2\/pages"}],"about":[{"href":"https:\/\/sites.uwasa.fi\/tyttojenpaiva\/wp-json\/wp\/v2\/types\/page"}],"author":[{"embeddable":true,"href":"https:\/\/sites.uwasa.fi\/tyttojenpaiva\/wp-json\/wp\/v2\/users\/21"}],"replies":[{"embeddable":true,"href":"https:\/\/sites.uwasa.fi\/tyttojenpaiva\/wp-json\/wp\/v2\/comments?post=2"}],"version-history":[{"count":179,"href":"https:\/\/sites.uwasa.fi\/tyttojenpaiva\/wp-json\/wp\/v2\/pages\/2\/revisions"}],"predecessor-version":[{"id":210,"href":"https:\/\/sites.uwasa.fi\/tyttojenpaiva\/wp-json\/wp\/v2\/pages\/2\/revisions\/210"}],"wp:attachment":[{"href":"https:\/\/sites.uwasa.fi\/tyttojenpaiva\/wp-json\/wp\/v2\/media?parent=2"}],"curies":[{"name":"wp","href":"https:\/\/api.w.org\/{rel}","templated":true}]}}