{"id":43,"date":"2019-05-27T15:30:49","date_gmt":"2019-05-27T12:30:49","guid":{"rendered":"https:\/\/sites.uwasa.fi\/tyosuojelupaivat\/?page_id=43"},"modified":"2019-05-27T15:31:08","modified_gmt":"2019-05-27T12:31:08","slug":"majoitus","status":"publish","type":"page","link":"https:\/\/sites.uwasa.fi\/tyosuojelupaivat\/majoitus\/","title":{"rendered":"Majoitus"},"content":{"rendered":"<p>Vaasan yliopisto on varannut kiinti\u00f6n hotellihuoneista ajalla 21.8. \u2013 23.8.2019 Scandic Vaasa \u2013hotellista. Kiinti\u00f6 sulkeutuu viimeist\u00e4\u00e4n 14 vuorokautta ennen tapahtuman ajankohtaa, mutta hotellin t\u00e4yttyess\u00e4 mahdollisesti jo aikaisemmin. Y\u00f6pymisen hinnat ovat 1hh 120e\/y\u00f6 ja 2 hh 140e\/y\u00f6. \u00a0Osallistuja voi tehd\u00e4 majoitusvarauksen s\u00e4hk\u00f6postitse <a href=\"mailto:vaasa@scandichotels.com\">vaasa@scandichotels.com<\/a> tai soittamalla 06\u00a0357 8100. Muistathan mainita varauskoodin VAA210819.<\/p>\n","protected":false},"excerpt":{"rendered":"<p>Vaasan yliopisto on varannut kiinti\u00f6n hotellihuoneista ajalla 21.8. \u2013 23.8.2019 Scandic Vaasa \u2013hotellista. Kiinti\u00f6 sulkeutuu viimeist\u00e4\u00e4n 14 vuorokautta ennen tapahtuman ajankohtaa, mutta hotellin t\u00e4yttyess\u00e4 mahdollisesti jo aikaisemmin. Y\u00f6pymisen hinnat ovat 1hh 120e\/y\u00f6 ja 2 hh 140e\/y\u00f6. \u00a0Osallistuja voi tehd\u00e4 majoitusvarauksen s\u00e4hk\u00f6postitse vaasa@scandichotels.com tai soittamalla 06\u00a0357 8100. Muistathan mainita varauskoodin VAA210819.<\/p>\n","protected":false},"author":31,"featured_media":33,"parent":0,"menu_order":0,"comment_status":"closed","ping_status":"closed","template":"","meta":{"_acf_changed":false,"footnotes":""},"class_list":["post-43","page","type-page","status-publish","has-post-thumbnail","hentry"],"acf":[],"_links":{"self":[{"href":"https:\/\/sites.uwasa.fi\/tyosuojelupaivat\/wp-json\/wp\/v2\/pages\/43"}],"collection":[{"href":"https:\/\/sites.uwasa.fi\/tyosuojelupaivat\/wp-json\/wp\/v2\/pages"}],"about":[{"href":"https:\/\/sites.uwasa.fi\/tyosuojelupaivat\/wp-json\/wp\/v2\/types\/page"}],"author":[{"embeddable":true,"href":"https:\/\/sites.uwasa.fi\/tyosuojelupaivat\/wp-json\/wp\/v2\/users\/31"}],"replies":[{"embeddable":true,"href":"https:\/\/sites.uwasa.fi\/tyosuojelupaivat\/wp-json\/wp\/v2\/comments?post=43"}],"version-history":[{"count":1,"href":"https:\/\/sites.uwasa.fi\/tyosuojelupaivat\/wp-json\/wp\/v2\/pages\/43\/revisions"}],"predecessor-version":[{"id":44,"href":"https:\/\/sites.uwasa.fi\/tyosuojelupaivat\/wp-json\/wp\/v2\/pages\/43\/revisions\/44"}],"wp:featuredmedia":[{"embeddable":true,"href":"https:\/\/sites.uwasa.fi\/tyosuojelupaivat\/wp-json\/wp\/v2\/media\/33"}],"wp:attachment":[{"href":"https:\/\/sites.uwasa.fi\/tyosuojelupaivat\/wp-json\/wp\/v2\/media?parent=43"}],"curies":[{"name":"wp","href":"https:\/\/api.w.org\/{rel}","templated":true}]}}

<p>Vaasan yliopisto on varannut kiintiön hotellihuoneista ajalla 21.8. – 23.8.2019 Scandic Vaasa –hotellista. Kiintiö sulkeutuu viimeistään 14 vuorokautta ennen tapahtuman ajankohtaa, mutta hotellin täyttyessä mahdollisesti jo aikaisemmin. Yöpymisen hinnat ovat 1hh 120e/yö ja 2 hh 140e/yö.  Osallistuja voi tehdä majoitusvarauksen sähköpostitse <a href="mailto:vaasa@scandichotels.com">vaasa@scandichotels.com</a> tai soittamalla 06 357 8100. Muistathan mainita varauskoodin VAA210819.</p>

<p>Vaasan yliopisto on varannut kiintiön hotellihuoneista ajalla 21.8. – 23.8.2019 Scandic Vaasa –hotellista. Kiintiö sulkeutuu viimeistään 14 vuorokautta ennen tapahtuman ajankohtaa, mutta hotellin täyttyessä mahdollisesti jo aikaisemmin. Yöpymisen hinnat ovat 1hh 120e/yö ja 2 hh 140e/yö.  Osallistuja voi tehdä majoitusvarauksen sähköpostitse vaasa@scandichotels.com tai soittamalla 06 357 8100. Muistathan mainita varauskoodin VAA210819.</p>
