{"id":19,"date":"2019-05-24T15:28:12","date_gmt":"2019-05-24T12:28:12","guid":{"rendered":"https:\/\/sites.uwasa.fi\/tyosuojelupaivat\/?page_id=19"},"modified":"2019-08-19T10:56:19","modified_gmt":"2019-08-19T07:56:19","slug":"ilmoittautuminen","status":"publish","type":"page","link":"https:\/\/sites.uwasa.fi\/tyosuojelupaivat\/ilmoittautuminen\/","title":{"rendered":"Ilmoittautuminen"},"content":{"rendered":"<p>P\u00e4iville ilmoittaudutaan <a href=\"https:\/\/www.lyyti.fi\/reg\/Tyosuojelupaivat_Vaasan_yliopistolla_1805\">Lyyti-lomakkeen kautta<\/a>\u00a0tai <a href=\"https:\/\/www.lyyti.in\/tyosuojelupaivat2019_ryhma\">ryhm\u00e4ilmoittautumisena<\/a> viimeist\u00e4\u00e4n 14.8.2019. Ohjelmassa mainitut tarjoilut sis\u00e4ltyv\u00e4t osallistumismaksuun.\u00a0 Jos valitse laskuvaihtoehdon, huolehdithan ett\u00e4 maksu suoritetaan laskussa n\u00e4kyv\u00e4lle Danske Bankin tilille.<\/p>\n<h3>Osallistumismaksut<\/h3>\n<p>150 \u20ac<\/p>\n<h3>Lis\u00e4tietoja<\/h3>\n<p>Auli Kinnunen, Johtaja, henkil\u00f6st\u00f6strategia ja kehitt\u00e4minen, +358 29 449 8140<\/p>\n<p>Elina Kaunism\u00e4ki, P\u00e4\u00e4llikk\u00f6, henkil\u00f6st\u00f6n palvelut ja ylimm\u00e4n johdon palvelut, +358 29 449 8072<\/p>\n<p>Sanna-Maarit Eilola, Assistentti, henkil\u00f6st\u00f6n ja ylimm\u00e4n johdon palvelut, +358 29 449 8385<\/p>\n<p>S\u00e4hk\u00f6posti: etunimi.sukunimi@univaasa.fi<\/p>\n<h3><strong>Peruutukset<\/strong><\/h3>\n<p>Osallistumisen voi peruuttaa 14.8.2019 saakka maksutta, jolloin osallistumismaksu maksetaan t\u00e4ysim\u00e4\u00e4r\u00e4isen\u00e4 takaisin. T\u00e4m\u00e4n j\u00e4lkeen peruutuksista perit\u00e4\u00e4n 50% osallistumismaksun hinnasta.<\/p>\n","protected":false},"excerpt":{"rendered":"<p>P\u00e4iville ilmoittaudutaan Lyyti-lomakkeen kautta\u00a0tai ryhm\u00e4ilmoittautumisena viimeist\u00e4\u00e4n 14.8.2019. Ohjelmassa mainitut tarjoilut sis\u00e4ltyv\u00e4t osallistumismaksuun.\u00a0 Jos valitse laskuvaihtoehdon, huolehdithan ett\u00e4 maksu suoritetaan laskussa n\u00e4kyv\u00e4lle Danske Bankin tilille. Osallistumismaksut 150 \u20ac Lis\u00e4tietoja Auli Kinnunen, Johtaja, henkil\u00f6st\u00f6strategia ja kehitt\u00e4minen, +358 29 449 8140 Elina Kaunism\u00e4ki, P\u00e4\u00e4llikk\u00f6, henkil\u00f6st\u00f6n palvelut ja ylimm\u00e4n johdon palvelut, +358 29 449 8072 Sanna-Maarit Eilola, Assistentti, henkil\u00f6st\u00f6n [&hellip;]<\/p>\n","protected":false},"author":31,"featured_media":31,"parent":0,"menu_order":0,"comment_status":"closed","ping_status":"closed","template":"","meta":{"_acf_changed":false,"footnotes":""},"class_list":["post-19","page","type-page","status-publish","has-post-thumbnail","hentry"],"acf":[],"_links":{"self":[{"href":"https:\/\/sites.uwasa.fi\/tyosuojelupaivat\/wp-json\/wp\/v2\/pages\/19"}],"collection":[{"href":"https:\/\/sites.uwasa.fi\/tyosuojelupaivat\/wp-json\/wp\/v2\/pages"}],"about":[{"href":"https:\/\/sites.uwasa.fi\/tyosuojelupaivat\/wp-json\/wp\/v2\/types\/page"}],"author":[{"embeddable":true,"href":"https:\/\/sites.uwasa.fi\/tyosuojelupaivat\/wp-json\/wp\/v2\/users\/31"}],"replies":[{"embeddable":true,"href":"https:\/\/sites.uwasa.fi\/tyosuojelupaivat\/wp-json\/wp\/v2\/comments?post=19"}],"version-history":[{"count":8,"href":"https:\/\/sites.uwasa.fi\/tyosuojelupaivat\/wp-json\/wp\/v2\/pages\/19\/revisions"}],"predecessor-version":[{"id":126,"href":"https:\/\/sites.uwasa.fi\/tyosuojelupaivat\/wp-json\/wp\/v2\/pages\/19\/revisions\/126"}],"wp:featuredmedia":[{"embeddable":true,"href":"https:\/\/sites.uwasa.fi\/tyosuojelupaivat\/wp-json\/wp\/v2\/media\/31"}],"wp:attachment":[{"href":"https:\/\/sites.uwasa.fi\/tyosuojelupaivat\/wp-json\/wp\/v2\/media?parent=19"}],"curies":[{"name":"wp","href":"https:\/\/api.w.org\/{rel}","templated":true}]}}

<p>Päiville ilmoittaudutaan <a href="https://www.lyyti.fi/reg/Tyosuojelupaivat_Vaasan_yliopistolla_1805">Lyyti-lomakkeen kautta</a> tai <a href="https://www.lyyti.in/tyosuojelupaivat2019_ryhma">ryhmäilmoittautumisena</a> viimeistään 14.8.2019. Ohjelmassa mainitut tarjoilut sisältyvät osallistumismaksuun.  Jos valitse laskuvaihtoehdon, huolehdithan että maksu suoritetaan laskussa näkyvälle Danske Bankin tilille.</p>
<h3>Osallistumismaksut</h3>
<p>150 €</p>
<h3>Lisätietoja</h3>
<p>Auli Kinnunen, Johtaja, henkilöstöstrategia ja kehittäminen, +358 29 449 8140</p>
<p>Elina Kaunismäki, Päällikkö, henkilöstön palvelut ja ylimmän johdon palvelut, +358 29 449 8072</p>
<p>Sanna-Maarit Eilola, Assistentti, henkilöstön ja ylimmän johdon palvelut, +358 29 449 8385</p>
<p>Sähköposti: etunimi.sukunimi@univaasa.fi</p>
<h3><strong>Peruutukset</strong></h3>
<p>Osallistumisen voi peruuttaa 14.8.2019 saakka maksutta, jolloin osallistumismaksu maksetaan täysimääräisenä takaisin. Tämän jälkeen peruutuksista peritään 50% osallistumismaksun hinnasta.</p>

<p>Päiville ilmoittaudutaan Lyyti-lomakkeen kautta tai ryhmäilmoittautumisena viimeistään 14.8.2019. Ohjelmassa mainitut tarjoilut sisältyvät osallistumismaksuun.  Jos valitse laskuvaihtoehdon, huolehdithan että maksu suoritetaan laskussa näkyvälle Danske Bankin tilille. Osallistumismaksut 150 € Lisätietoja Auli Kinnunen, Johtaja, henkilöstöstrategia ja kehittäminen, +358 29 449 8140 Elina Kaunismäki, Päällikkö, henkilöstön palvelut ja ylimmän johdon palvelut, +358 29 449 8072 Sanna-Maarit Eilola, Assistentti, henkilöstön [&hellip;]</p>
