{"id":384,"date":"2024-03-26T09:22:09","date_gmt":"2024-03-26T07:22:09","guid":{"rendered":"https:\/\/sites.uwasa.fi\/toivo\/?page_id=384"},"modified":"2024-12-12T14:56:15","modified_gmt":"2024-12-12T12:56:15","slug":"uutiset","status":"publish","type":"page","link":"https:\/\/sites.uwasa.fi\/toivo\/uutiset\/","title":{"rendered":"Toinen raportti julkaistu"},"content":{"rendered":"<p>Etel\u00e4pohjalaiseen tekstiiliteollisuuteen ja TKI-sopimiseen liittyv\u00e4 raportti on julkaistu. Se jatkaa ruokateollisuuden raportista tuttua teemaa, mutta t\u00e4t\u00e4 raporttia varten on haastateltu tekstiilialan yrityksi\u00e4. Tulokset ovat hyvin samansuuntaisia, ja niiss\u00e4 korostuivat sopimisen perusasiat ja ohjeistukset. Pieniss\u00e4 yrityksiss\u00e4 sopimusosaaminen voi yleisesti ottaen olla v\u00e4h\u00e4isemp\u00e4\u00e4, mik\u00e4 aiheuttaa haasteita varsinkin silloin kun toisena sopimusosapuolena on isompi organisaatio.<\/p>\n<p>Ennakoivan sopimusajattelun pohjalle rakentuvalla ty\u00f6kalupakilla voidaan edist\u00e4\u00e4 yritysten sopimuskyvykkyytt\u00e4 antamalla lis\u00e4ohjeistusta ja neuvoja esimerkiksi sopimusten neuvottelutilanteisiin, jotka tekstiilialan yritykset ovat kokeneet vaikeaksi.<\/p>\n<p>Alla raportti pdf-muodossa:<\/p>\n<p><a href=\"https:\/\/sites.uwasa.fi\/toivo\/wp-content\/blogs.dir\/4\/files\/sites\/186\/2024\/12\/TOIVO-Raportti-2-FINAL.pdf\">TOIVO Raportti 2<\/a><\/p>\n<p>&nbsp;<\/p>\n<p><em>12.12.2024<\/em><\/p>\n<hr \/>\n<h2><\/h2>\n<h2>TOIVO-hankkeen ensimm\u00e4inen raportti julkaistu<\/h2>\n<p>Etel\u00e4pohjalaiseen ruokateollisuuteen ja TKI-sopimiseen liittyv\u00e4 raportti on julkaistu. Se k\u00e4sittelee TKI-toiminnan ja vastuullisuuden roolia ruokateollisuudessa sek\u00e4 yleisesti ett\u00e4 erityisesti Etel\u00e4-Pohjanmaalla. TKI-sopimisen tarpeiden ja mahdollisuuksien selvitt\u00e4miseksi haastateltiin etel\u00e4pohjalaisia ruokateollisuuden yrityksi\u00e4 sek\u00e4 muita alaan l\u00e4heisesti liittyvi\u00e4 toimijoita. Raportti esittelee my\u00f6s ennakoivan sopimisen ja oikeudellisen muotoilun mahdollisuudet sopimisen kehitt\u00e4misess\u00e4.<\/p>\n<p>Etel\u00e4-Pohjanmaan ruokayrityksiss\u00e4 tehd\u00e4\u00e4n paljon TKI-toimintaa, vaikka sit\u00e4 ei aina hahmoteta sellaiseksi. Useimmiten se on yrityksen sis\u00e4ll\u00e4 teht\u00e4v\u00e4\u00e4 tuotekehityst\u00e4. TKI-toimintaan liittyy entist\u00e4 enemm\u00e4n my\u00f6s vastuullisuus, koska esimerkiksi energiatehokkuuden parantaminen vaatii innovointia. T\u00e4ll\u00e4 hetkell\u00e4 vastuullisuusasiat eiv\u00e4t haastateltavien mukaan kuitenkaan n\u00e4y TKI-sopimuksissa riitt\u00e4v\u00e4ll\u00e4 tavalla.<\/p>\n<p>TKI-sopimisen osalta keskeiset kehitystarpeet liittyv\u00e4t muun muassa sopimuksen soveltamisalaan, tavoitteen ja lopputuloksen m\u00e4\u00e4rittelyyn, lopputuloksen kriteereihin sek\u00e4 v\u00e4lietapeista ja osapuolten rooleista sopimiseen. Haastateltavien mukaan hyv\u00e4 sopimus on lyhyt ja yksinkertainen ja se ilment\u00e4\u00e4 selv\u00e4sti osapuolten tahtotilan. Sopimuksiin liittyv\u00e4t vastuullisuusasiat ja vastuullisuus ylip\u00e4\u00e4t\u00e4\u00e4n koettiin monimutkaisiksi, ja niihin tarvittaisiin selkeytt\u00e4 ja konkretiaa.<\/p>\n<p>Raportin mukaan ruokateollisuuden TKI-toiminta voisi hy\u00f6ty\u00e4 ennakoivan sopimusajattelun opeista ja teko\u00e4lyavusteisesta sopimusmuotoilusta, jotka tehostavat sopimusten k\u00e4ytt\u00f6\u00e4 strategisina ty\u00f6kaluina tavoitteiden saavuttamiseksi. TKI-sopimusten keski\u00f6ss\u00e4 olisivat liiketoiminnalliset, yhteiskunnalliset ja ymp\u00e4rist\u00f6tavoitteet, joita tuetaan oikeudellisilla tavoitteilla. Sopimukset ovat ylip\u00e4\u00e4t\u00e4\u00e4n tehokas ty\u00f6kalu kest\u00e4v\u00e4n kasvun ja vastuullisuuden tasaiseksi jakautumiseksi yritysten arvoketjuissa, sill\u00e4 esimerkiksi sopimusehtoihin voidaan sis\u00e4llytt\u00e4\u00e4 vastuullisuusn\u00e4k\u00f6kulmia.<\/p>\n<p>TOIVO-hankkeessa luodaan ennakoivan ajattelun, oikeudellisen muotoilun ja teko\u00e4lyn avulla ty\u00f6kalupakki ja opas TKI-toimijoiden tueksi. T\u00e4m\u00e4 raportti on antanut arvokasta tietoa siit\u00e4, mit\u00e4 niiden tulisi pit\u00e4\u00e4 sis\u00e4ll\u00e4\u00e4n. Oppaan ja ty\u00f6kalupakin kehitt\u00e4miseksi j\u00e4rjestet\u00e4\u00e4n lis\u00e4ksi yrityksille suunnattu workshop 30.5.2024.<\/p>\n<p>Alla raportti pdf-muodossa:<\/p>\n<p><a href=\"https:\/\/sites.uwasa.fi\/toivo\/wp-content\/blogs.dir\/4\/files\/sites\/186\/2024\/03\/TOIVO-Raportti1.pdf\" target=\"_blank\" rel=\"noopener\">TOIVO Raportti1<\/a><\/p>\n<p>&nbsp;<\/p>\n<p><em>26.3.2024<\/em><\/p>\n","protected":false},"excerpt":{"rendered":"<p>Etel\u00e4pohjalaiseen tekstiiliteollisuuteen ja TKI-sopimiseen liittyv\u00e4 raportti on julkaistu. Se jatkaa ruokateollisuuden raportista tuttua teemaa, mutta t\u00e4t\u00e4 raporttia varten on haastateltu tekstiilialan yrityksi\u00e4. Tulokset ovat hyvin samansuuntaisia, ja niiss\u00e4 korostuivat sopimisen perusasiat ja ohjeistukset. Pieniss\u00e4 yrityksiss\u00e4 sopimusosaaminen voi yleisesti ottaen olla v\u00e4h\u00e4isemp\u00e4\u00e4, mik\u00e4 aiheuttaa haasteita varsinkin silloin kun toisena sopimusosapuolena on isompi organisaatio. Ennakoivan sopimusajattelun pohjalle [&hellip;]<\/p>\n","protected":false},"author":499,"featured_media":0,"parent":0,"menu_order":0,"comment_status":"closed","ping_status":"closed","template":"","meta":{"_acf_changed":false,"footnotes":""},"class_list":["post-384","page","type-page","status-publish","hentry"],"acf":[],"_links":{"self":[{"href":"https:\/\/sites.uwasa.fi\/toivo\/wp-json\/wp\/v2\/pages\/384"}],"collection":[{"href":"https:\/\/sites.uwasa.fi\/toivo\/wp-json\/wp\/v2\/pages"}],"about":[{"href":"https:\/\/sites.uwasa.fi\/toivo\/wp-json\/wp\/v2\/types\/page"}],"author":[{"embeddable":true,"href":"https:\/\/sites.uwasa.fi\/toivo\/wp-json\/wp\/v2\/users\/499"}],"replies":[{"embeddable":true,"href":"https:\/\/sites.uwasa.fi\/toivo\/wp-json\/wp\/v2\/comments?post=384"}],"version-history":[{"count":15,"href":"https:\/\/sites.uwasa.fi\/toivo\/wp-json\/wp\/v2\/pages\/384\/revisions"}],"predecessor-version":[{"id":427,"href":"https:\/\/sites.uwasa.fi\/toivo\/wp-json\/wp\/v2\/pages\/384\/revisions\/427"}],"wp:attachment":[{"href":"https:\/\/sites.uwasa.fi\/toivo\/wp-json\/wp\/v2\/media?parent=384"}],"curies":[{"name":"wp","href":"https:\/\/api.w.org\/{rel}","templated":true}]}}