{"id":213,"date":"2020-03-21T21:24:27","date_gmt":"2020-03-21T19:24:27","guid":{"rendered":"https:\/\/sites.uwasa.fi\/terminologyforum\/?page_id=213"},"modified":"2022-02-02T19:30:18","modified_gmt":"2022-02-02T17:30:18","slug":"law","status":"publish","type":"page","link":"https:\/\/sites.uwasa.fi\/terminologyforum\/special-field-glossaries\/law\/","title":{"rendered":"Law"},"content":{"rendered":"<h3><a href=\"https:\/\/sites.uwasa.fi\/terminologyforum\/special-field-glossaries\/\" target=\"_blank\" rel=\"noopener noreferrer\">Special Field Glossaries<\/a><\/h3>\n<p><strong>Multilingual<\/strong><\/p>\n<ul>\n<li>Multilingual (EU): <a href=\"https:\/\/iate.europa.eu\/\" target=\"_blank\" rel=\"noopener noreferrer\">IATE<\/a> (Interactive Terminology for Europe), the EU&#8217;s terminology database. [ok 02.02.2022 an]<\/li>\n<li>English-Spanish: <a href=\"https:\/\/www.jud.ct.gov\/external\/news\/jobs\/interpreter\/Glossary_of_Legal_Terminology_English-to-Spanish.pdf\" target=\"_blank\" rel=\"noopener\">Glossary of Legal Terminology<\/a>. State of Connecticut. [ok 02.02.2022 an]<\/li>\n<\/ul>\n<p><strong>English<\/strong><\/p>\n<ul>\n<li>English: <a href=\"https:\/\/www.copfs.gov.uk\/involved-in-a-case\/glossary-of-legal-terms\" target=\"_blank\" rel=\"noopener\">Glossary of legal terms<\/a>. Crown Office and Procurator Fiscal Service, Scotland&#8217;s Prosecution Service. [ok 02.02.2022 an]<\/li>\n<li>English (UK): <a href=\"https:\/\/www.iclr.co.uk\/knowledge\/glossary\/\" target=\"_blank\" rel=\"noopener noreferrer\">Glossary of law terms<\/a>. The Incorporated Council of Law Reporting for England &amp; Wales. [ok 02.02.2022 an]<\/li>\n<li>English: <a href=\"https:\/\/www.uscourts.gov\/glossary\" target=\"_blank\" rel=\"noopener\">Glossary of Legal Terms<\/a>. United States Courts. [ok 02.02.2022 an]<\/li>\n<li>English: <a href=\"https:\/\/www.justice.gov\/usao\/justice-101\/glossary\" target=\"_blank\" rel=\"noopener\">Legal Terms Glossary<\/a>. Offices of the United States Attorneys. [ok 02.02.2022 an]<\/li>\n<li>English: <a href=\"http:\/\/www.nolo.com\/dictionary\" target=\"_blank\" rel=\"noopener noreferrer\">Everybody&#8217;s Legal Dictionary<\/a>. Nolo&#8217;s Shark Talk dictionary. [ok 02.02.2022 an]<\/li>\n<li>English: <a href=\"https:\/\/en.wikipedia.org\/wiki\/Glossary_of_law\" target=\"_blank\" rel=\"noopener\">Glossary of law<\/a>. Wikipedia. [ok 02.02.2022 an]<\/li>\n<li>English: <a href=\"https:\/\/www.lawsociety.org.uk\/public\/for-public-visitors\/resources\/glossary\" target=\"_blank\" rel=\"noopener\">Legal Glossary<\/a>. The Law Society, UK. [ok 02.02.2022 an]<\/li>\n<li>English: <a href=\"https:\/\/dictionary.law.com\/\" target=\"_blank\" rel=\"noopener\">Legal Dictionary<\/a>. Law.Com. [ok 02.02.2022 an]<\/li>\n<li>English: <a href=\"https:\/\/en.wikipedia.org\/wiki\/Glossary_of_patent_law_terms\" target=\"_blank\" rel=\"noopener\">Glossary of patent law terms<\/a>. Wikipedia. [ok 02.02.2022 an]<\/li>\n<\/ul>\n<div><strong>Finnish<\/strong><\/div>\n<ul>\n<li>Finnish: <a href=\"https:\/\/www.finlex.fi\/fi\/laki\/kaannokset\/\" target=\"_blank\" rel=\"noopener noreferrer\">Lains\u00e4\u00e4d\u00e4nt\u00f6sanasto<\/a>. Finlex. [ok 02.02.2022 an]<\/li>\n<li>Finnish-English-French-German-Japanese-Spanish-Russian : <a href=\"https:\/\/www.finlex.fi\/fi\/laki\/kaannokset\/\" target=\"_blank\" rel=\"noopener noreferrer\">S\u00e4\u00e4d\u00f6sk\u00e4\u00e4nn\u00f6kset<\/a>. Translations of Finnish acts and decrees. Finlex. [ok 02.02.2022 an]<\/li>\n<li>Finnish-Swedish-English-French-German: <a class=\"yja-external-link external-link\" href=\"http:\/\/www.finlex.fi\/data\/muut\/saadkaan\/tuomio.pdf\" target=\"_blank\" rel=\"noopener noreferrer\">Tuomioistuinsanasto (p\u00e4ivitett\u00e4v\u00e4n\u00e4).<\/a> Finlex. [ok 02.02.2022 an]<\/li>\n<li>Finnish-English: <a class=\"yja-external-link external-link\" href=\"http:\/\/www.finlex.fi\/data\/muut\/valtiosopimussanasto.pdf\" target=\"_blank\" rel=\"noopener noreferrer\">Valtiosopimusten suomentaminen.<\/a> UM. [ok 02.02.2022 an]<\/li>\n<li>Finnish-Swedish-English: <a class=\"yja-external-link external-link\" href=\"https:\/\/mot.kielikone.fi\/mot\/eduskuntasanasto\/netmot?UI=fied\" target=\"_blank\" rel=\"noopener noreferrer\">Eduskuntasanasto<\/a>. Eduskunta. Parliament of Finland. [ok 02.02.2022 an]<\/li>\n<li>Finnish-Swedish-English-Estonian-German-French-Russian: Valtioneuvoston termipankki <a class=\"yja-external-link external-link\" href=\"http:\/\/valter.fi\">Valter.<\/a> [ok 02.02.2022 an]<\/li>\n<li>Finnish: <a href=\"https:\/\/lakidankkublogi.blogspot.com\/2015\/05\/lakitermeja-lakisanastoa-juridisia.html\" target=\"_blank\" rel=\"noopener noreferrer\">Lakitermej\u00e4 \/ lakisanastoa \/ juridisia fraaseja<\/a>. Lakinaisen Juridinen Blogi. [ok 02.02.2022 an]<\/li>\n<li>Finnish-Sami-Swedish-Norwegian: <a href=\"https:\/\/www.samediggi.fi\/toiminta\/sanastot-ja-kielipalvelut\/\" target=\"_blank\" rel=\"noopener noreferrer\">Lakisanasto suomi-saame<\/a>. Saamelaisk\u00e4r\u00e4j\u00e4t. [ok 02.02.2022 an]<\/li>\n<li>Finnish-Swedish-English: <a class=\"yja-external-link\" href=\"https:\/\/www.lakimiesliitto.fi\/liitto\/julkaisut\/muutjulkaisut\/lakimiesnimikkeet\/\" target=\"_blank\" rel=\"noopener noreferrer\">Lakimiesnimikkeet<\/a>. Suomen Lakimiesliitto. [ok 02.02.2022 an]<\/li>\n<li>Finnish-Swedish-English: <a href=\"https:\/\/www.theseus.fi\/bitstream\/handle\/10024\/152922\/POLAMK_Oppikirja_27_web.pdf?sequence=1&amp;isAllowed=y\" target=\"_blank\" rel=\"noopener noreferrer\">Poliisialan sanasto<\/a>. Marketta Vesisenaho, Poliisiammattikorkeakoulu 2017. [ok 02.02.2022 an]<\/li>\n<li>Finnish: <a href=\"https:\/\/eur-lex.europa.eu\/summary\/glossary.html\" target=\"_blank\" rel=\"noopener noreferrer\">EU-lains\u00e4\u00e4d\u00e4nn\u00f6n sanasto<\/a>. EUR-Lex, EU. [ok 02.02.2022 an]<\/li>\n<li>Finnish: <a href=\"https:\/\/fi.wiktionary.org\/wiki\/Luokka:Suomen_kielen_oikeustieteen_sanasto\" target=\"_blank\" rel=\"noopener noreferrer\">Suomen kielen oikeustieteen sanasto<\/a>. Wikisanakirja. [ok 02.02.2022 an]<\/li>\n<li>Finnish: <a href=\"https:\/\/stt.fi\/tyylikirja\/sanastot\/juridisia-termeja\/\" target=\"_blank\" rel=\"noopener\">Juridisia termej\u00e4<\/a>. STT. [ok 02.02.2022 an]<\/li>\n<\/ul>\n<ul>\n<li>See more: Insurance<\/li>\n<\/ul>\n<p>&nbsp;<\/p>\n<p>&nbsp;<\/p>\n<p>&nbsp;<\/p>\n<p>&nbsp;<\/p>\n<p>&nbsp;<\/p>\n<p>&nbsp;<\/p>\n<p>&nbsp;<\/p>\n<p>Note markings like [ok 19.2.2020 an] or [?? 19.2.2020 an] include following information<\/p>\n<ul>\n<li>ok = service available<\/li>\n<li>?? = not accessed when visited &#8211; may be functioning and will be checked later on<\/li>\n<li>date = the date of last visit by the Terminology Forum maintainers<\/li>\n<\/ul>\n<hr \/>\n<p>(c) Terminology Forum, a global information forum for terminological activities &amp; a non-profit portal for free terminological information online. Maintained by Anita Nuopponen, Communication Studies, University of Vaasa, Finland.<\/p>\n<p>Comments to: Anita Nuopponen, Firstname. Surname @uwasa . fi<\/p>\n<p>DISCLAIMER: This portal includes links to external websites. This portal is neither responsible for the content nor guarantees the quality of any linked external websites.<\/p>\n","protected":false},"excerpt":{"rendered":"<p>Special Field Glossaries Multilingual Multilingual (EU): IATE (Interactive Terminology for Europe), the EU&#8217;s terminology database. [ok 02.02.2022 an] English-Spanish: Glossary of Legal Terminology. State of Connecticut. [ok 02.02.2022 an] English English: Glossary of legal terms. Crown Office and Procurator Fiscal Service, Scotland&#8217;s Prosecution Service. [ok 02.02.2022 an] English (UK): Glossary of law terms. The Incorporated [&hellip;]<\/p>\n","protected":false},"author":81,"featured_media":0,"parent":20,"menu_order":0,"comment_status":"closed","ping_status":"closed","template":"","meta":{"_acf_changed":false,"footnotes":""},"class_list":["post-213","page","type-page","status-publish","hentry"],"acf":[],"_links":{"self":[{"href":"https:\/\/sites.uwasa.fi\/terminologyforum\/wp-json\/wp\/v2\/pages\/213"}],"collection":[{"href":"https:\/\/sites.uwasa.fi\/terminologyforum\/wp-json\/wp\/v2\/pages"}],"about":[{"href":"https:\/\/sites.uwasa.fi\/terminologyforum\/wp-json\/wp\/v2\/types\/page"}],"author":[{"embeddable":true,"href":"https:\/\/sites.uwasa.fi\/terminologyforum\/wp-json\/wp\/v2\/users\/81"}],"replies":[{"embeddable":true,"href":"https:\/\/sites.uwasa.fi\/terminologyforum\/wp-json\/wp\/v2\/comments?post=213"}],"version-history":[{"count":10,"href":"https:\/\/sites.uwasa.fi\/terminologyforum\/wp-json\/wp\/v2\/pages\/213\/revisions"}],"predecessor-version":[{"id":575,"href":"https:\/\/sites.uwasa.fi\/terminologyforum\/wp-json\/wp\/v2\/pages\/213\/revisions\/575"}],"up":[{"embeddable":true,"href":"https:\/\/sites.uwasa.fi\/terminologyforum\/wp-json\/wp\/v2\/pages\/20"}],"wp:attachment":[{"href":"https:\/\/sites.uwasa.fi\/terminologyforum\/wp-json\/wp\/v2\/media?parent=213"}],"curies":[{"name":"wp","href":"https:\/\/api.w.org\/{rel}","templated":true}]}}