{"id":194,"date":"2020-03-21T20:04:41","date_gmt":"2020-03-21T18:04:41","guid":{"rendered":"https:\/\/sites.uwasa.fi\/terminologyforum\/?page_id=194"},"modified":"2021-11-21T17:58:01","modified_gmt":"2021-11-21T15:58:01","slug":"geography-and-geology","status":"publish","type":"page","link":"https:\/\/sites.uwasa.fi\/terminologyforum\/special-field-glossaries\/geography-and-geology\/","title":{"rendered":"Geography and Geology"},"content":{"rendered":"<ul>\n<li>English: <a href=\"https:\/\/sciencestruck.com\/glossary-of-geography-terms-definitions\" target=\"_blank\" rel=\"noopener noreferrer\">Geography glossary<\/a>. Science Struck. [ok 21.11.2021 an]<\/li>\n<li>English: <a href=\"https:\/\/en.wikipedia.org\/wiki\/Glossary_of_geography_terms\" target=\"_blank\" rel=\"noopener noreferrer\">Glossary of geography terms<\/a>. Wikipedia. [ok 21.11.2021 an]<\/li>\n<li>English: <a href=\"https:\/\/resources.collins.co.uk\/Wesbite%20images\/KS3Geography\/TB2\/Dictionary%20of%20geographical%20terms.pdf\" target=\"_blank\" rel=\"noopener noreferrer\">Dictionary of Geographical terms<\/a>. [ok 21.11.2021 an]<\/li>\n<li>English: <a href=\"https:\/\/www.itseducation.asia\/geography\/\" target=\"_blank\" rel=\"noopener noreferrer\">Geography Dictionary and Glossary for Students<\/a>. [ok 21.11.2021 an]<\/li>\n<li>English: <a href=\"https:\/\/www.geolsoc.org.uk\/ks3\/gsl\/education\/resources\/rockcycle\/page3451.html\" target=\"_blank\" rel=\"noopener noreferrer\">Glossary of Terms<\/a>. Geological Society. [ok 21.11.2021 an<\/li>\n<li>English: <a href=\"http:\/\/www.ucmp.berkeley.edu\/glossary\/glossary.html\" target=\"_blank\" rel=\"noopener noreferrer\">UCMP Glossary of Natural History Terms<\/a>: <a href=\"http:\/\/www.ucmp.berkeley.edu\/glossary\/gloss2geol.html\" target=\"_blank\" rel=\"noopener noreferrer\">Geology<\/a>. [ok 21.11.2021 an]<\/li>\n<li>English: <a href=\"https:\/\/www.soils.org\/publications\/soils-glossary\/\" target=\"_blank\" rel=\"noopener noreferrer\">Glossary of Soil Science Terms<\/a>. [ok 21.11.2021 an]<\/li>\n<li>English &#8211; German &#8211; Norwegian &#8211; Dutch: <a href=\"http:\/\/www.8ung.at\/geowoerterbuch_online\/zoo.html\" target=\"_blank\" rel=\"noopener noreferrer\">Geo-glossary on-line<\/a>. [ok 21.11.2021 an]<\/li>\n<li>English: <a href=\"https:\/\/www.angloamerican.com\/futuresmart\/our-industry\/mining-explained\/mining-terms-explained-a-to-z\" target=\"_blank\" rel=\"noopener noreferrer\">Mining terms explained: A to Z<\/a>. Anglo American. [ok 21.11.2021 an]<\/li>\n<\/ul>\n<p><strong>Finnish<\/strong><\/p>\n<ul>\n<li>Finnish: <a href=\"https:\/\/fi.wiktionary.org\/wiki\/Luokka:Suomen_kielen_maantieteen_sanasto\" target=\"_blank\" rel=\"noopener noreferrer\">Suomen kielen maantieteen sanasto<\/a>. Wikisanakirja. [ok 121.11.2021 an]<\/li>\n<li>Finnish: <a href=\"http:\/\/www.geologia.fi\/index.php\/sanakirja\/\" target=\"_blank\" rel=\"noopener noreferrer\">Geologian sanasto<\/a>. Geologia.fi, Suomen Kansallinen Geologian Komitea (SKGK) [ok 21.11.2021 an]<\/li>\n<li>Finnish: <a href=\"http:\/\/www.metla.fi\/julkaisut\/workingpapers\/2006\/mwp033-10.pdf\">K\u00e4sitteet<\/a>. El\u00e4v\u00e4 matkailumaisema \u2013 Ounassel\u00e4n tunturiseudun sek\u00e4 Yll\u00e4ksen ja Levin maisemaselvitys. Metla. [21.11.2021 an]<\/li>\n<li>English-Finnish: <a href=\"https:\/\/jkorpela.fi\/muut\/geokrono.html\" target=\"_blank\" rel=\"noopener noreferrer\">Geokronologian englanti-suomi-sanasto<\/a>. English-Finnish dictionary of geochronology. By Jukka &#8220;Yucca&#8221; Korpela. [ok 21.11.2021 an]<\/li>\n<li>Finnish-Swedish-English-North Sami-French-Russian: <a class=\"yja-external-link external-link\" href=\"http:\/\/kaino.kotus.fi\/maidennimet\/\" target=\"_blank\" rel=\"noopener noreferrer\">Maiden nimet seitsem\u00e4ll\u00e4 kielell\u00e4<\/a>, Names of countries in seven languages. Kotimaisten kielten keskus Kotus. [ok 21.11.2021 an]<\/li>\n<li>Finnish-Swedish: <a href=\"https:\/\/www.kotus.fi\/julkaisut\/nimijulkaisut\/ruotsinkieliset_kuntien_nimet\" target=\"_blank\" rel=\"noopener noreferrer\">Suomen ruotsinkieliset kuntien nimet<\/a>. [ok 21.11.2021 an]<\/li>\n<\/ul>\n<p>&nbsp;<\/p>\n<p>&nbsp;<\/p>\n<p>&nbsp;<\/p>\n<p>Note markings like [ok 18.2.2020 an] or [?? 18.2.2020 an] include following information<\/p>\n<ul>\n<li>ok = service available<\/li>\n<li>?? = not accessed when visited &#8211; may be functioning and will be checked later on<\/li>\n<li>date = the date of last visit by the Terminology Forum maintainers<\/li>\n<\/ul>\n<hr \/>\n<p>(c) Terminology Forum, a global information forum for terminological activities &amp; a non-profit portal for free terminological information online. Maintained by Anita Nuopponen, Communication Studies, University of Vaasa, Finland.<\/p>\n<p>Comments to: Anita Nuopponen, first name.surname @u wasa.f i<\/p>\n<p>DISCLAIMER: This portal includes links to external websites. This portal is neither responsible for the content nor guarantees the quality of any linked external websites.<\/p>\n","protected":false},"excerpt":{"rendered":"<p>English: Geography glossary. Science Struck. [ok 21.11.2021 an] English: Glossary of geography terms. Wikipedia. [ok 21.11.2021 an] English: Dictionary of Geographical terms. [ok 21.11.2021 an] English: Geography Dictionary and Glossary for Students. [ok 21.11.2021 an] English: Glossary of Terms. Geological Society. [ok 21.11.2021 an English: UCMP Glossary of Natural History Terms: Geology. [ok 21.11.2021 an] [&hellip;]<\/p>\n","protected":false},"author":81,"featured_media":0,"parent":20,"menu_order":0,"comment_status":"closed","ping_status":"closed","template":"","meta":{"_acf_changed":false,"footnotes":""},"class_list":["post-194","page","type-page","status-publish","hentry"],"acf":[],"_links":{"self":[{"href":"https:\/\/sites.uwasa.fi\/terminologyforum\/wp-json\/wp\/v2\/pages\/194"}],"collection":[{"href":"https:\/\/sites.uwasa.fi\/terminologyforum\/wp-json\/wp\/v2\/pages"}],"about":[{"href":"https:\/\/sites.uwasa.fi\/terminologyforum\/wp-json\/wp\/v2\/types\/page"}],"author":[{"embeddable":true,"href":"https:\/\/sites.uwasa.fi\/terminologyforum\/wp-json\/wp\/v2\/users\/81"}],"replies":[{"embeddable":true,"href":"https:\/\/sites.uwasa.fi\/terminologyforum\/wp-json\/wp\/v2\/comments?post=194"}],"version-history":[{"count":7,"href":"https:\/\/sites.uwasa.fi\/terminologyforum\/wp-json\/wp\/v2\/pages\/194\/revisions"}],"predecessor-version":[{"id":536,"href":"https:\/\/sites.uwasa.fi\/terminologyforum\/wp-json\/wp\/v2\/pages\/194\/revisions\/536"}],"up":[{"embeddable":true,"href":"https:\/\/sites.uwasa.fi\/terminologyforum\/wp-json\/wp\/v2\/pages\/20"}],"wp:attachment":[{"href":"https:\/\/sites.uwasa.fi\/terminologyforum\/wp-json\/wp\/v2\/media?parent=194"}],"curies":[{"name":"wp","href":"https:\/\/api.w.org\/{rel}","templated":true}]}}