{"id":183,"date":"2020-03-21T19:28:50","date_gmt":"2020-03-21T17:28:50","guid":{"rendered":"https:\/\/sites.uwasa.fi\/terminologyforum\/?page_id=183"},"modified":"2021-11-19T21:28:37","modified_gmt":"2021-11-19T19:28:37","slug":"engineering","status":"publish","type":"page","link":"https:\/\/sites.uwasa.fi\/terminologyforum\/special-field-glossaries\/engineering\/","title":{"rendered":"Engineering"},"content":{"rendered":"<h3><a href=\"https:\/\/sites.uwasa.fi\/terminologyforum\/special-field-glossaries\/\" target=\"_blank\" rel=\"noopener noreferrer\">Special Field Glossaries<\/a><\/h3>\n<p><strong>Multilingual<\/strong><\/p>\n<ul>\n<li>Electropedia:<a href=\"http:\/\/www.electropedia.org\/\" target=\"_blank\" rel=\"noopener noreferrer\"> The World&#8217;s Online Electrotechnical Vocabulary<\/a>. English, French, Arabic, Chinese, Czech, Finnish, German, Italian, Japanese, Korean, Norwegian (Bokm\u00e5l and Nynorsk), Polish, Portuguese, Russian, Serbian, Slovenian, Spanish and Swedish. IEC International Electrotechnical Commission. [ok 16.3.2020 an]<\/li>\n<li>English-French: <a href=\"https:\/\/www.iso.org\/obp\/ui\/\" target=\"_blank\" rel=\"noopener noreferrer\">ISO Online Browsing Platform (OBP)<\/a>. Access to the content in ISO standards, graphical symbols, codes or terms and definitions. ISO &#8211; International Organization for Standardization. [ok 16.3.2020 an]<\/li>\n<li>25 languages: <a href=\"https:\/\/www.rehva.eu\/rehva-hvac-dictionary\" target=\"_blank\" rel=\"noopener noreferrer\">REHVA HVAC Dictionary<\/a>. Technical words and terms frequently used in building services. Federation of European Heating, Ventilation and Air Conditioning Associations. [ok 21.3.2020 an]<\/li>\n<\/ul>\n<p><strong>English<\/strong><\/p>\n<ul>\n<li>English: <a href=\"http:\/\/www.impactrm.com\/glossary\/index.html\" target=\"_blank\" rel=\"noopener noreferrer\">Compressed Air<\/a> &#8211; glossary of terms by <a href=\"http:\/\/www.impactrm.com\" target=\"_blank\" rel=\"noopener noreferrer\">Impact RM<\/a>. [ok 19.11.20211 an]<\/li>\n<li>English: <a href=\"https:\/\/en.wikipedia.org\/wiki\/Glossary_of_engineering\" target=\"_blank\" rel=\"noopener noreferrer\">Glossary of engineering<\/a>. Wikipedia. [ok 3.3.2020 an]<\/li>\n<li>English: <a href=\"https:\/\/www.engineering-dictionary.com\/\" target=\"_blank\" rel=\"noopener noreferrer\">Engineering Dictionary<\/a>. [ok 16.3.2020 an]<\/li>\n<li>English: <a href=\"https:\/\/www.oxfordreference.com\/view\/10.1093\/acref\/9780199587438.001.0001\/acref-9780199587438\" target=\"_blank\" rel=\"noopener noreferrer\">A Dictionary of Mechanical Engineering<\/a>. Oxford Reference. [ok 16.3.2020 an]<\/li>\n<li>English: <a href=\"https:\/\/www.nspe.org\/resources\/press-room\/resources\/glossary-engineering-terms\" target=\"_blank\" rel=\"noopener noreferrer\">Glossary of Engineering Terms<\/a>. National Society of Professional Engineers, U.S. [ok 16.3.2020 an]<\/li>\n<\/ul>\n<div><strong>Finnish<\/strong><\/div>\n<div>\n<ul>\n<li>Finnish (multilingual): <a href=\"http:\/\/www.tsk.fi\/tepa\/fi\/\">TEPA-termipankki<\/a>. TSK. [ok 3.3.2020 an]<\/li>\n<li>Finnish-English: <a href=\"http:\/\/www.metsta.fi\/\" target=\"_blank\" rel=\"noopener noreferrer\">METSTA Sanastohaku<\/a>. Metalliteollisuuden Standardisointiyhdistys METSTA ry<\/li>\n<li>Finnish: <a href=\"https:\/\/aaltomuoto.wordpress.com\/valo\/nayttamotekniikan-sanastoa\/\" target=\"_blank\" rel=\"noopener noreferrer\">N\u00e4ytt\u00e4m\u00f6tekniikan sanastoa<\/a>. Aaltomuoto-blogi. [ok 19.11.2021 an]<\/li>\n<li>Finnish-English: <a href=\"http:\/\/tekniikane.net\/\" target=\"_blank\" rel=\"noopener noreferrer\">Tekniikan englantia<\/a>. Eero Aula. [ok 16.3.2020 an]<\/li>\n<\/ul>\n<\/div>\n<p>&nbsp;<\/p>\n<p>Note markings like [ok 16.3.2020 an] or [?? 16.3.2020 an] include following information<\/p>\n<ul>\n<li>ok = service available<\/li>\n<li>?? = not accessed when visited &#8211; may be functioning and will be checked later on<\/li>\n<li>date = the date of last visit by the Terminology Forum maintainers<\/li>\n<\/ul>\n<hr \/>\n<p>(c) Terminology Forum, a global information forum for terminological activities &amp; a non-profit portal for free terminological information online. Maintained by Anita Nuopponen, Communication Studies, University of Vaasa, Finland.<\/p>\n<p>Comments to: Anita Nuopponen, first name .sur name@ uwasa. fi<\/p>\n<p>DISCLAIMER: This portal includes links to external websites. This portal is neither responsible for the content nor guarantees the quality of any linked external websites.<\/p>\n","protected":false},"excerpt":{"rendered":"<p>Special Field Glossaries Multilingual Electropedia: The World&#8217;s Online Electrotechnical Vocabulary. English, French, Arabic, Chinese, Czech, Finnish, German, Italian, Japanese, Korean, Norwegian (Bokm\u00e5l and Nynorsk), Polish, Portuguese, Russian, Serbian, Slovenian, Spanish and Swedish. IEC International Electrotechnical Commission. [ok 16.3.2020 an] English-French: ISO Online Browsing Platform (OBP). Access to the content in ISO standards, graphical symbols, codes [&hellip;]<\/p>\n","protected":false},"author":81,"featured_media":0,"parent":20,"menu_order":0,"comment_status":"closed","ping_status":"closed","template":"","meta":{"_acf_changed":false,"footnotes":""},"class_list":["post-183","page","type-page","status-publish","hentry"],"acf":[],"_links":{"self":[{"href":"https:\/\/sites.uwasa.fi\/terminologyforum\/wp-json\/wp\/v2\/pages\/183"}],"collection":[{"href":"https:\/\/sites.uwasa.fi\/terminologyforum\/wp-json\/wp\/v2\/pages"}],"about":[{"href":"https:\/\/sites.uwasa.fi\/terminologyforum\/wp-json\/wp\/v2\/types\/page"}],"author":[{"embeddable":true,"href":"https:\/\/sites.uwasa.fi\/terminologyforum\/wp-json\/wp\/v2\/users\/81"}],"replies":[{"embeddable":true,"href":"https:\/\/sites.uwasa.fi\/terminologyforum\/wp-json\/wp\/v2\/comments?post=183"}],"version-history":[{"count":3,"href":"https:\/\/sites.uwasa.fi\/terminologyforum\/wp-json\/wp\/v2\/pages\/183\/revisions"}],"predecessor-version":[{"id":527,"href":"https:\/\/sites.uwasa.fi\/terminologyforum\/wp-json\/wp\/v2\/pages\/183\/revisions\/527"}],"up":[{"embeddable":true,"href":"https:\/\/sites.uwasa.fi\/terminologyforum\/wp-json\/wp\/v2\/pages\/20"}],"wp:attachment":[{"href":"https:\/\/sites.uwasa.fi\/terminologyforum\/wp-json\/wp\/v2\/media?parent=183"}],"curies":[{"name":"wp","href":"https:\/\/api.w.org\/{rel}","templated":true}]}}