{"id":159,"date":"2020-03-16T15:11:41","date_gmt":"2020-03-16T13:11:41","guid":{"rendered":"https:\/\/sites.uwasa.fi\/terminologyforum\/?page_id=159"},"modified":"2020-04-03T19:14:59","modified_gmt":"2020-04-03T16:14:59","slug":"work-and-occupations","status":"publish","type":"page","link":"https:\/\/sites.uwasa.fi\/terminologyforum\/special-field-glossaries\/work-and-occupations\/","title":{"rendered":"Work and Occupations"},"content":{"rendered":"<h3><a href=\"https:\/\/sites.uwasa.fi\/terminologyforum\/special-field-glossaries\/\" target=\"_blank\" rel=\"noopener noreferrer\">Special Field Glossaries<\/a><\/h3>\n<p><strong>Multilingual<\/strong><\/p>\n<ul>\n<li>Multilingual: <a href=\"http:\/\/www.heraldica.org\/faqs\/titel.htm\" target=\"_blank\" rel=\"noopener noreferrer\">A Glossary of Titles in 35 Languages<\/a> by <a href=\"mailto:alexander.krischnig@marshmc.com\" target=\"_blank\" rel=\"noopener noreferrer\">Alexander Krischnig<\/a>.<br \/>\n[ok 05.07.2019 hh]<\/li>\n<\/ul>\n<p><strong>English<\/strong><\/p>\n<ul>\n<li>English: <a href=\"https:\/\/occupationalinfo.org\/\" target=\"_blank\" rel=\"noopener noreferrer\">Dictionary Of Occupational Titles<\/a>. Information Technology Associates.\u00a0 [ok 16.3.2020 an]<\/li>\n<li>English (USA): <a class=\"usa-footer__secondary-link dol-footer__secondary-link\" href=\"https:\/\/www.dol.gov\/general\/siteindex\" target=\"_blank\" rel=\"noopener noreferrer\">A to Z Index<\/a>. U.S. Department of Labor. [ok 16.3.2020 an]<\/li>\n<li>English: <a title=\"Electrical - Hazards\" href=\"https:\/\/www.osha.gov\/SLTC\/electrical\/hazards.html\">Electrical &#8211; Hazards\u00a0<\/a>\/ Glossary. U.S. Department of Labor. [ok 16.3.2020 an]<\/li>\n<li>English (USA): <a href=\"https:\/\/www.dol.gov\/sites\/dolgov\/files\/EBSA\/laws-and-regulations\/laws\/affordable-care-act\/for-employers-and-advisers\/sbc-uniform-glossary-of-coverage-and-medical-terms.pdf\" target=\"_blank\" rel=\"noopener noreferrer\">Glossary of health coverage and medical terms<\/a>. U.S. Department of Labor. [ok 16.3.2020 an]<\/li>\n<li>English (USA): <a href=\"http:\/\/wyomingworkforce.org\/workers\/ui\/glossary\/\" target=\"_blank\" rel=\"noopener noreferrer\">Glossary of Unemployment Terms<\/a>. Wyoming Department of Workforce Services, U.S. [ok 16.3.2020 an]<\/li>\n<li>English (FI): <a href=\"https:\/\/teollisuuskassa.fi\/en\/about-benefits\/earnings-related-allowance\/unemployment-security-glossary\/\" target=\"_blank\" rel=\"noopener noreferrer\">Unemployment security glossary<\/a>. Unemployment Fund of Finnish Industrial Workers. [ok 16.3.2020 an]<\/li>\n<li>English (FI): <a href=\"https:\/\/kokokassa.fi\/en\/unemployment-benefits-glossary\/\" target=\"_blank\" rel=\"noopener noreferrer\">Unemployment benefits glossary<\/a>. The Unemployment Fund for Highly Educated, Finland. [ok 16.3.2020 an]<\/li>\n<li>English (FI): <a href=\"https:\/\/www.tyoelake.fi\/en\/glossary\/\" target=\"_blank\" rel=\"noopener noreferrer\">Pension glossary<\/a>. Ty\u00f6el\u00e4ke.fi. [ok 16.3.2020 an]<\/li>\n<li>English (FI): <a href=\"https:\/\/ytn.fi\/en\/tes-and-contract-work\/labour-market-glossary\/\" target=\"_blank\" rel=\"noopener noreferrer\">Labour market glossary<\/a>. Ylemm\u00e4t Toimihenkil\u00f6t YTN. [ok 16.3.2020 an]<\/li>\n<li><\/li>\n<\/ul>\n<p>&nbsp;<\/p>\n<p><strong>Finnish<\/strong><\/p>\n<ul>\n<li>Finnish: <a href=\"https:\/\/www.tyoelamasanasto.fi\/haku\/\" target=\"_blank\" rel=\"noopener noreferrer\">Ty\u00f6el\u00e4m\u00e4sanasto<\/a>. Ty\u00f6el\u00e4m\u00e4n verkko-opisto. [ok 16.3.2020 an]<\/li>\n<li>Finnish-English: <a href=\"https:\/\/fi.speaklanguages.com\/englanti\/sanasto\/ammatit\" target=\"_blank\" rel=\"noopener noreferrer\">Ammatit englanniksi<\/a>. [ok 16.3.2020 an]<\/li>\n<li>Finnish: <a href=\"https:\/\/www.yty.fi\/tyottomyysturva\/tyottomyysturvan-perussanasto.html\" target=\"_blank\" rel=\"noopener noreferrer\">Ty\u00f6tt\u00f6myysturvan perussanasto<\/a>. Yksityisalojen Esimiehet ja Asiantuntijat YTY ry. [ok 16.3.2020 an]<\/li>\n<li>Finnish: <a href=\"https:\/\/sotesanastot.thl.fi\/termed-publish-server\/vocabulary\/25b97b3a-1517-4499-92da-413b00a0ce5b\/concept\/b7aa54e6-27dc-4098-9238-ad937a3be9e2\" target=\"_blank\" rel=\"noopener noreferrer\">Sosiaalialan tiedonhallinnan sanasto<\/a>. Kanta. [ok 16.3.2020 an]<\/li>\n<li>Finnish: <a href=\"https:\/\/yle.fi\/uutiset\/3-8377157\" target=\"_blank\" rel=\"noopener noreferrer\">Pieni ty\u00f6tt\u00f6myyssanasto<\/a>. YLE 2015. [ok 16.3.2020 an]<\/li>\n<li>Finnish: <a href=\"https:\/\/teollisuuskassa.fi\/tietoa-etuuksista\/ansiopaivaraha\/tyottomyysturvasanasto\/\" target=\"_blank\" rel=\"noopener noreferrer\">Ty\u00f6tt\u00f6myysturvasanasto<\/a>. Teollisuuden ty\u00f6tt\u00f6myyskassa. [ok 16.3.2020 an]<\/li>\n<li>Finnish: <a href=\"https:\/\/kokokassa.fi\/tyottomyysturvasanasto\/\" target=\"_blank\" rel=\"noopener noreferrer\">Ty\u00f6tt\u00f6myysturvasanasto<\/a>. KOKO &#8211; Korkeasti koulutettujen kassa. [ok 16.3.2020 an]<\/li>\n<li>Finnish: Ay-sanasto. Teollisuusliitto. [ok 16.3.2020 an]<\/li>\n<li>Finnish: <a href=\"https:\/\/www.yrittajat.fi\/yrittajan-abc-316123\" target=\"_blank\" rel=\"noopener noreferrer\">Yritt\u00e4j\u00e4n ABC<\/a>. Suomen Yritt\u00e4j\u00e4t. [ok 16.3.2020 an]<\/li>\n<li>Finnish: <a href=\"https:\/\/www.yrittajat.fi\/yrittajan-abc\/tyonantajan-abc-316141\" target=\"_blank\" rel=\"noopener noreferrer\">Ty\u00f6nantajan ABC<\/a>. Suomen Yritt\u00e4j\u00e4t. [ok 16.3.2020 an]<\/li>\n<li>Finnish: <a href=\"https:\/\/thl.fi\/documents\/10531\/185226\/lausuntoluonnos_taloussanasto.pdf\" target=\"_blank\" rel=\"noopener noreferrer\">Sosiaalihuollon taloudellisten luokitusten sanasto<\/a>. TSK, THL 2013. [ok 16.3.2020 an]<\/li>\n<li>Finnish: <a href=\"http:\/\/www.tsk.fi\/tsk\/fi\/kelan_terminologinen_sanasto_%E2%80%93_etuuksiin_liittyv%C3%A4t_k%C3%A4sitteet_4_laitos_tsk_49-1044.html\" target=\"_blank\" rel=\"noopener noreferrer\">Kelan terminologinen sanasto \u2013 Etuuksiin liittyv\u00e4t k\u00e4sitteet<\/a>, 4. laitos. Kela, TSK 49\/2017. [ok 16.3.2020 an]<\/li>\n<li>Finnish: <a href=\"http:\/\/lipas.uwasa.fi\/termino\/WasaTerm\/tyonvalitys\/index.html\" target=\"_blank\" rel=\"noopener noreferrer\">Ty\u00f6nv\u00e4litys &#8211; terminologinen sanasto<\/a>. Taru H\u00e4m\u00e4l\u00e4inen, harjoitusty\u00f6 2017, Vaasan yliopisto. [ok 16.3.2020 an]<\/li>\n<li>Finnish: <a href=\"http:\/\/lipas.uwasa.fi\/termino\/WasaTerm\/TEpalvelut\/\" target=\"_blank\" rel=\"noopener noreferrer\">TE-toimiston palvelut &#8211; Terminologinen sanasto<\/a>. Maisa-Leena Simonen-Fallieras, harjoitusty\u00f6 2017, Vaasan yliopisto. [ok 16.3.2020 an]<\/li>\n<li>Finnish: <a href=\"http:\/\/lipas.uwasa.fi\/termino\/WasaTerm\/TEasiakkuus\/\" target=\"_blank\" rel=\"noopener noreferrer\">TE-palveluiden asiakkuus &#8211; Terminologinen sanasto<\/a>. Satu Rantakokko, harjoitusty\u00f6 2017, Vaasan yliopisto. [ok 16.3.2020 an]<\/li>\n<li>Finnish: <a href=\"https:\/\/www.tradenomi.fi\/vaikuttaminen\/tyomarkkinasanasto\/\" target=\"_blank\" rel=\"noopener noreferrer\">Ty\u00f6markkinasanasto<\/a>. Tradenomiliitto ry. [ok 16.3.2020 an]<\/li>\n<li>Finnish: <a href=\"https:\/\/selkokeskus.fi\/selkokieli\/materiaaleja\/tyoelamasanastoa-selkokielella\/\" target=\"_blank\" rel=\"noopener noreferrer\">Ty\u00f6el\u00e4m\u00e4sanastoa selkokielell\u00e4<\/a>. Selkokeskus. [ok 16.3.2020 an]<\/li>\n<li>Finnish: <a href=\"https:\/\/ytn.fi\/tes-ja-sopimustoiminta\/tyomarkkinasanasto\/\" target=\"_blank\" rel=\"noopener noreferrer\">Ty\u00f6markkinasanasto<\/a>. Ylemm\u00e4t Toimihenkil\u00f6t YTN. [ok 16.3.2020 an]<\/li>\n<li>Finnish: <a href=\"https:\/\/akava.fi\/yleinen\/tyomarkkinasanastoa\/\" target=\"_blank\" rel=\"noopener noreferrer\">Ty\u00f6markkinasanastoa<\/a>. Akava. [ok 16.3.2020 an]<\/li>\n<li>Finnish: <a href=\"https:\/\/tietoala.fi\/jasenena\/tyomarkkinasanastoa\/\" target=\"_blank\" rel=\"noopener noreferrer\">Ty\u00f6markkinasanastoa<\/a>. Tietoala. [ok 16.3.2020 an]<\/li>\n<li>Finnish: <a href=\"https:\/\/www.juko.fi\/tata-on-juko\/tyomarkkinasanastoa\/\" target=\"_blank\" rel=\"noopener noreferrer\">Ty\u00f6markkinasanastoa<\/a>. JUKO. [ok 17.3.2020 an]<\/li>\n<li>Finnish (+other): <a href=\"http:\/\/mot.kielikone.fi\/mot\/valter\/netmot.exe\" target=\"_blank\" rel=\"noopener noreferrer\">Valter-termipankki<\/a>, mm. Ty\u00f6markkinasanasto 2005 (fi-sv-en-de-fr), Verosanasto 2002 (fi-sv-en-de-fr). Valtioneuvoston kanslia. [ok 16.3.2020 an]<\/li>\n<li>Finnish: <a href=\"https:\/\/www.jhl.fi\/toiminta\/jarjestotoiminta\/yhdistykset\/lakkosanasto\/\" target=\"_blank\" rel=\"noopener noreferrer\">Lakkosanasto<\/a>. Julkisten ja hyvinvointialojen liitto. [ok 16.3.2020 an]<\/li>\n<li>Finnish, Swedish, English: <a href=\"https:\/\/www.tyoelake.fi\/sanasto\/\" target=\"_blank\" rel=\"noopener noreferrer\">El\u00e4kesanasto &#8211; Ordlista &#8211; Pension Glossary<\/a>. Ty\u00f6el\u00e4ke.fi. El\u00e4keturvakeskus.\u00a0 [ok 16.3.2020 an]<\/li>\n<li>Finnish: <a href=\"https:\/\/www.tela.fi\/tyoelakejarjestelma\/sanasto\" target=\"_blank\" rel=\"noopener noreferrer\">El\u00e4kesanasto. Ty\u00f6el\u00e4kej\u00e4rjestelm\u00e4n keskeiset sanat ja termit selitettyn\u00e4<\/a>. Ty\u00f6el\u00e4kevakuuttajat TELA ry. [ok 3.4.2020 an]<\/li>\n<li>Finnish: <a href=\"https:\/\/www.etk.fi\/tutkimus-tilastot-ennusteet\/tilastot\/tyoelakkeiden-rahoitus\/tyoelakejarjestelman-elakevarat-rahavirrat\/#toggle-id-2\" target=\"_blank\" rel=\"noopener noreferrer\">Ty\u00f6el\u00e4kej\u00e4rjestelm\u00e4n el\u00e4kevarat ja rahavirrat &#8211; K\u00e4sitteet ja m\u00e4\u00e4ritelm\u00e4t<\/a>.\u00a0 El\u00e4keturvakeskus &#8211; Pensionsskyddscentralen &#8211; Finnish Centre for Pensions. [ok 3.4.2020 an]<\/li>\n<li>Finnish, other languages: <a title=\"Muiden maiden el\u00e4kej\u00e4rjestelm\u00e4t\" href=\"https:\/\/www.etk.fi\/elakejarjestelmat\/muiden-maiden-elakejarjestelmat\/ajankohtaista\/#\" target=\"_blank\" rel=\"noopener v:url noreferrer\">Muiden maiden el\u00e4kej\u00e4rjestelm\u00e4t<\/a>. El\u00e4keturvakeskus &#8211; Pensionsskyddscentralen &#8211; Finnish Centre for Pensions. [ok 3.4.2020 an]<\/li>\n<\/ul>\n<p><strong>Swedish<\/strong><\/p>\n<ul>\n<li>Swedish (FI): <a href=\"https:\/\/teollisuuskassa.fi\/sv\/information-om-formaner\/inkomstrelaterad-dagpenning\/utkomstskyddstermer\/\" target=\"_blank\" rel=\"noopener noreferrer\">Utkomstskyddsterminologi<\/a>. Industrins arbetsl\u00f6shetskassa. [ok 16.3.2020 an]<\/li>\n<li>Swedish (FI): <a href=\"https:\/\/kokokassa.fi\/sv\/termer-inom-utkomstskyddet\/\" target=\"_blank\" rel=\"noopener noreferrer\">Termer inom utkomstskyddet<\/a>. KOKO Kassan f\u00f6r h\u00f6gt utbildade. [ok 16.3.2020 an]<\/li>\n<li>Swedish (FI): <a href=\"https:\/\/www.tyoelake.fi\/sv\/ordlista\/\" target=\"_blank\" rel=\"noopener noreferrer\">Arbetspension &#8211; Ordlista<\/a>. Arbetspension.fi. [ok 16.3.2020 an]<\/li>\n<li>Swedish (FI): <a href=\"https:\/\/ytn.fi\/sv\/tes-och-kontraktsarbete\/arbetsmarknadsterminologi\/\" target=\"_blank\" rel=\"noopener noreferrer\">Arbetsmarknadsterminologi<\/a>. Ylemm\u00e4t Toimihenkil\u00f6t YTN. [ok 16.3.2020 an]<\/li>\n<li>Swedish (FI): <a href=\"https:\/\/www.jhl.fi\/sv\/verksamhet\/organisationsverksamhet\/foreningarna\/jhls-strejkordlista\/\" target=\"_blank\" rel=\"noopener noreferrer\">JHL:s strejkordlista<\/a>. F\u00f6rbundet f\u00f6r den offentliga sektorn och v\u00e4lf\u00e4rdsomr\u00e5dena JHL. [ok 16.3.2020 an]<\/li>\n<\/ul>\n<p>See also: Insurance, Safety<\/p>\n<p>Note markings like [ok 20.1.2020 an] or [?? 20.1.2020 an] include following information<\/p>\n<ul>\n<li>ok = service available<\/li>\n<li>?? = not accessed when visited &#8211; may be functioning and will be checked later on<\/li>\n<li>date = the date of last visit by the Terminology Forum maintainers<\/li>\n<\/ul>\n<hr \/>\n<p>(c) Terminology Forum, a global information forum for terminological activities &amp; a non-profit portal for free terminological information online. Maintained by Anita Nuopponen, Dept. of Communication Studies, University of Vaasa, Finland.<\/p>\n<p>Note markings like [ok 20.1.2020 an] or [?? 20.1.2020 an] include following information<\/p>\n<ul>\n<li>ok = service available<\/li>\n<li>?? = not accessed when visited &#8211; may be functioning and will be checked later on<\/li>\n<li>date = the date of last visit by the Terminology Forum maintainers<\/li>\n<\/ul>\n<hr \/>\n<p>(c) Terminology Forum, a global information forum for terminological activities &amp; a non-profit portal for free terminological information online. Maintained by Anita Nuopponen, Dept. of Communication Studies, University of Vaasa, Finland.<\/p>\n<p>Comments to: Anita Nuopponen,\u00a0<img decoding=\"async\" title=\"atn2.png\" src=\"https:\/\/www.uwasa.fi\/en\/sites\/terminology\/atn2.png\" alt=\"atn2.png\" border=\"0\" \/><\/p>\n<p>DISCLAIMER: This portal includes links to external websites. This portal is neither responsible for the content nor guarantees the quality of any linked external websites.<\/p>\n<p>DISCLAIMER: This portal includes links to external websites. This portal is neither responsible for the content nor guarantees the quality of any linked external websites.<\/p>\n","protected":false},"excerpt":{"rendered":"<p>Special Field Glossaries Multilingual Multilingual: A Glossary of Titles in 35 Languages by Alexander Krischnig. [ok 05.07.2019 hh] English English: Dictionary Of Occupational Titles. Information Technology Associates.\u00a0 [ok 16.3.2020 an] English (USA): A to Z Index. U.S. Department of Labor. [ok 16.3.2020 an] English: Electrical &#8211; Hazards\u00a0\/ Glossary. U.S. Department of Labor. [ok 16.3.2020 an] [&hellip;]<\/p>\n","protected":false},"author":81,"featured_media":0,"parent":20,"menu_order":0,"comment_status":"closed","ping_status":"closed","template":"","meta":{"_acf_changed":false,"footnotes":""},"class_list":["post-159","page","type-page","status-publish","hentry"],"acf":[],"_links":{"self":[{"href":"https:\/\/sites.uwasa.fi\/terminologyforum\/wp-json\/wp\/v2\/pages\/159"}],"collection":[{"href":"https:\/\/sites.uwasa.fi\/terminologyforum\/wp-json\/wp\/v2\/pages"}],"about":[{"href":"https:\/\/sites.uwasa.fi\/terminologyforum\/wp-json\/wp\/v2\/types\/page"}],"author":[{"embeddable":true,"href":"https:\/\/sites.uwasa.fi\/terminologyforum\/wp-json\/wp\/v2\/users\/81"}],"replies":[{"embeddable":true,"href":"https:\/\/sites.uwasa.fi\/terminologyforum\/wp-json\/wp\/v2\/comments?post=159"}],"version-history":[{"count":7,"href":"https:\/\/sites.uwasa.fi\/terminologyforum\/wp-json\/wp\/v2\/pages\/159\/revisions"}],"predecessor-version":[{"id":334,"href":"https:\/\/sites.uwasa.fi\/terminologyforum\/wp-json\/wp\/v2\/pages\/159\/revisions\/334"}],"up":[{"embeddable":true,"href":"https:\/\/sites.uwasa.fi\/terminologyforum\/wp-json\/wp\/v2\/pages\/20"}],"wp:attachment":[{"href":"https:\/\/sites.uwasa.fi\/terminologyforum\/wp-json\/wp\/v2\/media?parent=159"}],"curies":[{"name":"wp","href":"https:\/\/api.w.org\/{rel}","templated":true}]}}