{"id":30,"date":"2021-02-17T10:11:01","date_gmt":"2021-02-17T08:11:01","guid":{"rendered":"https:\/\/sites.uwasa.fi\/term\/?page_id=30"},"modified":"2025-02-13T10:40:42","modified_gmt":"2025-02-13T08:40:42","slug":"gallery","status":"publish","type":"page","link":"https:\/\/sites.uwasa.fi\/term\/gallery\/","title":{"rendered":"Gallery"},"content":{"rendered":"<figure id=\"attachment_130\" aria-describedby=\"caption-attachment-130\" style=\"width: 300px\" class=\"wp-caption alignleft\"><img loading=\"lazy\" decoding=\"async\" class=\"wp-image-130 size-medium\" src=\"https:\/\/sites.uwasa.fi\/term\/wp-content\/blogs.dir\/4\/files\/sites\/121\/2021\/11\/arkivet-300x225.jpg\" alt=\"Nina, Hans och Niina p\u00e5 v\u00e4g till Riksarkivet 2019\" width=\"300\" height=\"225\" srcset=\"https:\/\/sites.uwasa.fi\/term\/wp-content\/blogs.dir\/4\/files\/sites\/121\/2021\/11\/arkivet-300x225.jpg 300w, https:\/\/sites.uwasa.fi\/term\/wp-content\/blogs.dir\/4\/files\/sites\/121\/2021\/11\/arkivet-1024x768.jpg 1024w, https:\/\/sites.uwasa.fi\/term\/wp-content\/blogs.dir\/4\/files\/sites\/121\/2021\/11\/arkivet-768x576.jpg 768w, https:\/\/sites.uwasa.fi\/term\/wp-content\/blogs.dir\/4\/files\/sites\/121\/2021\/11\/arkivet.jpg 1288w\" sizes=\"(max-width: 300px) 100vw, 300px\" \/><figcaption id=\"caption-attachment-130\" class=\"wp-caption-text\">Nina, Hans &amp; Niina on their way to Riksarkivet in Stockholm 2019<\/figcaption><\/figure>\n<p>&nbsp;<\/p>\n<p><img loading=\"lazy\" decoding=\"async\" class=\"alignnone size-medium wp-image-163\" src=\"https:\/\/sites.uwasa.fi\/term\/wp-content\/blogs.dir\/4\/files\/sites\/121\/2025\/02\/img-6695-225x300.jpg\" alt=\"\" width=\"225\" height=\"300\" srcset=\"https:\/\/sites.uwasa.fi\/term\/wp-content\/blogs.dir\/4\/files\/sites\/121\/2025\/02\/img-6695-225x300.jpg 225w, https:\/\/sites.uwasa.fi\/term\/wp-content\/blogs.dir\/4\/files\/sites\/121\/2025\/02\/img-6695-768x1024.jpg 768w, https:\/\/sites.uwasa.fi\/term\/wp-content\/blogs.dir\/4\/files\/sites\/121\/2025\/02\/img-6695-1152x1536.jpg 1152w, https:\/\/sites.uwasa.fi\/term\/wp-content\/blogs.dir\/4\/files\/sites\/121\/2025\/02\/img-6695.jpg 1536w\" sizes=\"(max-width: 225px) 100vw, 225px\" \/><\/p>\n<p>Bes\u00f6k p\u00e5 Spr\u00e5kr\u00e5det f\u00f6r intervjuer, november 2024<\/p>\n<figure id=\"attachment_147\" aria-describedby=\"caption-attachment-147\" style=\"width: 300px\" class=\"wp-caption alignleft\"><img loading=\"lazy\" decoding=\"async\" class=\"wp-image-147 size-medium\" src=\"https:\/\/sites.uwasa.fi\/term\/wp-content\/blogs.dir\/4\/files\/sites\/121\/2023\/06\/arkivet2022-1-300x225.jpg\" alt=\"\" width=\"300\" height=\"225\" srcset=\"https:\/\/sites.uwasa.fi\/term\/wp-content\/blogs.dir\/4\/files\/sites\/121\/2023\/06\/arkivet2022-1-300x225.jpg 300w, https:\/\/sites.uwasa.fi\/term\/wp-content\/blogs.dir\/4\/files\/sites\/121\/2023\/06\/arkivet2022-1-1024x768.jpg 1024w, https:\/\/sites.uwasa.fi\/term\/wp-content\/blogs.dir\/4\/files\/sites\/121\/2023\/06\/arkivet2022-1-768x576.jpg 768w, https:\/\/sites.uwasa.fi\/term\/wp-content\/blogs.dir\/4\/files\/sites\/121\/2023\/06\/arkivet2022-1-1536x1152.jpg 1536w, https:\/\/sites.uwasa.fi\/term\/wp-content\/blogs.dir\/4\/files\/sites\/121\/2023\/06\/arkivet2022-1.jpg 2048w\" sizes=\"(max-width: 300px) 100vw, 300px\" \/><figcaption id=\"caption-attachment-147\" class=\"wp-caption-text\">Riksarkivet 2023<\/figcaption><\/figure>\n<figure id=\"attachment_134\" aria-describedby=\"caption-attachment-134\" style=\"width: 225px\" class=\"wp-caption alignleft\"><img loading=\"lazy\" decoding=\"async\" class=\"size-medium wp-image-134\" src=\"https:\/\/sites.uwasa.fi\/term\/wp-content\/blogs.dir\/4\/files\/sites\/121\/2021\/11\/parm-225x300.jpg\" alt=\"Arkivet\" width=\"225\" height=\"300\" srcset=\"https:\/\/sites.uwasa.fi\/term\/wp-content\/blogs.dir\/4\/files\/sites\/121\/2021\/11\/parm-225x300.jpg 225w, https:\/\/sites.uwasa.fi\/term\/wp-content\/blogs.dir\/4\/files\/sites\/121\/2021\/11\/parm-768x1024.jpg 768w, https:\/\/sites.uwasa.fi\/term\/wp-content\/blogs.dir\/4\/files\/sites\/121\/2021\/11\/parm-1152x1536.jpg 1152w, https:\/\/sites.uwasa.fi\/term\/wp-content\/blogs.dir\/4\/files\/sites\/121\/2021\/11\/parm.jpg 1200w\" sizes=\"(max-width: 225px) 100vw, 225px\" \/><figcaption id=\"caption-attachment-134\" class=\"wp-caption-text\">Project material in Riksarkivet in Stockholm<\/figcaption><\/figure>\n<figure id=\"attachment_132\" aria-describedby=\"caption-attachment-132\" style=\"width: 225px\" class=\"wp-caption alignleft\"><img loading=\"lazy\" decoding=\"async\" class=\"size-medium wp-image-132\" src=\"https:\/\/sites.uwasa.fi\/term\/wp-content\/blogs.dir\/4\/files\/sites\/121\/2021\/11\/sis-225x300.jpg\" alt=\"Stockholm\" width=\"225\" height=\"300\" srcset=\"https:\/\/sites.uwasa.fi\/term\/wp-content\/blogs.dir\/4\/files\/sites\/121\/2021\/11\/sis-225x300.jpg 225w, https:\/\/sites.uwasa.fi\/term\/wp-content\/blogs.dir\/4\/files\/sites\/121\/2021\/11\/sis-768x1024.jpg 768w, https:\/\/sites.uwasa.fi\/term\/wp-content\/blogs.dir\/4\/files\/sites\/121\/2021\/11\/sis-1152x1536.jpg 1152w, https:\/\/sites.uwasa.fi\/term\/wp-content\/blogs.dir\/4\/files\/sites\/121\/2021\/11\/sis.jpg 1200w\" sizes=\"(max-width: 225px) 100vw, 225px\" \/><figcaption id=\"caption-attachment-132\" class=\"wp-caption-text\">Work in Stockholm in 2018 (SIS)<\/figcaption><\/figure>\n<figure id=\"attachment_51\" aria-describedby=\"caption-attachment-51\" style=\"width: 268px\" class=\"wp-caption alignnone\"><img loading=\"lazy\" decoding=\"async\" class=\" wp-image-51\" src=\"https:\/\/sites.uwasa.fi\/term\/wp-content\/blogs.dir\/4\/files\/sites\/121\/2021\/03\/foredraglandqvistnissilapilkelsp2017-300x225.jpg\" alt=\"Niina &amp; Hans &amp; Nina i LSP 2017\" width=\"268\" height=\"201\" srcset=\"https:\/\/sites.uwasa.fi\/term\/wp-content\/blogs.dir\/4\/files\/sites\/121\/2021\/03\/foredraglandqvistnissilapilkelsp2017-300x225.jpg 300w, https:\/\/sites.uwasa.fi\/term\/wp-content\/blogs.dir\/4\/files\/sites\/121\/2021\/03\/foredraglandqvistnissilapilkelsp2017-1024x768.jpg 1024w, https:\/\/sites.uwasa.fi\/term\/wp-content\/blogs.dir\/4\/files\/sites\/121\/2021\/03\/foredraglandqvistnissilapilkelsp2017-768x576.jpg 768w, https:\/\/sites.uwasa.fi\/term\/wp-content\/blogs.dir\/4\/files\/sites\/121\/2021\/03\/foredraglandqvistnissilapilkelsp2017-1536x1152.jpg 1536w, https:\/\/sites.uwasa.fi\/term\/wp-content\/blogs.dir\/4\/files\/sites\/121\/2021\/03\/foredraglandqvistnissilapilkelsp2017.jpg 2048w\" sizes=\"(max-width: 268px) 100vw, 268px\" \/><figcaption id=\"caption-attachment-51\" class=\"wp-caption-text\">Niina &amp; Hans &amp; Nina in LSP in Bergen 2017<\/figcaption><\/figure>\n<figure id=\"attachment_49\" aria-describedby=\"caption-attachment-49\" style=\"width: 225px\" class=\"wp-caption alignleft\"><img loading=\"lazy\" decoding=\"async\" class=\"size-medium wp-image-49\" src=\"https:\/\/sites.uwasa.fi\/term\/wp-content\/blogs.dir\/4\/files\/sites\/121\/2021\/03\/poster-svenskans-beskrivning-37-abo-20191-225x300.jpg\" alt=\"Poster i Svenskans beskrivning 37\" width=\"225\" height=\"300\" srcset=\"https:\/\/sites.uwasa.fi\/term\/wp-content\/blogs.dir\/4\/files\/sites\/121\/2021\/03\/poster-svenskans-beskrivning-37-abo-20191-225x300.jpg 225w, https:\/\/sites.uwasa.fi\/term\/wp-content\/blogs.dir\/4\/files\/sites\/121\/2021\/03\/poster-svenskans-beskrivning-37-abo-20191-768x1024.jpg 768w, https:\/\/sites.uwasa.fi\/term\/wp-content\/blogs.dir\/4\/files\/sites\/121\/2021\/03\/poster-svenskans-beskrivning-37-abo-20191-1152x1536.jpg 1152w, https:\/\/sites.uwasa.fi\/term\/wp-content\/blogs.dir\/4\/files\/sites\/121\/2021\/03\/poster-svenskans-beskrivning-37-abo-20191.jpg 1536w\" sizes=\"(max-width: 225px) 100vw, 225px\" \/><figcaption id=\"caption-attachment-49\" class=\"wp-caption-text\">Poster in Svenskans beskrivning 37 in \u00c5bo 2019<\/figcaption><\/figure>\n<figure id=\"attachment_50\" aria-describedby=\"caption-attachment-50\" style=\"width: 225px\" class=\"wp-caption alignleft\"><img loading=\"lazy\" decoding=\"async\" class=\"wp-image-50 size-medium\" src=\"https:\/\/sites.uwasa.fi\/term\/wp-content\/blogs.dir\/4\/files\/sites\/121\/2021\/03\/baskien-2-225x300.jpg\" alt=\"Nina &amp; Niina i Baskien\" width=\"225\" height=\"300\" srcset=\"https:\/\/sites.uwasa.fi\/term\/wp-content\/blogs.dir\/4\/files\/sites\/121\/2021\/03\/baskien-2-225x300.jpg 225w, https:\/\/sites.uwasa.fi\/term\/wp-content\/blogs.dir\/4\/files\/sites\/121\/2021\/03\/baskien-2-768x1024.jpg 768w, https:\/\/sites.uwasa.fi\/term\/wp-content\/blogs.dir\/4\/files\/sites\/121\/2021\/03\/baskien-2-1152x1536.jpg 1152w, https:\/\/sites.uwasa.fi\/term\/wp-content\/blogs.dir\/4\/files\/sites\/121\/2021\/03\/baskien-2.jpg 1536w\" sizes=\"(max-width: 225px) 100vw, 225px\" \/><figcaption id=\"caption-attachment-50\" class=\"wp-caption-text\">Nina &amp; Niina in Baskien 2018<\/figcaption><\/figure>\n","protected":false},"excerpt":{"rendered":"<p>&nbsp; Bes\u00f6k p\u00e5 Spr\u00e5kr\u00e5det f\u00f6r intervjuer, november 2024<\/p>\n","protected":false},"author":70,"featured_media":0,"parent":0,"menu_order":0,"comment_status":"closed","ping_status":"closed","template":"","meta":{"_acf_changed":false,"footnotes":""},"class_list":["post-30","page","type-page","status-publish","hentry"],"acf":[],"_links":{"self":[{"href":"https:\/\/sites.uwasa.fi\/term\/wp-json\/wp\/v2\/pages\/30"}],"collection":[{"href":"https:\/\/sites.uwasa.fi\/term\/wp-json\/wp\/v2\/pages"}],"about":[{"href":"https:\/\/sites.uwasa.fi\/term\/wp-json\/wp\/v2\/types\/page"}],"author":[{"embeddable":true,"href":"https:\/\/sites.uwasa.fi\/term\/wp-json\/wp\/v2\/users\/70"}],"replies":[{"embeddable":true,"href":"https:\/\/sites.uwasa.fi\/term\/wp-json\/wp\/v2\/comments?post=30"}],"version-history":[{"count":14,"href":"https:\/\/sites.uwasa.fi\/term\/wp-json\/wp\/v2\/pages\/30\/revisions"}],"predecessor-version":[{"id":164,"href":"https:\/\/sites.uwasa.fi\/term\/wp-json\/wp\/v2\/pages\/30\/revisions\/164"}],"wp:attachment":[{"href":"https:\/\/sites.uwasa.fi\/term\/wp-json\/wp\/v2\/media?parent=30"}],"curies":[{"name":"wp","href":"https:\/\/api.w.org\/{rel}","templated":true}]}}