{"id":757,"date":"2025-12-03T11:35:19","date_gmt":"2025-12-03T09:35:19","guid":{"rendered":"https:\/\/sites.uwasa.fi\/talentforumvaasa\/?page_id=757"},"modified":"2025-12-03T13:46:26","modified_gmt":"2025-12-03T11:46:26","slug":"mico-botnia","status":"publish","type":"page","link":"https:\/\/sites.uwasa.fi\/talentforumvaasa\/tapahtumassa-mukana\/mico-botnia\/","title":{"rendered":""},"content":{"rendered":"<p><img loading=\"lazy\" decoding=\"async\" class=\"size-medium wp-image-172 aligncenter\" src=\"https:\/\/sites.uwasa.fi\/talentforumvaasa\/wp-content\/blogs.dir\/4\/files\/sites\/190\/2023\/11\/mico-cmyk-1-300x60.jpg\" alt=\"\" width=\"300\" height=\"60\" srcset=\"https:\/\/sites.uwasa.fi\/talentforumvaasa\/wp-content\/blogs.dir\/4\/files\/sites\/190\/2023\/11\/mico-cmyk-1-300x60.jpg 300w, https:\/\/sites.uwasa.fi\/talentforumvaasa\/wp-content\/blogs.dir\/4\/files\/sites\/190\/2023\/11\/mico-cmyk-1-1024x205.jpg 1024w, https:\/\/sites.uwasa.fi\/talentforumvaasa\/wp-content\/blogs.dir\/4\/files\/sites\/190\/2023\/11\/mico-cmyk-1-768x154.jpg 768w, https:\/\/sites.uwasa.fi\/talentforumvaasa\/wp-content\/blogs.dir\/4\/files\/sites\/190\/2023\/11\/mico-cmyk-1-1536x307.jpg 1536w, https:\/\/sites.uwasa.fi\/talentforumvaasa\/wp-content\/blogs.dir\/4\/files\/sites\/190\/2023\/11\/mico-cmyk-1.jpg 1644w\" sizes=\"(max-width: 300px) 100vw, 300px\" \/><\/p>\n<p style=\"text-align: center\">Mico Botnia Oy Ab on in-house palvelukeskus, joka tuottaa tukipalveluita julkishallinnon organisaatiolle. Meill\u00e4 on<br \/>\ntarjolla taloushallinnon ja palkkahallinnon kes\u00e4ty\u00f6paikkoja. Toimistomme sijaitsevat Vaasassa ja Pietarsaaressa ja<br \/>\nmeill\u00e4 ty\u00f6skentelee noin 70 micolaista.<\/p>\n","protected":false},"excerpt":{"rendered":"<p>Mico Botnia Oy Ab on in-house palvelukeskus, joka tuottaa tukipalveluita julkishallinnon organisaatiolle. Meill\u00e4 on tarjolla taloushallinnon ja palkkahallinnon kes\u00e4ty\u00f6paikkoja. Toimistomme sijaitsevat Vaasassa ja Pietarsaaressa ja meill\u00e4 ty\u00f6skentelee noin 70 micolaista.<\/p>\n","protected":false},"author":585,"featured_media":0,"parent":214,"menu_order":0,"comment_status":"closed","ping_status":"closed","template":"","meta":{"_acf_changed":false,"footnotes":""},"class_list":["post-757","page","type-page","status-publish","hentry"],"acf":[],"lang":"fi","translations":{"fi":757},"pll_sync_post":[],"_links":{"self":[{"href":"https:\/\/sites.uwasa.fi\/talentforumvaasa\/wp-json\/wp\/v2\/pages\/757"}],"collection":[{"href":"https:\/\/sites.uwasa.fi\/talentforumvaasa\/wp-json\/wp\/v2\/pages"}],"about":[{"href":"https:\/\/sites.uwasa.fi\/talentforumvaasa\/wp-json\/wp\/v2\/types\/page"}],"author":[{"embeddable":true,"href":"https:\/\/sites.uwasa.fi\/talentforumvaasa\/wp-json\/wp\/v2\/users\/585"}],"replies":[{"embeddable":true,"href":"https:\/\/sites.uwasa.fi\/talentforumvaasa\/wp-json\/wp\/v2\/comments?post=757"}],"version-history":[{"count":4,"href":"https:\/\/sites.uwasa.fi\/talentforumvaasa\/wp-json\/wp\/v2\/pages\/757\/revisions"}],"predecessor-version":[{"id":855,"href":"https:\/\/sites.uwasa.fi\/talentforumvaasa\/wp-json\/wp\/v2\/pages\/757\/revisions\/855"}],"up":[{"embeddable":true,"href":"https:\/\/sites.uwasa.fi\/talentforumvaasa\/wp-json\/wp\/v2\/pages\/214"}],"wp:attachment":[{"href":"https:\/\/sites.uwasa.fi\/talentforumvaasa\/wp-json\/wp\/v2\/media?parent=757"}],"curies":[{"name":"wp","href":"https:\/\/api.w.org\/{rel}","templated":true}]}}