{"id":750,"date":"2025-12-03T11:20:34","date_gmt":"2025-12-03T09:20:34","guid":{"rendered":"https:\/\/sites.uwasa.fi\/talentforumvaasa\/?page_id=750"},"modified":"2025-12-03T14:13:08","modified_gmt":"2025-12-03T12:13:08","slug":"mariehamns-stad","status":"publish","type":"page","link":"https:\/\/sites.uwasa.fi\/talentforumvaasa\/tapahtumassa-mukana\/mariehamns-stad\/","title":{"rendered":""},"content":{"rendered":"<p><img loading=\"lazy\" decoding=\"async\" class=\"size-medium wp-image-348 aligncenter\" src=\"https:\/\/sites.uwasa.fi\/talentforumvaasa\/wp-content\/blogs.dir\/4\/files\/sites\/190\/2023\/12\/mh-logo-rgb-black2-gold-300x55.png\" alt=\"Mariehamns stad\" width=\"300\" height=\"55\" srcset=\"https:\/\/sites.uwasa.fi\/talentforumvaasa\/wp-content\/blogs.dir\/4\/files\/sites\/190\/2023\/12\/mh-logo-rgb-black2-gold-300x55.png 300w, https:\/\/sites.uwasa.fi\/talentforumvaasa\/wp-content\/blogs.dir\/4\/files\/sites\/190\/2023\/12\/mh-logo-rgb-black2-gold-1024x186.png 1024w, https:\/\/sites.uwasa.fi\/talentforumvaasa\/wp-content\/blogs.dir\/4\/files\/sites\/190\/2023\/12\/mh-logo-rgb-black2-gold-768x140.png 768w, https:\/\/sites.uwasa.fi\/talentforumvaasa\/wp-content\/blogs.dir\/4\/files\/sites\/190\/2023\/12\/mh-logo-rgb-black2-gold-1536x279.png 1536w, https:\/\/sites.uwasa.fi\/talentforumvaasa\/wp-content\/blogs.dir\/4\/files\/sites\/190\/2023\/12\/mh-logo-rgb-black2-gold.png 1831w\" sizes=\"(max-width: 300px) 100vw, 300px\" \/><\/p>\n<p style=\"text-align: center\">Mariehamn \u00e4r Nordens minsta metropol och \u00c5lands enda stad. Vi fokuserar p\u00e5 h\u00e5llbar utveckling, j\u00e4mlikhet och<br \/>\nn\u00e4rdemokrati, som vi ocks\u00e5 har prisats f\u00f6r. H\u00e4r f\u00e5r du ett lugnare tempo i v\u00e5r trygga lilla stad vid havet och mycket<br \/>\nliv och r\u00f6relse under sommaren. Du f\u00e5r mer tid till livet och ett enklare vardagspussel. Mariehamns stad \u00e4r en stor<br \/>\noch modern arbetsgivare med cirka 800 anst\u00e4llda i flera olika branscher. V\u00e5ra st\u00f6rsta verksamheter \u00e4r<br \/>\n\u00e4ldreomsorg, barnomsorg och utbildning. Vi arbetar ocks\u00e5 med stadsplanering, trafik, r\u00e4ddningstj\u00e4nst, kultur, idrott<br \/>\noch fritid. Staden arbetar f\u00f6r ett gott ledarskap, v\u00e4lm\u00e5ende f\u00f6r anst\u00e4llda och trivsel p\u00e5 arbetsplatserna. Vi satsar<br \/>\np\u00e5 kompetensutveckling och att ge anst\u00e4llda m\u00f6jligheter att utvecklas i sin roll och i staden. Nu har du chansen att<br \/>\nbli en del av teamet!<\/p>\n","protected":false},"excerpt":{"rendered":"<p>Mariehamn \u00e4r Nordens minsta metropol och \u00c5lands enda stad. Vi fokuserar p\u00e5 h\u00e5llbar utveckling, j\u00e4mlikhet och n\u00e4rdemokrati, som vi ocks\u00e5 har prisats f\u00f6r. H\u00e4r f\u00e5r du ett lugnare tempo i v\u00e5r trygga lilla stad vid havet och mycket liv och r\u00f6relse under sommaren. Du f\u00e5r mer tid till livet och ett enklare vardagspussel. Mariehamns stad [&hellip;]<\/p>\n","protected":false},"author":585,"featured_media":0,"parent":214,"menu_order":0,"comment_status":"closed","ping_status":"closed","template":"","meta":{"_acf_changed":false,"footnotes":""},"class_list":["post-750","page","type-page","status-publish","hentry"],"acf":[],"lang":"fi","translations":{"fi":750},"pll_sync_post":[],"_links":{"self":[{"href":"https:\/\/sites.uwasa.fi\/talentforumvaasa\/wp-json\/wp\/v2\/pages\/750"}],"collection":[{"href":"https:\/\/sites.uwasa.fi\/talentforumvaasa\/wp-json\/wp\/v2\/pages"}],"about":[{"href":"https:\/\/sites.uwasa.fi\/talentforumvaasa\/wp-json\/wp\/v2\/types\/page"}],"author":[{"embeddable":true,"href":"https:\/\/sites.uwasa.fi\/talentforumvaasa\/wp-json\/wp\/v2\/users\/585"}],"replies":[{"embeddable":true,"href":"https:\/\/sites.uwasa.fi\/talentforumvaasa\/wp-json\/wp\/v2\/comments?post=750"}],"version-history":[{"count":5,"href":"https:\/\/sites.uwasa.fi\/talentforumvaasa\/wp-json\/wp\/v2\/pages\/750\/revisions"}],"predecessor-version":[{"id":882,"href":"https:\/\/sites.uwasa.fi\/talentforumvaasa\/wp-json\/wp\/v2\/pages\/750\/revisions\/882"}],"up":[{"embeddable":true,"href":"https:\/\/sites.uwasa.fi\/talentforumvaasa\/wp-json\/wp\/v2\/pages\/214"}],"wp:attachment":[{"href":"https:\/\/sites.uwasa.fi\/talentforumvaasa\/wp-json\/wp\/v2\/media?parent=750"}],"curies":[{"name":"wp","href":"https:\/\/api.w.org\/{rel}","templated":true}]}}