{"id":745,"date":"2025-12-03T11:16:10","date_gmt":"2025-12-03T09:16:10","guid":{"rendered":"https:\/\/sites.uwasa.fi\/talentforumvaasa\/?page_id=745"},"modified":"2025-12-10T11:17:12","modified_gmt":"2025-12-10T09:17:12","slug":"jervois-finland","status":"publish","type":"page","link":"https:\/\/sites.uwasa.fi\/talentforumvaasa\/tapahtumassa-mukana\/jervois-finland\/","title":{"rendered":""},"content":{"rendered":"<p><img loading=\"lazy\" decoding=\"async\" class=\"size-medium wp-image-671 aligncenter\" src=\"https:\/\/sites.uwasa.fi\/talentforumvaasa\/wp-content\/blogs.dir\/4\/files\/sites\/190\/2025\/12\/logo-finland2x-300x105.png\" alt=\"\" width=\"300\" height=\"105\" srcset=\"https:\/\/sites.uwasa.fi\/talentforumvaasa\/wp-content\/blogs.dir\/4\/files\/sites\/190\/2025\/12\/logo-finland2x-300x105.png 300w, https:\/\/sites.uwasa.fi\/talentforumvaasa\/wp-content\/blogs.dir\/4\/files\/sites\/190\/2025\/12\/logo-finland2x.png 440w\" sizes=\"(max-width: 300px) 100vw, 300px\" \/><\/p>\n<p>Jervois Finland Oy on l\u00e4hes 60 vuoden kokemuksella l\u00e4nsimaiden johtava kobolttituotteiden jalostaja. Valmistamme vientiin korkealaatuisia kobolttikemikaaleja ja hienopulvereita, joita k\u00e4ytet\u00e4\u00e4n mm. ladattavissa akuissa, kovametalleissa, katalyyteiss\u00e4 ja monissa kemianteollisuuden sovelluksissa. Koboltti on v\u00e4ltt\u00e4m\u00e4t\u00f6n raaka-aine modernin el\u00e4m\u00e4n mahdollistamisessa \u2013 aina s\u00e4hk\u00f6autojen akuista uusiutuvaan energiaan.<\/p>\n<p>Olemme sitoutuneet kest\u00e4v\u00e4n kehityksen johtaviin k\u00e4yt\u00e4nt\u00f6ihin ja olemme maailman ensimm\u00e4inen koboltintuottaja, joka on saavuttanut Responsible Minerals Initiative (RMI) -sertifioinnin. Toimintaamme ohjaavat vastuullisuus, luotettavuus ja henkil\u00f6st\u00f6mme hyvinvointi.<\/p>\n<p>Kokkolan tuotantolaitoksessamme ty\u00f6skentelee noin 200 ammattilaista sek\u00e4 vuosittain kymmeni\u00e4 kes\u00e4ty\u00f6ntekij\u00f6it\u00e4. Tuotannon lis\u00e4ksi meill\u00e4 on useita tukitoimintoja, kuten laboratorio, taloushallinto, HR, IT, kunnossapito, logistiikka sek\u00e4 ymp\u00e4rist\u00f6- ja ty\u00f6turvallisuusosasto.<\/p>\n<p>Meill\u00e4 on pitk\u00e4aikainen globaali asiakaskunta ja maailmanlaajuinen kaupallinen verkosto. Jervois Finland on osa amerikkalaista Jervois Global -konsernia, joka edist\u00e4\u00e4 innovaatioita ja kriittisten raaka-aineiden toimitusvarmuutta.<\/p>\n","protected":false},"excerpt":{"rendered":"<p>Jervois Finland Oy on l\u00e4hes 60 vuoden kokemuksella l\u00e4nsimaiden johtava kobolttituotteiden jalostaja. Valmistamme vientiin korkealaatuisia kobolttikemikaaleja ja hienopulvereita, joita k\u00e4ytet\u00e4\u00e4n mm. ladattavissa akuissa, kovametalleissa, katalyyteiss\u00e4 ja monissa kemianteollisuuden sovelluksissa. Koboltti on v\u00e4ltt\u00e4m\u00e4t\u00f6n raaka-aine modernin el\u00e4m\u00e4n mahdollistamisessa \u2013 aina s\u00e4hk\u00f6autojen akuista uusiutuvaan energiaan. Olemme sitoutuneet kest\u00e4v\u00e4n kehityksen johtaviin k\u00e4yt\u00e4nt\u00f6ihin ja olemme maailman ensimm\u00e4inen koboltintuottaja, joka on [&hellip;]<\/p>\n","protected":false},"author":585,"featured_media":0,"parent":214,"menu_order":0,"comment_status":"closed","ping_status":"closed","template":"","meta":{"_acf_changed":false,"footnotes":""},"class_list":["post-745","page","type-page","status-publish","hentry"],"acf":[],"lang":"fi","translations":{"fi":745,"en":897},"pll_sync_post":[],"_links":{"self":[{"href":"https:\/\/sites.uwasa.fi\/talentforumvaasa\/wp-json\/wp\/v2\/pages\/745"}],"collection":[{"href":"https:\/\/sites.uwasa.fi\/talentforumvaasa\/wp-json\/wp\/v2\/pages"}],"about":[{"href":"https:\/\/sites.uwasa.fi\/talentforumvaasa\/wp-json\/wp\/v2\/types\/page"}],"author":[{"embeddable":true,"href":"https:\/\/sites.uwasa.fi\/talentforumvaasa\/wp-json\/wp\/v2\/users\/585"}],"replies":[{"embeddable":true,"href":"https:\/\/sites.uwasa.fi\/talentforumvaasa\/wp-json\/wp\/v2\/comments?post=745"}],"version-history":[{"count":3,"href":"https:\/\/sites.uwasa.fi\/talentforumvaasa\/wp-json\/wp\/v2\/pages\/745\/revisions"}],"predecessor-version":[{"id":896,"href":"https:\/\/sites.uwasa.fi\/talentforumvaasa\/wp-json\/wp\/v2\/pages\/745\/revisions\/896"}],"up":[{"embeddable":true,"href":"https:\/\/sites.uwasa.fi\/talentforumvaasa\/wp-json\/wp\/v2\/pages\/214"}],"wp:attachment":[{"href":"https:\/\/sites.uwasa.fi\/talentforumvaasa\/wp-json\/wp\/v2\/media?parent=745"}],"curies":[{"name":"wp","href":"https:\/\/api.w.org\/{rel}","templated":true}]}}