{"id":717,"date":"2025-12-03T10:03:09","date_gmt":"2025-12-03T08:03:09","guid":{"rendered":"https:\/\/sites.uwasa.fi\/talentforumvaasa\/?page_id=717"},"modified":"2025-12-03T13:32:48","modified_gmt":"2025-12-03T11:32:48","slug":"beamex","status":"publish","type":"page","link":"https:\/\/sites.uwasa.fi\/talentforumvaasa\/tapahtumassa-mukana\/beamex\/","title":{"rendered":""},"content":{"rendered":"<p><img loading=\"lazy\" decoding=\"async\" class=\"size-medium wp-image-155 aligncenter\" src=\"https:\/\/sites.uwasa.fi\/talentforumvaasa\/wp-content\/blogs.dir\/4\/files\/sites\/190\/2023\/11\/beamex-logo-white-on-green-300x80.png\" alt=\"\" width=\"300\" height=\"80\" srcset=\"https:\/\/sites.uwasa.fi\/talentforumvaasa\/wp-content\/blogs.dir\/4\/files\/sites\/190\/2023\/11\/beamex-logo-white-on-green-300x80.png 300w, https:\/\/sites.uwasa.fi\/talentforumvaasa\/wp-content\/blogs.dir\/4\/files\/sites\/190\/2023\/11\/beamex-logo-white-on-green-1024x273.png 1024w, https:\/\/sites.uwasa.fi\/talentforumvaasa\/wp-content\/blogs.dir\/4\/files\/sites\/190\/2023\/11\/beamex-logo-white-on-green-768x205.png 768w, https:\/\/sites.uwasa.fi\/talentforumvaasa\/wp-content\/blogs.dir\/4\/files\/sites\/190\/2023\/11\/beamex-logo-white-on-green-1536x410.png 1536w, https:\/\/sites.uwasa.fi\/talentforumvaasa\/wp-content\/blogs.dir\/4\/files\/sites\/190\/2023\/11\/beamex-logo-white-on-green-2048x546.png 2048w\" sizes=\"(max-width: 300px) 100vw, 300px\" \/><\/p>\n<p style=\"text-align: center\">Beamex on suomalainen teknologiayritys, joka kehitt\u00e4\u00e4 ja valmistaa kalibrointiratkaisuja. Tuotteitamme ja<br \/>\npalveluitamme k\u00e4ytet\u00e4\u00e4n yli 140 maassa eri teollisuudenaloilla laadun ja turvallisuuden varmistamiseen.<br \/>\nTy\u00f6nantajana olemme kansainv\u00e4linen, yhteis\u00f6llinen ja oppimista tukeva. Meit\u00e4 ohjaavat kolme arvoa \u2013 avoimuus,<br \/>\ntarkkuus ja ty\u00f6nilo.<\/p>\n","protected":false},"excerpt":{"rendered":"<p>Beamex on suomalainen teknologiayritys, joka kehitt\u00e4\u00e4 ja valmistaa kalibrointiratkaisuja. Tuotteitamme ja palveluitamme k\u00e4ytet\u00e4\u00e4n yli 140 maassa eri teollisuudenaloilla laadun ja turvallisuuden varmistamiseen. Ty\u00f6nantajana olemme kansainv\u00e4linen, yhteis\u00f6llinen ja oppimista tukeva. Meit\u00e4 ohjaavat kolme arvoa \u2013 avoimuus, tarkkuus ja ty\u00f6nilo.<\/p>\n","protected":false},"author":585,"featured_media":0,"parent":214,"menu_order":0,"comment_status":"closed","ping_status":"closed","template":"","meta":{"_acf_changed":false,"footnotes":""},"class_list":["post-717","page","type-page","status-publish","hentry"],"acf":[],"lang":"fi","translations":{"fi":717,"en":871},"pll_sync_post":[],"_links":{"self":[{"href":"https:\/\/sites.uwasa.fi\/talentforumvaasa\/wp-json\/wp\/v2\/pages\/717"}],"collection":[{"href":"https:\/\/sites.uwasa.fi\/talentforumvaasa\/wp-json\/wp\/v2\/pages"}],"about":[{"href":"https:\/\/sites.uwasa.fi\/talentforumvaasa\/wp-json\/wp\/v2\/types\/page"}],"author":[{"embeddable":true,"href":"https:\/\/sites.uwasa.fi\/talentforumvaasa\/wp-json\/wp\/v2\/users\/585"}],"replies":[{"embeddable":true,"href":"https:\/\/sites.uwasa.fi\/talentforumvaasa\/wp-json\/wp\/v2\/comments?post=717"}],"version-history":[{"count":5,"href":"https:\/\/sites.uwasa.fi\/talentforumvaasa\/wp-json\/wp\/v2\/pages\/717\/revisions"}],"predecessor-version":[{"id":815,"href":"https:\/\/sites.uwasa.fi\/talentforumvaasa\/wp-json\/wp\/v2\/pages\/717\/revisions\/815"}],"up":[{"embeddable":true,"href":"https:\/\/sites.uwasa.fi\/talentforumvaasa\/wp-json\/wp\/v2\/pages\/214"}],"wp:attachment":[{"href":"https:\/\/sites.uwasa.fi\/talentforumvaasa\/wp-json\/wp\/v2\/media?parent=717"}],"curies":[{"name":"wp","href":"https:\/\/api.w.org\/{rel}","templated":true}]}}