{"id":714,"date":"2025-12-03T09:59:57","date_gmt":"2025-12-03T07:59:57","guid":{"rendered":"https:\/\/sites.uwasa.fi\/talentforumvaasa\/?page_id=714"},"modified":"2025-12-03T13:32:05","modified_gmt":"2025-12-03T11:32:05","slug":"barona-vaasa","status":"publish","type":"page","link":"https:\/\/sites.uwasa.fi\/talentforumvaasa\/tapahtumassa-mukana\/barona-vaasa\/","title":{"rendered":""},"content":{"rendered":"<p><img loading=\"lazy\" decoding=\"async\" class=\"size-medium wp-image-677 aligncenter\" src=\"https:\/\/sites.uwasa.fi\/talentforumvaasa\/wp-content\/blogs.dir\/4\/files\/sites\/190\/2025\/12\/barona-logo-300x79.png\" alt=\"\" width=\"300\" height=\"79\" srcset=\"https:\/\/sites.uwasa.fi\/talentforumvaasa\/wp-content\/blogs.dir\/4\/files\/sites\/190\/2025\/12\/barona-logo-300x79.png 300w, https:\/\/sites.uwasa.fi\/talentforumvaasa\/wp-content\/blogs.dir\/4\/files\/sites\/190\/2025\/12\/barona-logo-1024x270.png 1024w, https:\/\/sites.uwasa.fi\/talentforumvaasa\/wp-content\/blogs.dir\/4\/files\/sites\/190\/2025\/12\/barona-logo-768x203.png 768w, https:\/\/sites.uwasa.fi\/talentforumvaasa\/wp-content\/blogs.dir\/4\/files\/sites\/190\/2025\/12\/barona-logo.png 1280w\" sizes=\"(max-width: 300px) 100vw, 300px\" \/><\/p>\n<p style=\"text-align: center\">Baronalta l\u00f6yd\u00e4t kes\u00e4t\u00f6it\u00e4 usealta alalta. J\u00e4t\u00e4 hakemuksesi <a href=\"https:\/\/www.baronacareers.com\/fi\/en\/jobs\/72ec7a93-112c-4190-8b4f-feffa217d7fe\">t\u00e4st\u00e4<\/a> ja tule messust\u00e4ndille esittelem\u00e4\u00e4n itsesi! Barona<br \/>\non suomalainen ty\u00f6el\u00e4m\u00e4yhti\u00f6. Me yhdist\u00e4mme ty\u00f6n, oppimisen, hyvinvoinnin, jotta ty\u00f6el\u00e4m\u00e4 antaa ja kantaa.<br \/>\nYhdess\u00e4 osaajiemme kanssa luomme tulevaisuuden kest\u00e4v\u00e4\u00e4 ty\u00f6el\u00e4m\u00e4\u00e4.<\/p>\n","protected":false},"excerpt":{"rendered":"<p>Baronalta l\u00f6yd\u00e4t kes\u00e4t\u00f6it\u00e4 usealta alalta. J\u00e4t\u00e4 hakemuksesi t\u00e4st\u00e4 ja tule messust\u00e4ndille esittelem\u00e4\u00e4n itsesi! Barona on suomalainen ty\u00f6el\u00e4m\u00e4yhti\u00f6. Me yhdist\u00e4mme ty\u00f6n, oppimisen, hyvinvoinnin, jotta ty\u00f6el\u00e4m\u00e4 antaa ja kantaa. Yhdess\u00e4 osaajiemme kanssa luomme tulevaisuuden kest\u00e4v\u00e4\u00e4 ty\u00f6el\u00e4m\u00e4\u00e4.<\/p>\n","protected":false},"author":585,"featured_media":0,"parent":214,"menu_order":0,"comment_status":"closed","ping_status":"closed","template":"","meta":{"_acf_changed":false,"footnotes":""},"class_list":["post-714","page","type-page","status-publish","hentry"],"acf":[],"lang":"fi","translations":{"fi":714},"pll_sync_post":[],"_links":{"self":[{"href":"https:\/\/sites.uwasa.fi\/talentforumvaasa\/wp-json\/wp\/v2\/pages\/714"}],"collection":[{"href":"https:\/\/sites.uwasa.fi\/talentforumvaasa\/wp-json\/wp\/v2\/pages"}],"about":[{"href":"https:\/\/sites.uwasa.fi\/talentforumvaasa\/wp-json\/wp\/v2\/types\/page"}],"author":[{"embeddable":true,"href":"https:\/\/sites.uwasa.fi\/talentforumvaasa\/wp-json\/wp\/v2\/users\/585"}],"replies":[{"embeddable":true,"href":"https:\/\/sites.uwasa.fi\/talentforumvaasa\/wp-json\/wp\/v2\/comments?post=714"}],"version-history":[{"count":6,"href":"https:\/\/sites.uwasa.fi\/talentforumvaasa\/wp-json\/wp\/v2\/pages\/714\/revisions"}],"predecessor-version":[{"id":813,"href":"https:\/\/sites.uwasa.fi\/talentforumvaasa\/wp-json\/wp\/v2\/pages\/714\/revisions\/813"}],"up":[{"embeddable":true,"href":"https:\/\/sites.uwasa.fi\/talentforumvaasa\/wp-json\/wp\/v2\/pages\/214"}],"wp:attachment":[{"href":"https:\/\/sites.uwasa.fi\/talentforumvaasa\/wp-json\/wp\/v2\/media?parent=714"}],"curies":[{"name":"wp","href":"https:\/\/api.w.org\/{rel}","templated":true}]}}