{"id":13,"date":"2023-09-01T12:46:46","date_gmt":"2023-09-01T09:46:46","guid":{"rendered":"https:\/\/sites.uwasa.fi\/silentengine\/?page_id=13"},"modified":"2026-04-14T23:33:08","modified_gmt":"2026-04-14T20:33:08","slug":"publications","status":"publish","type":"page","link":"https:\/\/sites.uwasa.fi\/silentengine\/publications\/","title":{"rendered":"Publications"},"content":{"rendered":"<p>Hunicz J. , G\u0119ca M. , Ratajczyk E., Andwari A.M., Mikulski M. <a href=\"https:\/\/www.sciencedirect.com\/science\/article\/pii\/S019689042300910X\">An analytical approach to using the vibration signal to determine combustion characteristics of homogeneous charge compression ignition engines<\/a>. <em>Energy Conversion and Management <\/em>(2023)<em>.<\/em><\/p>\n<p>S\u00f6derback, M., Valkj\u00e4rvi, P., Storm, X., Saine, K. &amp; Mikulski M. <a href=\"https:\/\/www.akustinenseura.fi\/wp-content\/uploads\/2023\/11\/akustiikkapaivat_2023_s347.pdf\">Reducing noise in an electro-hydraulic valvetrain<\/a>. Akustiikkap\u00e4iv\u00e4t 2023.<\/p>\n<p>Idrees, M. D. <a href=\"https:\/\/urn.fi\/URN:NBN:fi-fe20231123148581\">Acoustic analysis of engine exhaust ducts: a comprehensive empirical\/1D simulation approach<\/a>. Osuva Open Science 2023.<\/p>\n<p>S\u00f6derback, M., Valkj\u00e4rvi, P. <a href=\"https:\/\/sites.uwasa.fi\/silentengine\/wp-content\/blogs.dir\/4\/files\/sites\/166\/2024\/03\/SE_WP1_NVH-Research.pdf\">Integrated Engine NVH \u2013 Performance Measurements.<\/a> Vaasa EnergyWeek 2024, The Research Exhibition of Energy<\/p>\n<p>Zheng, Z., Shamekhi, A-M., Mikulski, M. <a href=\"https:\/\/sites.uwasa.fi\/silentengine\/wp-content\/blogs.dir\/4\/files\/sites\/166\/2024\/03\/SE_WP2_Engine-Noise-Source-Identification-using-Advanced-Signal-Processing-Methods-for-Noise-based-Control-and-Fault-Diagnosis.pdf\">Engine Noise Source Identification using Advanced Signal Processing Methods for Noise based Control and Fault Diagnosis.<\/a> Vaasa EnergyWeek 2024, The Research Exhibition of Energy<\/p>\n<p>Idrees, D., Hashempour, T., Mikulski, M. <a href=\"https:\/\/sites.uwasa.fi\/silentengine\/wp-content\/blogs.dir\/4\/files\/sites\/166\/2024\/03\/SE_WP3_Utilizing-state-of-art-measurement-techniques-and-simulation-tools-for-engine-exhaust-noise-analysis.pdf\">Utilizing state of art measurement techniques and simulation tools for engine exhaust noise analysis.<\/a>\u00a0 Vaasa EnergyWeek 2024, The Research Exhibition of Energy<\/p>\n<p>Kein\u00e4nen J., Malmi O., Saine, K. Paro, C., Kinnunen, A., Valkj\u00e4rvi, P. <a href=\"https:\/\/sites.uwasa.fi\/silentengine\/wp-content\/blogs.dir\/4\/files\/sites\/166\/2024\/05\/Dynamic-properties-of-wire-rope-and-rubber-isolators-at-high-frequency-range-in-engine-isolation.pdf\">Dynamic properties of wire rope and rubber isolators at high frequency range in engine isolation<\/a>. Baltic-Nordic Acoustic Meeting 2024.<\/p>\n<p><span data-olk-copy-source=\"MessageBody\">Zheng, Z., Lappas, P., Shamekhi, A-M., Wang, X., Mikulski, M. <a href=\"https:\/\/www.sciencedirect.com\/science\/article\/pii\/S0888327025012403?via%3Dihub\">Advancements in detecting combustion events through vibration analysis in internal combustion engines: a literature review<\/a>, Mechanical Systems and Signal Processing, Volume 241, 2025, 113539.<\/span><\/p>\n","protected":false},"excerpt":{"rendered":"<p>Hunicz J. , G\u0119ca M. , Ratajczyk E., Andwari A.M., Mikulski M. An analytical approach to using the vibration signal to determine combustion characteristics of homogeneous charge compression ignition engines. Energy Conversion and Management (2023). S\u00f6derback, M., Valkj\u00e4rvi, P., Storm, X., Saine, K. &amp; Mikulski M. Reducing noise in an electro-hydraulic valvetrain. Akustiikkap\u00e4iv\u00e4t 2023. Idrees, [&hellip;]<\/p>\n","protected":false},"author":147,"featured_media":0,"parent":0,"menu_order":0,"comment_status":"closed","ping_status":"closed","template":"","meta":{"_acf_changed":false,"footnotes":""},"class_list":["post-13","page","type-page","status-publish","hentry"],"acf":[],"_links":{"self":[{"href":"https:\/\/sites.uwasa.fi\/silentengine\/wp-json\/wp\/v2\/pages\/13"}],"collection":[{"href":"https:\/\/sites.uwasa.fi\/silentengine\/wp-json\/wp\/v2\/pages"}],"about":[{"href":"https:\/\/sites.uwasa.fi\/silentengine\/wp-json\/wp\/v2\/types\/page"}],"author":[{"embeddable":true,"href":"https:\/\/sites.uwasa.fi\/silentengine\/wp-json\/wp\/v2\/users\/147"}],"replies":[{"embeddable":true,"href":"https:\/\/sites.uwasa.fi\/silentengine\/wp-json\/wp\/v2\/comments?post=13"}],"version-history":[{"count":13,"href":"https:\/\/sites.uwasa.fi\/silentengine\/wp-json\/wp\/v2\/pages\/13\/revisions"}],"predecessor-version":[{"id":221,"href":"https:\/\/sites.uwasa.fi\/silentengine\/wp-json\/wp\/v2\/pages\/13\/revisions\/221"}],"wp:attachment":[{"href":"https:\/\/sites.uwasa.fi\/silentengine\/wp-json\/wp\/v2\/media?parent=13"}],"curies":[{"name":"wp","href":"https:\/\/api.w.org\/{rel}","templated":true}]}}