{"id":207,"date":"2026-01-02T11:30:43","date_gmt":"2026-01-02T09:30:43","guid":{"rendered":"https:\/\/sites.uwasa.fi\/silenskyte\/?page_id=207"},"modified":"2026-04-04T19:02:30","modified_gmt":"2026-04-04T16:02:30","slug":"reports","status":"publish","type":"page","link":"https:\/\/sites.uwasa.fi\/silenskyte\/reports\/","title":{"rendered":"Reports"},"content":{"rendered":"<p><a href=\"https:\/\/www.eera-set.eu\/index.php?option=com_attachments&amp;task=download&amp;id=2049:EERA_Report_Unlocking_the_power_of_AI_in_the_energy_sector_numerique-1\" target=\"_blank\" rel=\"noopener\"><img loading=\"lazy\" decoding=\"async\" class=\"aligncenter wp-image-208 size-full\" src=\"https:\/\/sites.uwasa.fi\/silenskyte\/wp-content\/blogs.dir\/4\/files\/sites\/253\/2026\/01\/eera-report.png\" alt=\"\" width=\"602\" height=\"812\" srcset=\"https:\/\/sites.uwasa.fi\/silenskyte\/wp-content\/blogs.dir\/4\/files\/sites\/253\/2026\/01\/eera-report.png 602w, https:\/\/sites.uwasa.fi\/silenskyte\/wp-content\/blogs.dir\/4\/files\/sites\/253\/2026\/01\/eera-report-222x300.png 222w\" sizes=\"(max-width: 602px) 100vw, 602px\" \/><\/a><\/p>\n<ul>\n<li><span class=\"cf0\">EERA (2025)\u00a0<a href=\"https:\/\/www.eera-set.eu\/index.php?option=com_attachments&amp;task=download&amp;id=2049:EERA_Report_Unlocking_the_power_of_AI_in_the_energy_sector_numerique-1\" target=\"_blank\" rel=\"noopener\">Unlocking the power of AI in Europe\u2019s energy systems: Expert policy recommendations<\/a>, lead authors: Au<\/span><span class=\"cf1\">\u0161rin\u0117 \u0160ilenskyt\u0117 (University of Vaasa), Julio C. Serrano (University of Vaasa), Maria Luisa Fernandez Vanoni (EERA), Ibrahim Tahri (IIASA), Volker Hoffmann (SINTEF), Annette Fagerhaug Stephansen (NORCE)<\/span><\/li>\n<\/ul>\n<p>&nbsp;<\/p>\n<p><a href=\"https:\/\/sites.uwasa.fi\/silenskyte\/wp-content\/blogs.dir\/4\/files\/sites\/253\/2026\/01\/dei4sme-individual-survey-report-e1775318388563.png\" target=\"_blank\" rel=\"noopener\"><img loading=\"lazy\" decoding=\"async\" class=\"aligncenter wp-image-209 size-full\" src=\"https:\/\/sites.uwasa.fi\/silenskyte\/wp-content\/blogs.dir\/4\/files\/sites\/253\/2026\/01\/dei4sme-individual-survey-report-e1775318388563.png\" alt=\"\" width=\"575\" height=\"605\" srcset=\"https:\/\/sites.uwasa.fi\/silenskyte\/wp-content\/blogs.dir\/4\/files\/sites\/253\/2026\/01\/dei4sme-individual-survey-report-e1775318388563.png 575w, https:\/\/sites.uwasa.fi\/silenskyte\/wp-content\/blogs.dir\/4\/files\/sites\/253\/2026\/01\/dei4sme-individual-survey-report-e1775318388563-285x300.png 285w\" sizes=\"(max-width: 575px) 100vw, 575px\" \/><\/a><\/p>\n<ul>\n<li>\u0160ilenskyt\u0117, A., &amp; Kiver\u00e4, O. A. (2026). <strong>Diversity, Equity, and Inclusion (DEI) Management Framework for Smaller Firms (SME) in Europe: A Practical Guide.<\/strong> Zenodo.\u00a0<a href=\"https:\/\/doi.org\/10.5281\/zenodo.19420146\" target=\"_blank\" rel=\"noopener\">https:\/\/doi.org\/10.5281\/zenodo.19420146<\/a><\/li>\n<li>Kiver\u00e4, O. A.,\u00a0<strong>\u0160ilenskyt\u0117, A<\/strong>., &amp; Delecour, T. (2025). <strong>Managing Diversity in Smaller European Businesses: Employee perspectives<\/strong>.\u00a0<a href=\"https:\/\/doi.org\/10.5281\/zenodo.15585290\" target=\"_blank\" rel=\"noopener\">https:\/\/doi.org\/10.5281\/zenodo.15585290<\/a><\/li>\n<\/ul>\n<p>&nbsp;<\/p>\n","protected":false},"excerpt":{"rendered":"<p>EERA (2025)\u00a0Unlocking the power of AI in Europe\u2019s energy systems: Expert policy recommendations, lead authors: Au\u0161rin\u0117 \u0160ilenskyt\u0117 (University of Vaasa), Julio C. Serrano (University of Vaasa), Maria Luisa Fernandez Vanoni (EERA), Ibrahim Tahri (IIASA), Volker Hoffmann (SINTEF), Annette Fagerhaug Stephansen (NORCE) &nbsp; \u0160ilenskyt\u0117, A., &amp; Kiver\u00e4, O. A. (2026). Diversity, Equity, and Inclusion (DEI) Management [&hellip;]<\/p>\n","protected":false},"author":556,"featured_media":0,"parent":0,"menu_order":0,"comment_status":"closed","ping_status":"closed","template":"","meta":{"_acf_changed":false,"footnotes":""},"class_list":["post-207","page","type-page","status-publish","hentry"],"acf":[],"_links":{"self":[{"href":"https:\/\/sites.uwasa.fi\/silenskyte\/wp-json\/wp\/v2\/pages\/207"}],"collection":[{"href":"https:\/\/sites.uwasa.fi\/silenskyte\/wp-json\/wp\/v2\/pages"}],"about":[{"href":"https:\/\/sites.uwasa.fi\/silenskyte\/wp-json\/wp\/v2\/types\/page"}],"author":[{"embeddable":true,"href":"https:\/\/sites.uwasa.fi\/silenskyte\/wp-json\/wp\/v2\/users\/556"}],"replies":[{"embeddable":true,"href":"https:\/\/sites.uwasa.fi\/silenskyte\/wp-json\/wp\/v2\/comments?post=207"}],"version-history":[{"count":5,"href":"https:\/\/sites.uwasa.fi\/silenskyte\/wp-json\/wp\/v2\/pages\/207\/revisions"}],"predecessor-version":[{"id":225,"href":"https:\/\/sites.uwasa.fi\/silenskyte\/wp-json\/wp\/v2\/pages\/207\/revisions\/225"}],"wp:attachment":[{"href":"https:\/\/sites.uwasa.fi\/silenskyte\/wp-json\/wp\/v2\/media?parent=207"}],"curies":[{"name":"wp","href":"https:\/\/api.w.org\/{rel}","templated":true}]}}