{"id":13,"date":"2025-07-26T12:27:47","date_gmt":"2025-07-26T09:27:47","guid":{"rendered":"https:\/\/sites.uwasa.fi\/silenskyte\/?page_id=13"},"modified":"2026-03-10T11:55:03","modified_gmt":"2026-03-10T09:55:03","slug":"resources","status":"publish","type":"page","link":"https:\/\/sites.uwasa.fi\/silenskyte\/resources\/","title":{"rendered":"Resources &amp; Cases"},"content":{"rendered":"<h3>Podcasts and insights (selected)<\/h3>\n<ul>\n<li>Video podcast on Youtube (2022) <strong>Strategy implementation clinic<\/strong>: <a href=\"https:\/\/www.youtube.com\/watch?v=vqim5spwmD0&amp;t=1s\">Episode 1 &#8211; transition from high-level strategic goals to actions<\/a><\/li>\n<li>Video podcast on Youtube (2023) Strategy implementation clinic: <a href=\"https:\/\/www.youtube.com\/watch?v=gS0C068VxM4&amp;t=31s\">Episode 2: <\/a><strong><strong>management methods to transform strategic goals into actions<\/strong><\/strong><\/li>\n<li>Public lecture (2023) \u201c<a href=\"https:\/\/uwasa.cloud.panopto.eu\/Panopto\/Pages\/Viewer.aspx?id=199505cf-6952-46e8-b270-afb000cea304\">Approaching adoption of blockchain strategically<\/a>&#8221; given at the &#8220;<a href=\"https:\/\/sites.uwasa.fi\/poweredbyblockchain\/\">Powered by Blockchain<\/a>&#8221; <a href=\"https:\/\/blogs.uwasa.fi\/digitaleconomy\/blockchain-technology-offers-immense-possibilities\/\">event jointly organized<\/a> by the University of Vaasa and the University of Oulu, Finland.<\/li>\n<li>Blog (2023) \u201c<a href=\"https:\/\/www.uvaasaexed.fi\/strengthening-strategy-implementation-infusing-human-elements-into-management-systems\/\">Strengthening Strategy Implementation: Infusing Human Elements into Management Systems<\/a>\u201d Vaasa University Executive Education Blog.<\/li>\n<li>Magazine article (2024): <a href=\"https:\/\/sustainabilitynext.in\/why-social-sustainability-matters-more\/\">Why Social Sustainability Matters More<\/a>, in pioneering sustainability magazine in India, SustainabilityNext.in<\/li>\n<li>Podcast on Youtube (2022) \u201c<a href=\"https:\/\/www.youtube.com\/watch?v=S49NxdmZcK4&amp;t=2s\">Overcoming challenges when adopting digital applications for strategy planning and implementation<\/a>\u201d with Tiina Partanen, the Head of Project Management Organization and Sustainability at Foamit Group.<\/li>\n<li>Podcast on Youtube (2021) \u201c<a href=\"https:\/\/www.youtube.com\/watch?v=JcUjm2ah1C4\">Adopting digital applications for strategy planning and implementation in a firm<\/a>\u201d with Tiina Partanen, the Head of Project Management Organization and Sustainability at Foamit Group.<\/li>\n<li>Public lecture on \u201c<strong>How to engage employees to implement firm\u2019s strategy?<\/strong>\u201d, Vaasa, Finland, <a href=\"https:\/\/www.youtube.com\/watch?v=15gwLisAG14\">recording available online<\/a>. Vaasa Science Carnival (2021) organized by Svenska Litteratursk\u00e4llskapet.<\/li>\n<li>EurekAlert! (2020) \u201c<a href=\"https:\/\/www.eurekalert.org\/news-releases\/690233\">Why people in your company would (not) act upon your strategy?<\/a>\u201d<\/li>\n<li>Podcast on Youtube (2022) \u201c<a href=\"https:\/\/www.youtube.com\/watch?v=GTPgiSz7-2Y\">Diversity management in Finland<\/a>\u201d with Hanna Raeluoto, Vice President of Operations at Flowhaven<\/li>\n<li>Webinar (2024) \u201c<a href=\"https:\/\/www.youtube.com\/watch?v=v4OaE091gvA\">Strengthening Diversity, Equity, and Inclusion in SME management<\/a>\u201d co-led together with Tiphaine Delecour, webinar organized in collaboration with Suomen Yritt\u00e4j\u00e4t, Vaasa, Finland<\/li>\n<li>DEI4SME blog (2024) \u201c<a href=\"https:\/\/dei4sme.eu\/smes-that-do-not-need-diversity-and-inclusion\/\">Is there a small or medium business (SME) that does NOT need to care about diversity, equity, and inclusion (DEI)?<\/a>\u201d<\/li>\n<li>EUMMAS A2S Event (2024): <a href=\"https:\/\/www.youtube.com\/watch?v=2xI_7IjZ0y4\">Promoting Social Sustainability for Building Inclusive Business Communities<\/a>, Invited speaker by The European Marketing and Management Association (EUMMAS)<\/li>\n<\/ul>\n<p>&nbsp;<\/p>\n<h3>Teaching cases<\/h3>\n<ul>\n<li><strong>\u0160ilenskyt\u0117, A<\/strong>., &amp; Delecour, T. (2025).<a href=\"https:\/\/doi.org\/10.5281\/zenodo.15116298\" target=\"_blank\" rel=\"noopener\"> Fostering diversity and inclusion by making jewelry from trash: The power of a single entrepreneur<\/a>. Zenodo. <a href=\"https:\/\/doi.org\/10.5281\/zenodo.15116298\">https:\/\/doi.org\/10.5281\/zenodo.15116298<\/a><\/li>\n<li><strong>\u0160ilenskyt\u0117, A.,<\/strong> Butkevi\u010dien\u0117, J., Koivunen, N. \u201c<a href=\"https:\/\/osuva.uwasa.fi\/server\/api\/core\/bitstreams\/0b3167c1-6a62-4a1c-a2da-46cc40992159\/content\" target=\"_blank\" rel=\"noopener\">Lympo: The complexity of responsible leadership in the emerging blockchain industry<\/a>\u201d (p. 399-409), DOI: <a href=\"https:\/\/doi.org\/10.1007\/978-3-031-50168-5_22\">https:\/\/doi.org\/10.1007\/978-3-031-50168-5_22<\/a><\/li>\n<li>Butkevi\u010dien\u0117, J., &amp; <strong>\u0160ilenskyt\u0117, A.<\/strong> (2024) \u201c<a href=\"https:\/\/osuva.uwasa.fi\/server\/api\/core\/bitstreams\/86796010-a6a3-4572-9448-0a5dc4e40b66\/content\" target=\"_blank\" rel=\"noopener\">Bridging Cryptocurrency and Traditional Finance Businesses: The Case Of SpectroCoin\u2013Pervesk<\/a>\u201d Chapter 20, p. 248-262 in Schmutzler, J., Palacios-Chac\u00f3n, L.A., Burvill, S., Andonova, V. (Ed.) &#8220;Teaching Cases on Entrepreneurship and Innovation: Unexplored Topics and Contexts&#8221;, Edward Elgar. DOI: <a href=\"https:\/\/doi.org\/10.4337\/9781802204537.00030\">https:\/\/doi.org\/10.4337\/9781802204537.00030<\/a><\/li>\n<li>Ahsan, J. &amp; <strong>\u0160ilenskyt\u0117, A.<\/strong> (2023) \u201c<a href=\"https:\/\/osuva.uwasa.fi\/server\/api\/core\/bitstreams\/c1619fb3-0032-48a1-8a6b-f3d69b3afeb4\/content\" target=\"_blank\" rel=\"noopener\">Case: Crisis dead \u2013 long live the crisis! Apple Inc.: managing the post-pandemic and cargo thefts crises<\/a>\u201d, Chapter 15, p. 209-225 in Ed. A. Gupta, S. Gupta, &amp; J. Kumar (2023) <em>Managing and Strategising Global Business in Crisis: Resolution, Resilience and Reformation,<\/em> DOI: 10.4324\/9781003295068-18<\/li>\n<li><strong>\u0160ilenskyt\u0117, A.<\/strong> (2023). Bite-size Case Study \u201cCrypto and compliance\u201d [Video file]. In <em>The Business &amp; Management Collection, Henry Stewart Talks<\/em>. Retrieved July 13, 2023, <a href=\"https:\/\/hstalks.com\/t\/5336\/crypto-and-compliance\/?business\">https:\/\/hstalks.com\/t\/5336\/crypto-and-compliance\/?business<\/a><\/li>\n<li><strong>\u0160ilenskyt\u0117, A.<\/strong> (2023). SUPER HOW?: developing legitimacy in crypto [Video file]. In <em>The Business &amp; Management Collection, Henry Stewart Talks<\/em>. Retrieved October 11, 2023, from <a href=\"https:\/\/hstalks.com\/bm\/5316\/\">https:\/\/hstalks.com\/bm\/5316\/<\/a>.<\/li>\n<li><strong>\u0160ilenskyt\u0117, A.<\/strong> (2023). Developing blockchain-based business globally [Video file]. In <em>The Business &amp; Management Collection, Henry Stewart Talks<\/em>. Retrieved April 2, 2023, from\u00a0<a href=\"https:\/\/hstalks.com\/bm\/5228\/\">https:\/\/hstalks.com\/bm\/5228\/<\/a>. Free full access \u2013 <a href=\"https:\/\/hstalks.com\/bm\/5228\/?token=e35c03d8f74e443597ed18bda1664731\">here<\/a>.<\/li>\n<\/ul>\n<p>&nbsp;<\/p>\n<h3>Teaching materials and guidance<\/h3>\n<ul>\n<li><strong>\u0160ilenskyt\u0117, A<\/strong>. (2022) &#8220;Teaching diversity management online: a learning journey for achieving inclusion&#8221; (p. 165- 184) in Ed. Bustamante, S.; Saltevo, E.; Schmitz, M.; Martinovic, M. (Eds.) (2022). <em>Shaping a Sustainable Future. Innovative Teaching Practices for Educating Responsible Leaders<\/em>. Nomos Publishing <a href=\"https:\/\/doi.org\/10.5771\/9783748933090-165\">https:\/\/doi.org\/10.5771\/9783748933090-165<\/a><\/li>\n<li>Webinar (2021) \u201c<a href=\"https:\/\/ciber.robinson.gsu.edu\/webinar-3es-in-virtual-learning-experience-energy-engagement\/\">3Es in Virtual Learning: Experience, Energy, Engagement<\/a>\u201d at Georgia State University CIBER, USA<\/li>\n<li>Webinar (2021) \u201c<a href=\"https:\/\/ciber.robinson.gsu.edu\/webinar-tools-and-innovative-teaching-formats-in-sustainability-education\/\">Tools and Innovative Teaching Formats in Sustainability Education<\/a>\u201d at Georgia State University CIBER, USA<\/li>\n<li>Webinar (February 2023) \u201c<a href=\"https:\/\/ciber.robinson.gsu.edu\/webinar-diversity-equity-and-inclusion-in-teaching-ib\/\">Diversity, Equity and Inclusion in Teaching IB<\/a>\u201d at Georgia State University CIBER, USA, delivered online<\/li>\n<li>Webinar (2022 June) \u201c<a href=\"https:\/\/ciber.robinson.gsu.edu\/webinar-what-does-an-international-business-educator-need-to-know-about-the-blockchain\/\">What does an International Business Educator need to know about the Blockchain?<\/a>\u201d at Georgia State University CIBER, USA<\/li>\n<\/ul>\n<ul>\n<li><strong>\u0160ilenskyt\u0117, A.<\/strong> (2022). <a href=\"https:\/\/www.youtube.com\/watch?v=NGcwSsw8A9w&amp;t=13s\">Lecture: Introduction to diversity concept<\/a>. [Video].<\/li>\n<li><strong>\u0160ilenskyt\u0117, A.<\/strong> (2022). <a href=\"https:\/\/www.youtube.com\/watch?v=kqLCGNQjvhc&amp;t=6s\">Lecture: Introduction to Diversity Management<\/a>. [Video].<\/li>\n<li><strong>\u0160ilenskyt\u0117, A.<\/strong> (2022). <a href=\"https:\/\/www.youtube.com\/watch?v=yc9axBVCWlY&amp;t=4s\">Lecture: Diversity Management in Organizations<\/a>. [Video].<\/li>\n<li><strong>\u0160ilenskyt\u0117, A.<\/strong> (2022). <a href=\"https:\/\/www.youtube.com\/watch?v=GreCQmMgQHY&amp;t=17s\">Lecture: Implementing Diversity Management<\/a> [Video].<\/li>\n<li>Webinar (2022) \u201c<a href=\"https:\/\/ciber.robinson.gsu.edu\/msi-consortium\/international-business-webinar-series\/webinar-remaining-relevant-in-ib-education-perspectives-for-an-impactful-academic-career-through-teaching-and-research\/\">Remaining Relevant in IB Education: Perspectives for an Impactful Academic Career through Teaching and Research<\/a>\u201d at Georgia State University CIBER, USA<\/li>\n<li>AIB TESIG video capsule by\u00a0<strong>\u0160ilenskyt\u0117, A. <\/strong>(2021) \u201c<a href=\"https:\/\/www.youtube.com\/watch?v=VmQS1LifHtQ&amp;t=1s\">Digitalization &amp; MNC management: The case of Amplon.io<\/a>\u201d<\/li>\n<li>AIB TESIG video capsule\u00a0by\u00a0<strong>\u0160ilenskyt\u0117, A. <\/strong>(2021) \u201c<a href=\"https:\/\/www.youtube.com\/watch?v=ID7TXFeOfls\">Blockchain &amp; the future of International Business<\/a>\u201d<\/li>\n<\/ul>\n<p>&nbsp;<\/p>\n<h3>Industry reports<\/h3>\n<ul>\n<li>Kiver\u00e4, O. A., <strong>\u0160ilenskyt\u0117, A<\/strong>., &amp; Delecour, T. (2025). Managing Diversity in Smaller European Businesses: Employee perspectives. <a href=\"https:\/\/doi.org\/10.5281\/zenodo.15585290\">https:\/\/doi.org\/10.5281\/zenodo.15585290<\/a><\/li>\n<\/ul>\n<h3>Policy reports<\/h3>\n<ul>\n<li><!--StartFragment --><span class=\"cf0\">EERA (2025) <a href=\"https:\/\/www.eera-set.eu\/index.php?option=com_attachments&amp;task=download&amp;id=2049:EERA_Report_Unlocking_the_power_of_AI_in_the_energy_sector_numerique-1\" target=\"_blank\" rel=\"noopener\">Unlocking the power of AI in Europe\u2019s energy systems: Expert policy recommendations<\/a>, lead authors: Au<\/span><span class=\"cf1\">\u0161rin\u0117 \u0160ilenskyt\u0117 (University of Vaasa), Julio C. Serrano (University of Vaasa), Maria Luisa Fernandez Vanoni (EERA), Ibrahim Tahri (IIASA), Volker Hoffmann (SINTEF), Annette Fagerhaug Stephansen (NORCE)<\/span><\/li>\n<\/ul>\n","protected":false},"excerpt":{"rendered":"<p>Podcasts and insights (selected) Video podcast on Youtube (2022) Strategy implementation clinic: Episode 1 &#8211; transition from high-level strategic goals to actions Video podcast on Youtube (2023) Strategy implementation clinic: Episode 2: management methods to transform strategic goals into actions Public lecture (2023) \u201cApproaching adoption of blockchain strategically&#8221; given at the &#8220;Powered by Blockchain&#8221; event [&hellip;]<\/p>\n","protected":false},"author":556,"featured_media":0,"parent":0,"menu_order":0,"comment_status":"closed","ping_status":"closed","template":"","meta":{"_acf_changed":false,"footnotes":""},"class_list":["post-13","page","type-page","status-publish","hentry"],"acf":[],"_links":{"self":[{"href":"https:\/\/sites.uwasa.fi\/silenskyte\/wp-json\/wp\/v2\/pages\/13"}],"collection":[{"href":"https:\/\/sites.uwasa.fi\/silenskyte\/wp-json\/wp\/v2\/pages"}],"about":[{"href":"https:\/\/sites.uwasa.fi\/silenskyte\/wp-json\/wp\/v2\/types\/page"}],"author":[{"embeddable":true,"href":"https:\/\/sites.uwasa.fi\/silenskyte\/wp-json\/wp\/v2\/users\/556"}],"replies":[{"embeddable":true,"href":"https:\/\/sites.uwasa.fi\/silenskyte\/wp-json\/wp\/v2\/comments?post=13"}],"version-history":[{"count":16,"href":"https:\/\/sites.uwasa.fi\/silenskyte\/wp-json\/wp\/v2\/pages\/13\/revisions"}],"predecessor-version":[{"id":220,"href":"https:\/\/sites.uwasa.fi\/silenskyte\/wp-json\/wp\/v2\/pages\/13\/revisions\/220"}],"wp:attachment":[{"href":"https:\/\/sites.uwasa.fi\/silenskyte\/wp-json\/wp\/v2\/media?parent=13"}],"curies":[{"name":"wp","href":"https:\/\/api.w.org\/{rel}","templated":true}]}}