{"id":2,"date":"2023-01-13T14:40:00","date_gmt":"2023-01-13T12:40:00","guid":{"rendered":"https:\/\/sites.uwasa.fi\/poweredbyblockchain\/?page_id=2"},"modified":"2023-02-09T12:33:26","modified_gmt":"2023-02-09T10:33:26","slug":"esimerkkisivu","status":"publish","type":"page","link":"https:\/\/sites.uwasa.fi\/poweredbyblockchain\/","title":{"rendered":""},"content":{"rendered":"<p><img loading=\"lazy\" decoding=\"async\" class=\"aligncenter wp-image-11 size-full\" src=\"https:\/\/sites.uwasa.fi\/poweredbyblockchain\/wp-content\/blogs.dir\/4\/files\/sites\/171\/2023\/01\/powered-by-blockchain-muokatt.png\" alt=\"\" width=\"1569\" height=\"715\" srcset=\"https:\/\/sites.uwasa.fi\/poweredbyblockchain\/wp-content\/blogs.dir\/4\/files\/sites\/171\/2023\/01\/powered-by-blockchain-muokatt.png 1569w, https:\/\/sites.uwasa.fi\/poweredbyblockchain\/wp-content\/blogs.dir\/4\/files\/sites\/171\/2023\/01\/powered-by-blockchain-muokatt-300x137.png 300w, https:\/\/sites.uwasa.fi\/poweredbyblockchain\/wp-content\/blogs.dir\/4\/files\/sites\/171\/2023\/01\/powered-by-blockchain-muokatt-1024x467.png 1024w, https:\/\/sites.uwasa.fi\/poweredbyblockchain\/wp-content\/blogs.dir\/4\/files\/sites\/171\/2023\/01\/powered-by-blockchain-muokatt-768x350.png 768w, https:\/\/sites.uwasa.fi\/poweredbyblockchain\/wp-content\/blogs.dir\/4\/files\/sites\/171\/2023\/01\/powered-by-blockchain-muokatt-1536x700.png 1536w\" sizes=\"(max-width: 1569px) 100vw, 1569px\" \/><\/p>\n<p style=\"text-align: center;font-size: 12px\"><em>Most well-known use cases of blockchain technology are cryptocurrencies. Nevertheless, the foundational technology enabling the cryptocurrencies, provides excellent opportunities way beyond. <strong>The most important feature of blockchain is cyber security<\/strong>, enabled by authenticity, transparency, immutable ledgers and the lack of a single point of failure.<\/em><\/p>\n<p>&nbsp;<\/p>\n<h2><\/h2>\n<h2 style=\"text-align: center\">Powered by Blockchain<\/h2>\n<p>&nbsp;<\/p>\n<p style=\"text-align: center\">In collaboration with partner Universities and OP Lab, University of Vaasa will host event days (9.2-10.2) + Online Hackathon (10.2-23.2).<\/p>\n<p style=\"text-align: center\">The event will be arranged at the Oulu at BusinessAsema (Hallituskatu 36 B) and streamed online globally. The first day of the event (in Finnish) is organized by University of Oulu, and the second day (in English) by University of Vaasa. You are welcome to participate in one or both days of the event on-site, or online. The participation is free of charge.<\/p>\n<p>&nbsp;<\/p>\n<p style=\"text-align: center\">Welcome to register to event days at <a href=\"https:\/\/www.lyyti.fi\/reg\/Digitaalinen_sisallontuotanto_7640\" target=\"_blank\" rel=\"noopener\">Lyyti<\/a> and to Hackathon at <a href=\"https:\/\/ultrahacker.click\/hackathons\/digital-identity-hack\" target=\"_blank\" rel=\"noopener\">Ultrahack<\/a>.<\/p>\n<p><a href=\"https:\/\/ultrahacker.click\/hackathons\/digital-identity-hack\"><img loading=\"lazy\" decoding=\"async\" class=\"aligncenter wp-image-73\" src=\"https:\/\/sites.uwasa.fi\/poweredbyblockchain\/wp-content\/blogs.dir\/4\/files\/sites\/171\/2023\/01\/digital-identoty-hack-300x84.png\" alt=\"\" width=\"732\" height=\"205\" srcset=\"https:\/\/sites.uwasa.fi\/poweredbyblockchain\/wp-content\/blogs.dir\/4\/files\/sites\/171\/2023\/01\/digital-identoty-hack-300x84.png 300w, https:\/\/sites.uwasa.fi\/poweredbyblockchain\/wp-content\/blogs.dir\/4\/files\/sites\/171\/2023\/01\/digital-identoty-hack-1024x285.png 1024w, https:\/\/sites.uwasa.fi\/poweredbyblockchain\/wp-content\/blogs.dir\/4\/files\/sites\/171\/2023\/01\/digital-identoty-hack-768x214.png 768w, https:\/\/sites.uwasa.fi\/poweredbyblockchain\/wp-content\/blogs.dir\/4\/files\/sites\/171\/2023\/01\/digital-identoty-hack.png 1478w\" sizes=\"(max-width: 732px) 100vw, 732px\" \/><\/a><\/p>\n<p>&nbsp;<\/p>\n<hr \/>\n<h2><\/h2>\n<h2 style=\"text-align: center\">Program:<\/h2>\n<p>&nbsp;<\/p>\n<p style=\"text-align: center\"><strong>Thursday 9.2 Culture and Blockchain (Organized by University of Oulu)<\/strong><\/p>\n<p style=\"text-align: center;font-size: 10px\">Presentations are in Finnish<\/p>\n<table class=\" aligncenter\" style=\"width: 666px\">\n<thead>\n<tr style=\"height: 24px\">\n<td style=\"width: 58px;height: 24px\">Time<\/td>\n<td style=\"width: 506px;height: 24px\">Program<\/td>\n<td style=\"width: 604px;height: 24px\">Speakers<\/td>\n<\/tr>\n<\/thead>\n<tbody>\n<tr style=\"height: 24px\">\n<td style=\"width: 58px;height: 24px\">9.00<\/td>\n<td style=\"width: 506px;height: 24px;font-size: 9pt\">Welcoming words<\/td>\n<td style=\"width: 604px;height: 24px\">\n<p style=\"margin: 0in;font-family: 'trebuchet ms';font-size: 9.0pt;color: black\">Jussi Leponiemi, BusinessOulu<\/p>\n<\/td>\n<\/tr>\n<tr style=\"height: 24px\">\n<td style=\"width: 58px;height: 24px\">9.05<\/td>\n<td style=\"width: 506px;height: 24px;font-size: 9pt\">\n<p><strong>Keynote<\/strong><\/p>\n<p>Stream and Live event: BusinessAsema Oulu<\/td>\n<td style=\"width: 604px;text-align: left;height: 24px\">\n<p style=\"margin: 0in;font-family: 'trebuchet ms';font-size: 9.0pt;color: black\">Sasu Ristim\u00e4ki, Founding partner, Smart Contract Company Oy and SRI Capital Oy<\/p>\n<\/td>\n<\/tr>\n<tr style=\"height: 146px\">\n<td style=\"width: 58px;height: 146px\">9.40<\/td>\n<td style=\"width: 506px;height: 146px;font-size: 9pt\">\n<p><strong>Panel discussion:<\/strong> Experiences from Finnish National Gallery NFT-art exhibition<\/p>\n<p>Stream and Live event: BusinessAsema Oulu<\/td>\n<td style=\"width: 604px;text-align: left;height: 146px;font-size: 9pt\">\n<p style=\"margin: 0in;font-family: 'trebuchet ms';font-size: 9.0pt;color: black\">Moderator Pasi Karppinen, University of Oulu:<\/p>\n<p style=\"margin: 0in;font-family: 'trebuchet ms';font-size: 9.0pt;color: black\">&#8211; Helena Mustikainen, Sitra<\/p>\n<p style=\"margin: 0in;font-family: 'trebuchet ms';font-size: 9.0pt;color: black\">&#8211; Johanna Eiramo, Finnish National Gallery<\/p>\n<p style=\"margin: 0in;font-family: 'trebuchet ms';font-size: 9.0pt;color: black\">&#8211; Marja Konttinen, Decentraland<\/p>\n<p style=\"margin: 0in;font-family: 'trebuchet ms';font-size: 9.0pt;color: black\">&#8211; Juho Mattila, University of Oulu \/ Ikunelabs<\/p>\n<\/td>\n<\/tr>\n<tr style=\"height: 24px\">\n<td style=\"width: 58px;height: 24px\">10.30<\/td>\n<td style=\"width: 506px;height: 24px\">\n<p style=\"margin: 0in;font-family: 'trebuchet ms';font-size: 9.0pt;color: black\"><strong>Presentation:<\/strong> Legal perspective to Art-NTF&#8217;s Stream and Live event: BusinessAsema Oulu<\/p>\n<\/td>\n<td style=\"width: 604px;height: 24px\">\n<p style=\"margin: 0in;font-family: 'trebuchet ms';font-size: 9.0pt;color: black\">Janne Kaisto, Eelis Paukku, Juhana Riekkinen, University of Lapland<\/p>\n<\/td>\n<\/tr>\n<tr style=\"height: 48px\">\n<td style=\"width: 58px;height: 48px\">11.10<\/td>\n<td style=\"width: 506px;height: 48px;font-size: 9pt\">\n<p><strong>Presentation: <\/strong>Oulu &#8211; Culture capital of Europe 2026<\/p>\n<p>Stream and Live event: BusinessAsema Oulu<\/td>\n<td style=\"width: 604px;height: 48px;font-size: 9pt\">Henri Turunen, City of Oulu<\/td>\n<\/tr>\n<tr style=\"height: 25px\">\n<td style=\"width: 58px;height: 25px\">11.30<\/td>\n<td style=\"width: 506px;height: 25px;font-size: 9pt\">\n<p><strong>Presentation: <\/strong>Powered by blockchain-project<\/p>\n<p>Stream and Live event: BusinessAsema Oulu<\/td>\n<td style=\"width: 604px;height: 25px;font-size: 9pt\">Tommi Kauppinen, University of applied sciences Kajaani<\/td>\n<\/tr>\n<tr style=\"height: 24px\">\n<td style=\"width: 58px;height: 24px\">11.45<\/td>\n<td style=\"width: 506px;height: 24px;font-size: 9pt\">Lunch<\/td>\n<td style=\"width: 604px;height: 24px\"><\/td>\n<\/tr>\n<tr style=\"height: 24px\">\n<td style=\"width: 58px;height: 24px\">12.30<\/td>\n<td style=\"width: 506px;height: 24px;font-size: 9pt\">\n<p><strong>Workshop: <\/strong>Spoken word-NFT-art workshop<\/p>\n<p>Live event: BusinessAsema Oulu<\/td>\n<td style=\"width: 604px;height: 24px;font-size: 9pt\">Ainokaisa Huusko<\/td>\n<\/tr>\n<\/tbody>\n<\/table>\n<p>&nbsp;<\/p>\n<p style=\"text-align: center\"><strong>Friday 10.2 Blockchain technology and business (Organized by University of Vaasa)<\/strong><\/p>\n<p style=\"text-align: center;font-size: 10px\">Presentations are in English and will be streamed online<\/p>\n<p>\/tr&gt;<\/p>\n<table class=\" aligncenter\" style=\"width: 722px;height: 988px\">\n<thead>\n<tr style=\"height: 24px\">\n<td style=\"width: 70px;height: 24px\">Time<\/td>\n<td style=\"width: 340px;height: 24px\">Program<\/td>\n<td style=\"width: 289px;height: 24px\">Speakers<\/td>\n<\/tr>\n<\/thead>\n<tbody>\n<tr style=\"height: 24px\">\n<td style=\"width: 70px;height: 24px;font-size: 9pt\">8.50<\/td>\n<td style=\"width: 340px;font-size: 9pt;height: 24px\">Welcoming words<\/td>\n<td style=\"width: 289px;height: 24px\">\n<p style=\"margin: 0in;font-family: 'trebuchet ms';font-size: 9.0pt;color: black\">Tomi Salo, University of Vaasa<\/p>\n<\/td>\n<\/tr>\n<tr style=\"height: 90px\">\n<td style=\"width: 70px;height: 90px;font-size: 9pt\">9.00<\/td>\n<td style=\"width: 340px;font-size: 9pt;height: 90px\">\n<p><strong>Keynote<\/strong>: Working with blockchain- and Web3-ecosystems, Web3 gaming.<\/p>\n<p>Stream<\/td>\n<td style=\"width: 289px;text-align: left;height: 90px\">\n<p style=\"margin: 0in;font-family: 'trebuchet ms';font-size: 9.0pt;color: black\">Aliaksandr \u201cSasha\u201d Hudzilin, Former head of business development at NEAR and served as a founding member of the team. <a href=\"https:\/\/near.org\/\" target=\"_blank\" rel=\"noopener\">Near Protocol.<\/a><\/p>\n<\/td>\n<\/tr>\n<tr style=\"height: 90px\">\n<td style=\"width: 70px;height: 90px;font-size: 9pt\">10.00<\/td>\n<td style=\"width: 340px;font-size: 9pt;height: 90px\">\n<p><strong>Presentation:<\/strong>\u00a0 Blockchain revolution in Lithuania<\/p>\n<p>Stream<\/td>\n<td style=\"width: 289px;text-align: left;font-size: 9pt;height: 90px\">Andrius Bartminas, Co-founder of Superhow <a href=\"https:\/\/www.superhow.com\/\" target=\"_blank\" rel=\"noopener\">Superhow.com<\/a><\/td>\n<\/tr>\n<tr style=\"height: 90px\">\n<td style=\"width: 70px;height: 90px;font-size: 9pt\">10.45<\/td>\n<td style=\"width: 340px;font-size: 9pt;height: 90px\">\n<p><strong>Presentation:<\/strong> Approaching blockchain adoption strategically<\/p>\n<p>Stream<\/td>\n<td style=\"width: 289px;font-size: 9pt;height: 90px\">Au\u0161rin\u0117 \u0160ilenskyt\u0117, Researcher Uwasa<\/td>\n<\/tr>\n<tr style=\"height: 24px\">\n<td style=\"width: 70px;height: 24px;font-size: 9pt\">11.15<\/td>\n<td style=\"width: 340px;font-size: 9pt;height: 24px\">Lunch<\/td>\n<td style=\"width: 289px;height: 24px\"><\/td>\n<\/tr>\n<tr style=\"height: 90px\">\n<td style=\"width: 70px;height: 90px;font-size: 9pt\">12.00<\/td>\n<td style=\"width: 340px;font-size: 9pt;height: 90px\">\n<p><strong>Presentation: <\/strong>Building a Web3 World Powered by Cryptographic Truth<\/p>\n<p>Stream<\/td>\n<td style=\"width: 289px;font-size: 9pt;height: 90px\">Andrej Rakic, developer advocate Chainlink <a href=\"https:\/\/chain.link\/\" target=\"_blank\" rel=\"noopener\">Chain.link<\/a><\/td>\n<\/tr>\n<tr style=\"height: 48px\">\n<td style=\"width: 70px;height: 48px;font-size: 9pt\">\n<p><strong>Afternoon<\/strong><\/p>\n<p>&nbsp;<\/p>\n<p>&nbsp;<\/p>\n<p><strong>\u00a0<\/strong><\/p>\n<p>&nbsp;<\/p>\n<p>&nbsp;<\/p>\n<p>&nbsp;<\/p>\n<p>&nbsp;<\/p>\n<p>&nbsp;<\/p>\n<p>&nbsp;<\/p>\n<p>&nbsp;<\/p>\n<p>&nbsp;<\/p>\n<p>&nbsp;<\/p>\n<p>&nbsp;<\/td>\n<td style=\"width: 340px;font-size: 9pt;height: 48px\">\n<p><strong>13:00-13:15<\/strong>\u00a0Welcoming words to afternoon and introduction to Powered by Blockchain -project<\/p>\n<p>&nbsp;<\/p>\n<p><strong>13.15- 13:35 <\/strong>Introduction to SSI<\/p>\n<p><strong>13:35-13:40 <\/strong>Digital Identity Hackathon \u2013 Challenge\u00a0introduction<\/p>\n<p>&nbsp;<\/p>\n<p><strong>13.45-14.30 Panel discussion: <\/strong>Developing Blockchain and Crypto Projects \u2013 Mission Impossible<\/p>\n<p>&nbsp;<\/p>\n<p>&nbsp;<\/p>\n<p>&nbsp;<\/p>\n<p>Stream and Live event: BusinessAsema Oulu<\/td>\n<td style=\"width: 289px;font-size: 9pt;height: 48px\">\n<p>&nbsp;<\/p>\n<p>P\u00e4ivi J\u00e4rvenp\u00e4\u00e4, OP Lab<\/p>\n<p>Tomi Salo, University of Vaasa<\/p>\n<p>&nbsp;<\/p>\n<p>Harri Lainio, OP Lab<\/p>\n<p>P\u00e4ivi J\u00e4rvenp\u00e4\u00e4, OP Lab<\/p>\n<p>&nbsp;<\/p>\n<p>Facilitated by OP Lab.<\/p>\n<p>Jani Partanen \/ Joisto<br \/>\nRainer Koirikivi \/ Interjektio<br \/>\nSandun Dasanayake \/ Q4US<br \/>\nPekka Kaipio \/ OP Lab<\/p>\n<p>&nbsp;<\/p>\n<p>&nbsp;<\/p>\n<p>&nbsp;<\/td>\n<\/tr>\n<tr style=\"height: 90px\">\n<td style=\"width: 70px;height: 28px;font-size: 9pt\">14:30-15:30<\/td>\n<td style=\"width: 340px;font-size: 9pt;height: 28px\"><strong>Drinks &amp; Networking<\/strong><\/td>\n<td style=\"width: 289px;font-size: 9pt;height: 28px\"><\/td>\n<\/tr>\n<\/tbody>\n<\/table>\n<p>&nbsp;<\/p>\n<p>&nbsp;<\/p>\n<hr \/>\n<p>&nbsp;<\/p>\n<div id=\"12\" class=\"readable-text\" data-hash=\"f0e9e676d47afc933c6c331b46edee50\">\n<blockquote>\n<p style=\"text-align: center;font-size: 12px\">The Internet was built without a way to know who and what you are connecting to. This limits what we can do with it and exposes us to growing dangers. If we do nothing, we will face rapidly proliferating episodes of theft and deception that will cumulatively erode public trust in the Internet.<\/p>\n<p style=\"text-align: center;font-size: 14px\">Kim Cameron, Chief Architecture of Identity, Microsoft<\/p>\n<\/blockquote>\n<\/div>\n<p>&nbsp;<\/p>\n<h2 style=\"text-align: center\"><strong><span style=\"text-decoration: underline\">Hackathon: Digital identity hack<\/span><\/strong><\/h2>\n<p style=\"text-align: center;font-size: 12px\">In collaboration with OP lab, powered by blockchain-project and Ultrahack<\/p>\n<p>&nbsp;<\/p>\n<p style=\"text-align: center\"><em>Decentralized finance allows for the creation of financial products and services that are transparent, open, and accessible to anyone on the internet. Now, these services are used outside the financial institutions for several reasons. One of the key reasons is the lack of verifiable identity in transactions. Identity information is crucial for the compliance of business transactions. The emergence of self-sovereign identity technologies opens new opportunities for decentralized identity verification with verifiable credentials.<\/em><\/p>\n<p>&nbsp;<\/p>\n<p><a href=\"https:\/\/ultrahacker.click\/hackathons\/digital-identity-hack\"><img loading=\"lazy\" decoding=\"async\" class=\"aligncenter wp-image-73\" src=\"https:\/\/sites.uwasa.fi\/poweredbyblockchain\/wp-content\/blogs.dir\/4\/files\/sites\/171\/2023\/01\/digital-identoty-hack-300x84.png\" alt=\"\" width=\"732\" height=\"205\" srcset=\"https:\/\/sites.uwasa.fi\/poweredbyblockchain\/wp-content\/blogs.dir\/4\/files\/sites\/171\/2023\/01\/digital-identoty-hack-300x84.png 300w, https:\/\/sites.uwasa.fi\/poweredbyblockchain\/wp-content\/blogs.dir\/4\/files\/sites\/171\/2023\/01\/digital-identoty-hack-1024x285.png 1024w, https:\/\/sites.uwasa.fi\/poweredbyblockchain\/wp-content\/blogs.dir\/4\/files\/sites\/171\/2023\/01\/digital-identoty-hack-768x214.png 768w, https:\/\/sites.uwasa.fi\/poweredbyblockchain\/wp-content\/blogs.dir\/4\/files\/sites\/171\/2023\/01\/digital-identoty-hack.png 1478w\" sizes=\"(max-width: 732px) 100vw, 732px\" \/><\/a><\/p>\n<p>&nbsp;<\/p>\n<p style=\"text-align: center\">More information and registration at Ultrahack website: <a href=\"https:\/\/ultrahacker.click\/hackathons\/digital-identity-hack\">Digital Identity Hack<\/a><\/p>\n<p>&nbsp;<\/p>\n<p style=\"text-align: center\">Welcome!<\/p>\n<p>&nbsp;<\/p>\n<p>&nbsp;<\/p>\n<p>&nbsp;<\/p>\n<p>&nbsp;<\/p>\n<hr \/>\n<pre>This event is part of Powered by blockchain-project in collaboration with University of Oulu, University of Lapland and Kajaani University of Applied sciences. Project is funded by European Union and European Social Fund. More information about the project can be found from: <a href=\"https:\/\/www.uwasa.fi\/fi\/tutkimus\/hankkeet\/tehoa-lohkoketjuista-koulutushanke\">Tehoa lohkoketjuista -koulutushanke | Vaasan yliopisto (uwasa.fi)<\/a><\/pre>\n<p style=\"text-align: center\"><img loading=\"lazy\" decoding=\"async\" class=\"wp-image-38 alignleft\" src=\"https:\/\/sites.uwasa.fi\/blockchainhackathon2022\/wp-content\/blogs.dir\/4\/files\/sites\/161\/2022\/09\/picture2-300x86.png\" alt=\"\" width=\"226\" height=\"65\" \/><\/p>\n<p>\u00a0<img loading=\"lazy\" decoding=\"async\" class=\"wp-image-48 alignright\" src=\"https:\/\/sites.uwasa.fi\/blockchainhackathon2022\/wp-content\/blogs.dir\/4\/files\/sites\/161\/2022\/09\/244cbf10-4aab-426f-a07c-01980ca18b93-300x73.png\" alt=\"\" width=\"264\" height=\"64\" \/><\/p>\n<p>&nbsp;<\/p>\n","protected":false},"excerpt":{"rendered":"<p>Most well-known use cases of blockchain technology are cryptocurrencies. Nevertheless, the foundational technology enabling the cryptocurrencies, provides excellent opportunities way beyond. The most important feature of blockchain is cyber security, enabled by authenticity, transparency, immutable ledgers and the lack of a single point of failure. &nbsp; Powered by Blockchain &nbsp; In collaboration with partner Universities [&hellip;]<\/p>\n","protected":false},"author":407,"featured_media":0,"parent":0,"menu_order":0,"comment_status":"closed","ping_status":"open","template":"page-templates\/tpl-image-wide.php","meta":{"_acf_changed":false,"footnotes":""},"class_list":["post-2","page","type-page","status-publish","hentry"],"acf":[],"_links":{"self":[{"href":"https:\/\/sites.uwasa.fi\/poweredbyblockchain\/wp-json\/wp\/v2\/pages\/2"}],"collection":[{"href":"https:\/\/sites.uwasa.fi\/poweredbyblockchain\/wp-json\/wp\/v2\/pages"}],"about":[{"href":"https:\/\/sites.uwasa.fi\/poweredbyblockchain\/wp-json\/wp\/v2\/types\/page"}],"author":[{"embeddable":true,"href":"https:\/\/sites.uwasa.fi\/poweredbyblockchain\/wp-json\/wp\/v2\/users\/407"}],"replies":[{"embeddable":true,"href":"https:\/\/sites.uwasa.fi\/poweredbyblockchain\/wp-json\/wp\/v2\/comments?post=2"}],"version-history":[{"count":141,"href":"https:\/\/sites.uwasa.fi\/poweredbyblockchain\/wp-json\/wp\/v2\/pages\/2\/revisions"}],"predecessor-version":[{"id":151,"href":"https:\/\/sites.uwasa.fi\/poweredbyblockchain\/wp-json\/wp\/v2\/pages\/2\/revisions\/151"}],"wp:attachment":[{"href":"https:\/\/sites.uwasa.fi\/poweredbyblockchain\/wp-json\/wp\/v2\/media?parent=2"}],"curies":[{"name":"wp","href":"https:\/\/api.w.org\/{rel}","templated":true}]}}