{"id":768,"date":"2024-09-03T14:58:38","date_gmt":"2024-09-03T11:58:38","guid":{"rendered":"https:\/\/sites.uwasa.fi\/peril\/?page_id=768"},"modified":"2025-05-30T07:46:30","modified_gmt":"2025-05-30T04:46:30","slug":"tuki","status":"publish","type":"page","link":"https:\/\/sites.uwasa.fi\/peril\/tuki\/","title":{"rendered":"Haluatko tukea s\u00e4\u00e4h\u00e4n ja ilmastoon liittyvien riskien hallintaan?"},"content":{"rendered":"<p class=\"xmsonormal\"><a href=\"https:\/\/sites.uwasa.fi\/peril\/wp-content\/blogs.dir\/4\/files\/sites\/184\/2024\/05\/peril-uutiskuva-apua-yrityksille.png\"><img loading=\"lazy\" decoding=\"async\" class=\"wp-image-728 alignleft\" src=\"https:\/\/sites.uwasa.fi\/peril\/wp-content\/blogs.dir\/4\/files\/sites\/184\/2024\/05\/peril-uutiskuva-apua-yrityksille.png\" alt=\"AI-kuva, jossa on pelastursengas keskell\u00e4 aallokkoa.\" width=\"379\" height=\"171\" srcset=\"https:\/\/sites.uwasa.fi\/peril\/wp-content\/blogs.dir\/4\/files\/sites\/184\/2024\/05\/peril-uutiskuva-apua-yrityksille.png 1080w, https:\/\/sites.uwasa.fi\/peril\/wp-content\/blogs.dir\/4\/files\/sites\/184\/2024\/05\/peril-uutiskuva-apua-yrityksille-300x135.png 300w, https:\/\/sites.uwasa.fi\/peril\/wp-content\/blogs.dir\/4\/files\/sites\/184\/2024\/05\/peril-uutiskuva-apua-yrityksille-1024x462.png 1024w, https:\/\/sites.uwasa.fi\/peril\/wp-content\/blogs.dir\/4\/files\/sites\/184\/2024\/05\/peril-uutiskuva-apua-yrityksille-768x346.png 768w\" sizes=\"(max-width: 379px) 100vw, 379px\" \/><\/a>Mik\u00e4li tunnistat yrityksesi kaipaavan tukea toimialaasi vaikuttavien s\u00e4\u00e4h\u00e4n ja ilmastoon liittyvien riskien hallintaan, tutustu <a href=\"https:\/\/ilmastoriski.fi\">Ilmastoriski-portaalin<\/a> aineistoihin tai esit\u00e4 sivustolla kysymyksesi suoraan Arvo-chatbotille!<\/p>\n<p class=\"xmsonormal\">PERIL-hanke on p\u00e4\u00e4ttynyt mutta n\u00e4m\u00e4 hankkeen tuotokset ovat vapaasti k\u00e4ytett\u00e4viss\u00e4 toistaiseksi.<\/p>\n","protected":false},"excerpt":{"rendered":"<p>Mik\u00e4li tunnistat yrityksesi kaipaavan tukea toimialaasi vaikuttavien s\u00e4\u00e4h\u00e4n ja ilmastoon liittyvien riskien hallintaan, tutustu Ilmastoriski-portaalin aineistoihin tai esit\u00e4 sivustolla kysymyksesi suoraan Arvo-chatbotille! PERIL-hanke on p\u00e4\u00e4ttynyt mutta n\u00e4m\u00e4 hankkeen tuotokset ovat vapaasti k\u00e4ytett\u00e4viss\u00e4 toistaiseksi.<\/p>\n","protected":false},"author":29,"featured_media":0,"parent":0,"menu_order":0,"comment_status":"closed","ping_status":"closed","template":"","meta":{"_acf_changed":false,"footnotes":""},"class_list":["post-768","page","type-page","status-publish","hentry"],"acf":[],"_links":{"self":[{"href":"https:\/\/sites.uwasa.fi\/peril\/wp-json\/wp\/v2\/pages\/768"}],"collection":[{"href":"https:\/\/sites.uwasa.fi\/peril\/wp-json\/wp\/v2\/pages"}],"about":[{"href":"https:\/\/sites.uwasa.fi\/peril\/wp-json\/wp\/v2\/types\/page"}],"author":[{"embeddable":true,"href":"https:\/\/sites.uwasa.fi\/peril\/wp-json\/wp\/v2\/users\/29"}],"replies":[{"embeddable":true,"href":"https:\/\/sites.uwasa.fi\/peril\/wp-json\/wp\/v2\/comments?post=768"}],"version-history":[{"count":6,"href":"https:\/\/sites.uwasa.fi\/peril\/wp-json\/wp\/v2\/pages\/768\/revisions"}],"predecessor-version":[{"id":953,"href":"https:\/\/sites.uwasa.fi\/peril\/wp-json\/wp\/v2\/pages\/768\/revisions\/953"}],"wp:attachment":[{"href":"https:\/\/sites.uwasa.fi\/peril\/wp-json\/wp\/v2\/media?parent=768"}],"curies":[{"name":"wp","href":"https:\/\/api.w.org\/{rel}","templated":true}]}}