{"id":750,"date":"2019-10-29T09:01:03","date_gmt":"2019-10-29T07:01:03","guid":{"rendered":"https:\/\/sites.uwasa.fi\/peek\/?page_id=750"},"modified":"2021-04-10T18:29:22","modified_gmt":"2021-04-10T15:29:22","slug":"gamejam","status":"publish","type":"page","link":"https:\/\/sites.uwasa.fi\/peek\/gamejam\/","title":{"rendered":"PEEK Game Jam 2019"},"content":{"rendered":"<h3><strong>Pelijamit (pelinkehitt\u00e4jien mahdollisuus luoda peli-ideoita ty\u00f6pajojen pohjalta)<\/strong><\/h3>\n<p><img loading=\"lazy\" decoding=\"async\" class=\"alignright wp-image-1403\" src=\"https:\/\/sites.uwasa.fi\/peek\/wp-content\/uploads\/sites\/30\/2020\/12\/pelijamitvalinta.png\" alt=\"\" width=\"609\" height=\"903\" srcset=\"https:\/\/sites.uwasa.fi\/peek\/wp-content\/uploads\/sites\/30\/2020\/12\/pelijamitvalinta.png 2259w, https:\/\/sites.uwasa.fi\/peek\/wp-content\/uploads\/sites\/30\/2020\/12\/pelijamitvalinta-202x300.png 202w, https:\/\/sites.uwasa.fi\/peek\/wp-content\/uploads\/sites\/30\/2020\/12\/pelijamitvalinta-691x1024.png 691w, https:\/\/sites.uwasa.fi\/peek\/wp-content\/uploads\/sites\/30\/2020\/12\/pelijamitvalinta-768x1138.png 768w, https:\/\/sites.uwasa.fi\/peek\/wp-content\/uploads\/sites\/30\/2020\/12\/pelijamitvalinta-1036x1536.png 1036w, https:\/\/sites.uwasa.fi\/peek\/wp-content\/uploads\/sites\/30\/2020\/12\/pelijamitvalinta-1382x2048.png 1382w\" sizes=\"(max-width: 609px) 100vw, 609px\" \/>Hankkeen ty\u00f6pajoissa k\u00e4ytyjen keskustelujen perusteella hahmottui luontevimmaksi tavaksi aktivoida pelinkehitt\u00e4j\u00e4t luomaan pelillisi\u00e4 ratkaisuja j\u00e4rjest\u00e4m\u00e4ll\u00e4 hankkeen oma pelinkehitystapahtuma \u201dPEEK Game Jam\u201d. Hankety\u00f6ryhm\u00e4 j\u00e4rjesti PEEK Game jam 2019 -tilaisuuden itse Sein\u00e4joella Framissa SeAMK:n tiloissa. Muut pelinkehitystapahtumat (Ludum Dare 45 &amp; Finnish Game Jam 2019) olivat valtakunnallisia pelijameja, joihin PEEK-hanke osallistui. N\u00e4iss\u00e4 pelijameissa kehitettiin hankkeen aihepiiriin sopivia peli-ideoita ja valmiita peliaihioita, joita hankkeessa voitiin l\u00e4hte\u00e4 jatkokehitt\u00e4m\u00e4\u00e4n. Pelijamit ovat hankkeessa osa ty\u00f6pajaty\u00f6skentely\u00e4.<\/p>\n<p>Pelijamit ovat rentoja ja hauskoja pelinkehitystapahtumia, joissa pelikehityksest\u00e4 kiinnostuneet tekev\u00e4t annettujen aikarajojen puitteissa valitun teeman suuntaisia pelej\u00e4. Yleens\u00e4 osallistujat saavat tiet\u00e4\u00e4 aihepiirin vasta pelijamien alkaessa. Peek Game Jam 2019 osallistujille annettiin etuk\u00e4teen tiedoksi kiertotalouden, energiatalouden sek\u00e4 oman talouden hallinnan aihepiirit.<\/p>\n<p>Pelijamitilaisuutta mainostettiin mahdollisuutena esimerkiksi saada ensimm\u00e4inen pelitoimeksianto toteutettua, saada ty\u00f6llistetty\u00e4 itsens\u00e4 tai vaikkapa vain verkostoitua ja tutustua muihin pelien tekemisest\u00e4 kiinnostuneisiin. Tarjolla oli kehityskelpoisimmiksi todettujen peli-ideoiden kehitt\u00e4jille mahdollisuus toimeksiantoon, jonka pohjalta pelin tekij\u00e4tiimi voisi l\u00e4hte\u00e4 jatkokehitt\u00e4m\u00e4\u00e4n jameissa esittelem\u00e4\u00e4ns\u00e4 peli\u00e4. Toimeksiannon p\u00e4\u00e4m\u00e4\u00e4r\u00e4n\u00e4 oli tehd\u00e4 prototyyppi annettuihin teemoihin liittyv\u00e4st\u00e4 pelist\u00e4.<\/p>\n<p>Oman pelijamitilaisuuden lis\u00e4ksi hankkeelle tarjoutui Sepeli Ry:n kautta mahdollisuus saada hankkeen aihepiirit my\u00f6s osaksi valtakunnallisia Ludum Dare 45 sek\u00e4 Finnish Game Jam 2019 -pelijamitapahtumia erillisen vapaaehtoisen paikallisteeman muodossa. Varsinainen p\u00e4\u00e4huomio s\u00e4ilytettiin silti hankkeen omassa pelinkehitystapahtumassa. Ludum Dare 45 -tapahtumassa hankkeen aihepiirej\u00e4 k\u00e4sittelevi\u00e4 peliaihioita valmistui kaksi. N\u00e4ille annettiin mahdollisuus joko tuoda ty\u00f6t sellaisenaan kilpailemaan osaksi hankkeen omia pelijameja tai mahdollisesti jatkamaan aloitettua kehitysty\u00f6t\u00e4 hankkeen omissa pelijameissa.<\/p>\n<h4><\/h4>\n<h4><\/h4>\n<h4><\/h4>\n<h4><\/h4>\n<h4><\/h4>\n<h4><\/h4>\n<p>&nbsp;<\/p>\n<p>&nbsp;<\/p>\n<p>&nbsp;<\/p>\n<p>&nbsp;<\/p>\n<p>&nbsp;<\/p>\n<p>&nbsp;<\/p>\n<p>&nbsp;<\/p>\n<p>&nbsp;<\/p>\n<p>&nbsp;<\/p>\n<h4><\/h4>\n<h4><\/h4>\n<h4 style=\"text-align: left\"><strong>PEEK Game Jam 2019 pidettiin 23.\u201324.11.2019 Sein\u00e4joella<\/strong><\/h4>\n<h2 style=\"text-align: left\"><strong>KIITOS KAIKILLE PELIJAMEIHIN OSALLISTUNEILLE!!<\/strong><\/h2>\n<p><a href=\"https:\/\/link.webropolsurveys.com\/EP\/9461251BD793CDAD\" target=\"_blank\" rel=\"noopener noreferrer\"><img loading=\"lazy\" decoding=\"async\" class=\" wp-image-853 alignright\" src=\"https:\/\/sites.uwasa.fi\/peek\/wp-content\/uploads\/sites\/30\/2019\/11\/pacmanniteksti2.png\" alt=\"\" width=\"588\" height=\"316\" srcset=\"https:\/\/sites.uwasa.fi\/peek\/wp-content\/uploads\/sites\/30\/2019\/11\/pacmanniteksti2.png 981w, https:\/\/sites.uwasa.fi\/peek\/wp-content\/uploads\/sites\/30\/2019\/11\/pacmanniteksti2-300x161.png 300w, https:\/\/sites.uwasa.fi\/peek\/wp-content\/uploads\/sites\/30\/2019\/11\/pacmanniteksti2-768x413.png 768w\" sizes=\"(max-width: 588px) 100vw, 588px\" \/><\/a>Hankkeen omat pelijamit j\u00e4rjestettiin Sein\u00e4joella Framissa SeAMK:n tiloissa. Tarjolla oli kehityskelpoisimmiksi todettujen peli-ideoiden kehitt\u00e4jille mahdollisuus toimeksiantoon, jonka pohjalta pelin tekij\u00e4tiimi voi l\u00e4hte\u00e4 jatkokehitt\u00e4m\u00e4\u00e4n jameissa esittelem\u00e4\u00e4ns\u00e4 peli\u00e4. Toimeksiannon p\u00e4\u00e4m\u00e4\u00e4r\u00e4n\u00e4 oli tehd\u00e4 prototyyppi annettuihin teemoihin liittyv\u00e4st\u00e4 pelist\u00e4.<\/p>\n<p>PEEK Game Jam 2019 -tilaisuuden tuloksena oli yhteens\u00e4 seitsem\u00e4n erilaista hankkeen aihealueita k\u00e4sittelev\u00e4\u00e4 peli-ideaa tai peliesimerkki\u00e4: Tukivastaava, Supra, Luonto, Himohamstraaja, Kuluttajakuiskaaja, Kierr\u00e4tyskyselij\u00e4 sek\u00e4 Talotamagotchi. Voit tutustua palautettuihin aiheisiin tarkemmin <a href=\"https:\/\/itch.io\/jam\/peek2019\/entries\" target=\"_blank\" rel=\"noopener noreferrer\">Itch.io-alustalla<\/a>. Pelej\u00e4 ideoineet osallistujat esitteliv\u00e4t pelijamien p\u00e4\u00e4tteeksi pelins\u00e4 hankeryhm\u00e4lle.<\/p>\n<p>Tilaisuuden j\u00e4lkeen hankeryhm\u00e4 (Panu Kalmi, Tanja Sihvonen, Juha V\u00e4nsk\u00e4, Mikael M\u00e4enp\u00e4\u00e4 ja Saija Alanko) kokoontui arvioimaan peli-ideat ja p\u00e4\u00e4tt\u00e4m\u00e4\u00e4n jatkokehitykseen valittavat pelit. Peli-ideoista valittiin t\u00e4ll\u00e4 kierroksella jatkokehittelyyn kaksi ehdotusta: Kierr\u00e4tykseen ja tavaroiden karsimiseen sek\u00e4 uudelleen k\u00e4ytt\u00f6\u00f6n pohjautuvan <a href=\"https:\/\/sites.uwasa.fi\/peek\/kierratyspeli\/\" target=\"_blank\" rel=\"noopener noreferrer\">Himohamstraajat<\/a> sek\u00e4 energians\u00e4\u00e4st\u00f6\u00f6n kannustavan IoT\/mobiiliaplikaatio <a href=\"https:\/\/sites.uwasa.fi\/peek\/energiapeli\/\" target=\"_blank\" rel=\"noopener noreferrer\">Talotamagotchin<\/a>. Kaikille peli-idean esitelleille annettiin my\u00f6s arviointiryhm\u00e4n laatima kirjallinen palaute.<\/p>\n<p>&nbsp;<\/p>\n<p><img loading=\"lazy\" decoding=\"async\" class=\" wp-image-1235 alignright\" src=\"https:\/\/sites.uwasa.fi\/peek\/wp-content\/uploads\/sites\/30\/2020\/04\/gamejam.jpg\" alt=\"\" width=\"587\" height=\"612\" srcset=\"https:\/\/sites.uwasa.fi\/peek\/wp-content\/uploads\/sites\/30\/2020\/04\/gamejam.jpg 1967w, https:\/\/sites.uwasa.fi\/peek\/wp-content\/uploads\/sites\/30\/2020\/04\/gamejam-288x300.jpg 288w, https:\/\/sites.uwasa.fi\/peek\/wp-content\/uploads\/sites\/30\/2020\/04\/gamejam-984x1024.jpg 984w, https:\/\/sites.uwasa.fi\/peek\/wp-content\/uploads\/sites\/30\/2020\/04\/gamejam-768x800.jpg 768w, https:\/\/sites.uwasa.fi\/peek\/wp-content\/uploads\/sites\/30\/2020\/04\/gamejam-1475x1536.jpg 1475w\" sizes=\"(max-width: 587px) 100vw, 587px\" \/><\/p>\n<h2>Tutustu tilaisuuden ohjeistukseen ja aikatauluun:<\/h2>\n<h4>MIT\u00c4? MISS\u00c4? MILLOIN?<\/h4>\n<p style=\"text-align: left\">Vaasan yliopiston Pelilliset energia- ja kiertotalousratkaisut (PEEK) -hanke j\u00e4rjest\u00e4\u00e4 yhdess\u00e4 Sein\u00e4joen pelikehitt\u00e4jien (Sepeli ry) kanssa pelijamit 23.\u201324.11.2019 Sein\u00e4joella (<a href=\"https:\/\/www.frami.fi\/yhteys\/\" target=\"_blank\" rel=\"noopener noreferrer\">Frami F, 6. kerros, SeAMK kokoustila 7. Taivas<\/a>) (la 10\u201318, su 10\u201318). Tapahtuma on maksuton ja kaikille avoin.<\/p>\n<h4><\/h4>\n<p>&nbsp;<\/p>\n<h4 style=\"text-align: left\"><strong>YLEIST\u00c4<\/strong><\/h4>\n<p style=\"text-align: left\">Jamit ovat rentoja ja hauskoja pelikehitystapahtumia, joissa pelikehityksest\u00e4 kiinnostuneet voivat tehd\u00e4 viikonlopun ajan annetun teeman suuntaista pikkupeli\u00e4.<\/p>\n<p style=\"text-align: left\">PEEK Game Jamissa teht\u00e4v\u00e4n\u00e4 on kehitt\u00e4\u00e4 pelej\u00e4 liittyen:<br \/>\n&#8211; kiertotalouden,<br \/>\n&#8211; energiatalouden sek\u00e4<br \/>\n&#8211; oman talouden hallinnan aiheisiin.<\/p>\n<p style=\"text-align: left\">Kehit\u00e4 yksi tai useampi peli-idea toimivaksi peliksi!<\/p>\n<p style=\"text-align: left\">Voit tehd\u00e4 peli\u00e4 tiimiss\u00e4 tai yksin. Sinun ei tarvitse olla pelintekemisen ammattilainen. Jamit ovat hyv\u00e4 tapa testata, milt\u00e4 pelikehitys tuntuu. Emme rajoita osallistumista pelk\u00e4st\u00e4\u00e4n digitaalisiin peleihin. Kehitt\u00e4\u00e4 voi my\u00f6s esimerkiksi lautapelin.<\/p>\n<h4 style=\"text-align: left\"><strong><br \/>\nMIT\u00c4 TARJOAMME?<\/strong><\/h4>\n<p style=\"text-align: left\"><strong>Haluatko kehitt\u00e4\u00e4 pelej\u00e4? Oletko vailla ensimm\u00e4ist\u00e4 pelitoimeksiantoasi? Tahtoisitko ty\u00f6llist\u00e4\u00e4 itsesi? Haluatko verkostoitua ja tutustua muihin pelien tekemisest\u00e4 kiinnostuneisiin?<\/strong><br \/>\nMik\u00e4li vastauksesi yhteen tai useampaan kysymyksist\u00e4 on kyll\u00e4, niin PEEK Game Jam on mahdollisuutesi!<\/p>\n<p style=\"text-align: left\">Tarjoamme kehityskelpoisimmiksi todettujen peli-ideoiden kehitt\u00e4jille mahdollisuutta toimeksiantoon, jonka pohjalta pelin tekij\u00e4tiimi voi l\u00e4hte\u00e4 jatkokehitt\u00e4m\u00e4\u00e4n jameissa esittelem\u00e4\u00e4ns\u00e4 peli\u00e4.<\/p>\n<h4><img loading=\"lazy\" decoding=\"async\" class=\"wp-image-1236 alignright\" src=\"https:\/\/sites.uwasa.fi\/peek\/wp-content\/uploads\/sites\/30\/2020\/04\/20191123_100233707_ios.jpg\" alt=\"\" width=\"587\" height=\"440\" srcset=\"https:\/\/sites.uwasa.fi\/peek\/wp-content\/uploads\/sites\/30\/2020\/04\/20191123_100233707_ios.jpg 2048w, https:\/\/sites.uwasa.fi\/peek\/wp-content\/uploads\/sites\/30\/2020\/04\/20191123_100233707_ios-300x225.jpg 300w, https:\/\/sites.uwasa.fi\/peek\/wp-content\/uploads\/sites\/30\/2020\/04\/20191123_100233707_ios-1024x768.jpg 1024w, https:\/\/sites.uwasa.fi\/peek\/wp-content\/uploads\/sites\/30\/2020\/04\/20191123_100233707_ios-768x576.jpg 768w, https:\/\/sites.uwasa.fi\/peek\/wp-content\/uploads\/sites\/30\/2020\/04\/20191123_100233707_ios-1536x1152.jpg 1536w\" sizes=\"(max-width: 587px) 100vw, 587px\" \/><\/h4>\n<p style=\"text-align: left\">Toimeksiannon p\u00e4\u00e4m\u00e4\u00e4r\u00e4n\u00e4 on tehd\u00e4 prototyyppi annettuihin teemoihin liittyv\u00e4st\u00e4 pelist\u00e4.<\/p>\n<p style=\"text-align: left\">T\u00e4m\u00e4 on hyv\u00e4 tilaisuus tuoda ideoita ja osaamista esille, sill\u00e4 hankkeen verkostossa on yrityksi\u00e4, jotka ovat mahdollisesti kiinnostuneita tilaamaan pelej\u00e4, k\u00e4ytt\u00e4m\u00e4\u00e4n niit\u00e4 osana liiketoimintaansa tai rakentamaan niiden pohjalta uutta liiketoimintaa.<\/p>\n<h4 style=\"text-align: left\"><strong>VALMISTAUTUMINEN<\/strong><\/h4>\n<p style=\"text-align: left\">Varaudu jameihin tuomalla mukaan oma kone (Sepelill\u00e4 on muutama lainal\u00e4pp\u00e4ri osallistujille, joilla ei ole omaa konetta). Kehitysty\u00f6kalut kannattaa asentaa valmiiksi jo kotona.<br \/>\nPelilliset energia- ja kiertotalousratkaisut -hanke tarjoaa tilaisuuden tarjoilut.<\/p>\n<p style=\"text-align: left\">On hyv\u00e4 tutustua my\u00f6s etuk\u00e4teen PEEK-hankkeen ty\u00f6pajoissa esiteltyihin, energiatalouden, kiertotalouden sek\u00e4 oman talouden hallinnan materiaaleihin.<br \/>\n<a href=\"https:\/\/sites.uwasa.fi\/peek\/materiaalit\/\">Materiaalit l\u00f6yd\u00e4t t\u00e4\u00e4lt\u00e4<\/a>.<\/p>\n<p>&nbsp;<\/p>\n<p>&nbsp;<\/p>\n<p>&nbsp;<\/p>\n<h4>TILAISUUDEN OHJELMA<\/h4>\n<table class=\" aligncenter\" style=\"height: 342px;width: 99.7825%;border-collapse: collapse\" border=\"0\">\n<tbody>\n<tr style=\"height: 24px\">\n<td style=\"width: 33.3333%;height: 24px\"><strong>Lauantai 23.11.<\/strong><\/td>\n<td style=\"width: 33.3333%;height: 24px\"><strong>Sunnuntai 24.11.<\/strong><\/td>\n<\/tr>\n<tr style=\"height: 24px\">\n<td style=\"width: 33.3333%;height: 24px\"><strong>10.00\u201310.20<\/strong><br \/>\nTilaisuuden avaus<br \/>\n&#8211; Panu Kalmi<br \/>\nKooste ty\u00f6pajoista<\/td>\n<td style=\"width: 33.3333%;height: 24px\"><strong>10.00\u201315.00<\/strong><br \/>\nPelien tekeminen<\/td>\n<\/tr>\n<tr>\n<td style=\"width: 33.3333%\"><strong>10.20\u201310.40<\/strong><br \/>\nMuoviSampo-hankkeen esittely<br \/>\n&#8211; Kari Laasasenaho<\/td>\n<td style=\"width: 33.3333%\"><strong>15.00\u201316.00<br \/>\n<\/strong>Pelien esitteleminen<\/td>\n<\/tr>\n<tr>\n<td style=\"width: 33.3333%\"><strong>10.40\u201311.00<br \/>\n<\/strong>Aloituspuheenvuoro, k\u00e4yt\u00e4nn\u00f6n asiat &amp; j\u00e4rjest\u00e4ytyminen<br \/>\n&#8211; Jussi Rasku<\/td>\n<td style=\"width: 33.3333%\"><strong>16.00\u201317.00<br \/>\n<\/strong>Tuomarointi<\/td>\n<\/tr>\n<tr>\n<td style=\"width: 33.3333%\"><strong>11.00\u201318.00<br \/>\n<\/strong>Pelien tekeminen<\/td>\n<td style=\"width: 33.3333%\"><strong>17.00\u201318.00<br \/>\n<\/strong>Tilaisuuden purku &amp; lopetus<strong><br \/>\n<\/strong><\/td>\n<\/tr>\n<\/tbody>\n<\/table>\n<p>&nbsp;<\/p>\n<p>&nbsp;<\/p>\n<p>&nbsp;<\/p>\n<p>&nbsp;<\/p>\n<hr \/>\n<table class=\" alignleft\" style=\"width: 100%;border-collapse: collapse\" border=\"0\">\n<tbody>\n<tr>\n<td style=\"width: 33.3333%\"><img loading=\"lazy\" decoding=\"async\" class=\"aligncenter wp-image-769\" src=\"https:\/\/sites.uwasa.fi\/peek\/wp-content\/uploads\/sites\/30\/2019\/10\/ensisijainen-logo_fi-eng_rgb.png\" alt=\"\" width=\"353\" height=\"90\" srcset=\"https:\/\/sites.uwasa.fi\/peek\/wp-content\/uploads\/sites\/30\/2019\/10\/ensisijainen-logo_fi-eng_rgb.png 3533w, https:\/\/sites.uwasa.fi\/peek\/wp-content\/uploads\/sites\/30\/2019\/10\/ensisijainen-logo_fi-eng_rgb-300x77.png 300w, https:\/\/sites.uwasa.fi\/peek\/wp-content\/uploads\/sites\/30\/2019\/10\/ensisijainen-logo_fi-eng_rgb-768x196.png 768w, https:\/\/sites.uwasa.fi\/peek\/wp-content\/uploads\/sites\/30\/2019\/10\/ensisijainen-logo_fi-eng_rgb-1024x261.png 1024w\" sizes=\"(max-width: 353px) 100vw, 353px\" \/><\/td>\n<td style=\"width: 16.6667%\"><img loading=\"lazy\" decoding=\"async\" class=\"aligncenter wp-image-770\" src=\"https:\/\/sites.uwasa.fi\/peek\/wp-content\/uploads\/sites\/30\/2019\/10\/sepeliry.jpg\" alt=\"\" width=\"103\" height=\"103\" srcset=\"https:\/\/sites.uwasa.fi\/peek\/wp-content\/uploads\/sites\/30\/2019\/10\/sepeliry.jpg 225w, https:\/\/sites.uwasa.fi\/peek\/wp-content\/uploads\/sites\/30\/2019\/10\/sepeliry-150x150.jpg 150w\" sizes=\"(max-width: 103px) 100vw, 103px\" \/><\/td>\n<td style=\"width: 16.6667%\"><img loading=\"lazy\" decoding=\"async\" class=\"aligncenter size-full wp-image-802\" src=\"https:\/\/sites.uwasa.fi\/peek\/wp-content\/uploads\/sites\/30\/2019\/10\/seamk_logo_4vari.png\" alt=\"\" width=\"2048\" height=\"599\" srcset=\"https:\/\/sites.uwasa.fi\/peek\/wp-content\/uploads\/sites\/30\/2019\/10\/seamk_logo_4vari.png 2048w, https:\/\/sites.uwasa.fi\/peek\/wp-content\/uploads\/sites\/30\/2019\/10\/seamk_logo_4vari-300x88.png 300w, https:\/\/sites.uwasa.fi\/peek\/wp-content\/uploads\/sites\/30\/2019\/10\/seamk_logo_4vari-768x225.png 768w, https:\/\/sites.uwasa.fi\/peek\/wp-content\/uploads\/sites\/30\/2019\/10\/seamk_logo_4vari-1024x300.png 1024w\" sizes=\"(max-width: 2048px) 100vw, 2048px\" \/><\/td>\n<td style=\"width: 33.3333%\"><img loading=\"lazy\" decoding=\"async\" class=\"aligncenter wp-image-636\" src=\"https:\/\/sites.uwasa.fi\/peek\/wp-content\/uploads\/sites\/30\/2019\/09\/vipueu.png\" alt=\"\" width=\"309\" height=\"123\" srcset=\"https:\/\/sites.uwasa.fi\/peek\/wp-content\/uploads\/sites\/30\/2019\/09\/vipueu.png 854w, https:\/\/sites.uwasa.fi\/peek\/wp-content\/uploads\/sites\/30\/2019\/09\/vipueu-300x119.png 300w, https:\/\/sites.uwasa.fi\/peek\/wp-content\/uploads\/sites\/30\/2019\/09\/vipueu-768x306.png 768w\" sizes=\"(max-width: 309px) 100vw, 309px\" \/><\/td>\n<\/tr>\n<\/tbody>\n<\/table>\n<p>&nbsp;<\/p>\n<p>&nbsp;<\/p>\n<p>&nbsp;<\/p>\n<p style=\"text-align: right\">\n","protected":false},"excerpt":{"rendered":"<p>Pelijamit (pelinkehitt\u00e4jien mahdollisuus luoda peli-ideoita ty\u00f6pajojen pohjalta) Hankkeen ty\u00f6pajoissa k\u00e4ytyjen keskustelujen perusteella hahmottui luontevimmaksi tavaksi aktivoida pelinkehitt\u00e4j\u00e4t luomaan pelillisi\u00e4 ratkaisuja j\u00e4rjest\u00e4m\u00e4ll\u00e4 hankkeen oma pelinkehitystapahtuma \u201dPEEK Game Jam\u201d. Hankety\u00f6ryhm\u00e4 j\u00e4rjesti PEEK Game jam 2019 -tilaisuuden itse Sein\u00e4joella Framissa SeAMK:n tiloissa. Muut pelinkehitystapahtumat (Ludum Dare 45 &amp; Finnish Game Jam 2019) olivat valtakunnallisia pelijameja, joihin PEEK-hanke osallistui. [&hellip;]<\/p>\n","protected":false},"author":29,"featured_media":0,"parent":0,"menu_order":0,"comment_status":"closed","ping_status":"closed","template":"","meta":{"_acf_changed":false,"footnotes":""},"class_list":["post-750","page","type-page","status-publish","hentry"],"acf":[],"_links":{"self":[{"href":"https:\/\/sites.uwasa.fi\/peek\/wp-json\/wp\/v2\/pages\/750"}],"collection":[{"href":"https:\/\/sites.uwasa.fi\/peek\/wp-json\/wp\/v2\/pages"}],"about":[{"href":"https:\/\/sites.uwasa.fi\/peek\/wp-json\/wp\/v2\/types\/page"}],"author":[{"embeddable":true,"href":"https:\/\/sites.uwasa.fi\/peek\/wp-json\/wp\/v2\/users\/29"}],"replies":[{"embeddable":true,"href":"https:\/\/sites.uwasa.fi\/peek\/wp-json\/wp\/v2\/comments?post=750"}],"version-history":[{"count":132,"href":"https:\/\/sites.uwasa.fi\/peek\/wp-json\/wp\/v2\/pages\/750\/revisions"}],"predecessor-version":[{"id":1866,"href":"https:\/\/sites.uwasa.fi\/peek\/wp-json\/wp\/v2\/pages\/750\/revisions\/1866"}],"wp:attachment":[{"href":"https:\/\/sites.uwasa.fi\/peek\/wp-json\/wp\/v2\/media?parent=750"}],"curies":[{"name":"wp","href":"https:\/\/api.w.org\/{rel}","templated":true}]}}