{"id":44,"date":"2019-05-09T12:21:20","date_gmt":"2019-05-09T09:21:20","guid":{"rendered":"https:\/\/sites.uwasa.fi\/peek\/?page_id=44"},"modified":"2021-03-30T14:37:54","modified_gmt":"2021-03-30T11:37:54","slug":"yhteystiedot","status":"publish","type":"page","link":"https:\/\/sites.uwasa.fi\/peek\/yhteystiedot\/","title":{"rendered":"Yhteystiedot"},"content":{"rendered":"<p style=\"text-align: left\"><a href=\"https:\/\/link.webropolsurveys.com\/S\/DDE9A9979B57D634\" target=\"_blank\" rel=\"noopener noreferrer\">Ota yhteytt\u00e4!<\/a><\/p>\n<h3>Panu Kalmi (Hankkeen vastuullinen johtaja)<\/h3>\n<p>Professori<br \/>\nVaasan yliopisto, Laskentatoimen ja rahoituksen yksikk\u00f6, Taloustiede<br \/>\n029 449 8528<br \/>\netunimi.sukunimi(at)uwasa.fi<\/p>\n<h3>Tanja Sihvonen<\/h3>\n<p>Professori<br \/>\nMarkkinoinnin ja viestinn\u00e4n yksikk\u00f6, Viestint\u00e4tieteet<br \/>\n029 449 8269<br \/>\netunimi.sukunimi(at)uwasa.fi<\/p>\n<h3>Juha V\u00e4nsk\u00e4<\/h3>\n<p>Kehitysp\u00e4\u00e4llikk\u00f6<br \/>\nYliopistopalvelut, Tutkimuksen palvelut ja tutkijakoulu<br \/>\n029 449 8331<br \/>\netunimi.sukunimi(at)uwasa.fi<\/p>\n<h3>Saija Alanko<\/h3>\n<p>Projektitutkija<br \/>\nLaskentatoimen ja rahoituksen yksikk\u00f6, Taloustiede<br \/>\n029 449 8527<br \/>\netunimi.sukunimi(at)uwasa.fi<\/p>\n<h3>Mikael M\u00e4enp\u00e4\u00e4<\/h3>\n<p>Projektitutkija<br \/>\nMarkkinoinnin ja viestinn\u00e4n yksikk\u00f6, Viestint\u00e4tieteet<br \/>\n029 449 8441<br \/>\netunimi.sukunimi(at)uwasa.fi<\/p>\n","protected":false},"excerpt":{"rendered":"<p>Ota yhteytt\u00e4! Panu Kalmi (Hankkeen vastuullinen johtaja) Professori Vaasan yliopisto, Laskentatoimen ja rahoituksen yksikk\u00f6, Taloustiede 029 449 8528 etunimi.sukunimi(at)uwasa.fi Tanja Sihvonen Professori Markkinoinnin ja viestinn\u00e4n yksikk\u00f6, Viestint\u00e4tieteet 029 449 8269 etunimi.sukunimi(at)uwasa.fi Juha V\u00e4nsk\u00e4 Kehitysp\u00e4\u00e4llikk\u00f6 Yliopistopalvelut, Tutkimuksen palvelut ja tutkijakoulu 029 449 8331 etunimi.sukunimi(at)uwasa.fi Saija Alanko Projektitutkija Laskentatoimen ja rahoituksen yksikk\u00f6, Taloustiede 029 449 8527 etunimi.sukunimi(at)uwasa.fi [&hellip;]<\/p>\n","protected":false},"author":29,"featured_media":0,"parent":0,"menu_order":0,"comment_status":"closed","ping_status":"closed","template":"","meta":{"_acf_changed":false,"footnotes":""},"class_list":["post-44","page","type-page","status-publish","hentry"],"acf":[],"_links":{"self":[{"href":"https:\/\/sites.uwasa.fi\/peek\/wp-json\/wp\/v2\/pages\/44"}],"collection":[{"href":"https:\/\/sites.uwasa.fi\/peek\/wp-json\/wp\/v2\/pages"}],"about":[{"href":"https:\/\/sites.uwasa.fi\/peek\/wp-json\/wp\/v2\/types\/page"}],"author":[{"embeddable":true,"href":"https:\/\/sites.uwasa.fi\/peek\/wp-json\/wp\/v2\/users\/29"}],"replies":[{"embeddable":true,"href":"https:\/\/sites.uwasa.fi\/peek\/wp-json\/wp\/v2\/comments?post=44"}],"version-history":[{"count":9,"href":"https:\/\/sites.uwasa.fi\/peek\/wp-json\/wp\/v2\/pages\/44\/revisions"}],"predecessor-version":[{"id":1592,"href":"https:\/\/sites.uwasa.fi\/peek\/wp-json\/wp\/v2\/pages\/44\/revisions\/1592"}],"wp:attachment":[{"href":"https:\/\/sites.uwasa.fi\/peek\/wp-json\/wp\/v2\/media?parent=44"}],"curies":[{"name":"wp","href":"https:\/\/api.w.org\/{rel}","templated":true}]}}