{"id":281,"date":"2019-05-13T10:04:21","date_gmt":"2019-05-13T07:04:21","guid":{"rendered":"https:\/\/sites.uwasa.fi\/peek\/?page_id=281"},"modified":"2021-04-10T18:14:15","modified_gmt":"2021-04-10T15:14:15","slug":"toteutettua","status":"publish","type":"page","link":"https:\/\/sites.uwasa.fi\/peek\/toteutettua\/","title":{"rendered":"Esimerkkej\u00e4 pelillistetyist\u00e4 toteutuksista"},"content":{"rendered":"<p class=\"w3-wide\">Olemme koonneet t\u00e4lle sivulle sek\u00e4 kotimaisia ett\u00e4 ulkomaisia esimerkkej\u00e4 pelillistetyist\u00e4 toteutuksista kiertotalouteen, energiatehokkuuteen sek\u00e4 oman talouden hallintaan liittyen.<br \/>\nTutustu my\u00f6s PEEK-hankkeessa kehitettyihin pelillisiin ratkaisuihin (<a href=\"https:\/\/sites.uwasa.fi\/peek\/kotimaskotti\/\">Kotimaskotti<\/a>, <a href=\"https:\/\/sites.uwasa.fi\/peek\/kierratyskisa\/\">Kierr\u00e4tyskisa<\/a>, <a href=\"https:\/\/sites.uwasa.fi\/peek\/talouspeli\/\">TalousTandem<\/a>).<\/p>\n","protected":false},"excerpt":{"rendered":"<p>Olemme koonneet t\u00e4lle sivulle sek\u00e4 kotimaisia ett\u00e4 ulkomaisia esimerkkej\u00e4 pelillistetyist\u00e4 toteutuksista kiertotalouteen, energiatehokkuuteen sek\u00e4 oman talouden hallintaan liittyen. Tutustu my\u00f6s PEEK-hankkeessa kehitettyihin pelillisiin ratkaisuihin (Kotimaskotti, Kierr\u00e4tyskisa, TalousTandem).<\/p>\n","protected":false},"author":29,"featured_media":0,"parent":0,"menu_order":0,"comment_status":"closed","ping_status":"closed","template":"","meta":{"_acf_changed":false,"footnotes":""},"class_list":["post-281","page","type-page","status-publish","hentry"],"acf":[],"_links":{"self":[{"href":"https:\/\/sites.uwasa.fi\/peek\/wp-json\/wp\/v2\/pages\/281"}],"collection":[{"href":"https:\/\/sites.uwasa.fi\/peek\/wp-json\/wp\/v2\/pages"}],"about":[{"href":"https:\/\/sites.uwasa.fi\/peek\/wp-json\/wp\/v2\/types\/page"}],"author":[{"embeddable":true,"href":"https:\/\/sites.uwasa.fi\/peek\/wp-json\/wp\/v2\/users\/29"}],"replies":[{"embeddable":true,"href":"https:\/\/sites.uwasa.fi\/peek\/wp-json\/wp\/v2\/comments?post=281"}],"version-history":[{"count":48,"href":"https:\/\/sites.uwasa.fi\/peek\/wp-json\/wp\/v2\/pages\/281\/revisions"}],"predecessor-version":[{"id":1858,"href":"https:\/\/sites.uwasa.fi\/peek\/wp-json\/wp\/v2\/pages\/281\/revisions\/1858"}],"wp:attachment":[{"href":"https:\/\/sites.uwasa.fi\/peek\/wp-json\/wp\/v2\/media?parent=281"}],"curies":[{"name":"wp","href":"https:\/\/api.w.org\/{rel}","templated":true}]}}