{"id":1481,"date":"2021-01-08T10:22:29","date_gmt":"2021-01-08T08:22:29","guid":{"rendered":"https:\/\/sites.uwasa.fi\/peek\/?page_id=1481"},"modified":"2021-04-11T10:38:40","modified_gmt":"2021-04-11T07:38:40","slug":"pelikehitys","status":"publish","type":"page","link":"https:\/\/sites.uwasa.fi\/peek\/pelikehitys\/","title":{"rendered":"Peli-ideoiden kehitt\u00e4minen peliprototyypiksi"},"content":{"rendered":"<p>Peli-ideoiden kehitt\u00e4misty\u00f6 prototyypeiksi k\u00e4ynnistettiin pit\u00e4m\u00e4ll\u00e4 kunkin pelinkehitt\u00e4j\u00e4tahon kanssa tapaaminen. Ideoiden keksij\u00f6iden kanssa m\u00e4\u00e4riteltiin yhteisty\u00f6ss\u00e4 tarkemmin mm. valittujen pelien tekij\u00e4tiimien koostumus, kunkin avoimen pelikonseptin tarkempi idea sek\u00e4 tarvittavat resurssit. Lis\u00e4ksi mietittiin pelillisten ratkaisujen visuaalista ilmett\u00e4 koskevia valintoja. Prototyyppien valmistumisajankohdat m\u00e4\u00e4riteltiin mahdollisimman realistisesti siten, ett\u00e4 se sopi sek\u00e4 pelien tekij\u00f6ille ja hankeryhm\u00e4lle.<\/p>\n<p>Kunkin pelintekij\u00e4tiimin kanssa solmittiin toimeksiantosopimus, jossa pelintekij\u00e4 sitoutui korvausta vastaan toimittamaan omaan aihepiiriins\u00e4 liittyv\u00e4n avoimesti saatavilla olevan pelillist\u00e4misratkaisun annetun kuvauksen mukaisesti.<\/p>\n<p>Alkum\u00e4\u00e4rittelyjen j\u00e4lkeen pelinkehitt\u00e4j\u00e4t p\u00e4\u00e4siv\u00e4t aloittamaan varsinaisen pelikehityksen. Pelikehitt\u00e4jille annettiin pelikonseptiensa kehitt\u00e4miseen vapaus kehitt\u00e4\u00e4 ideaansa vapaasti kuitenkin pelijameissa annettuja rajoja noudattaen. Toisissa pelikehitt\u00e4jien kanssa j\u00e4rjestetyiss\u00e4 pelitapaamisissa kehitt\u00e4j\u00e4t esitteliv\u00e4t hankeryhm\u00e4lle ensimm\u00e4iset tarkemmat ratkaisukonseptinsa ja kertoivat tarkemmin mit\u00e4 asioita heid\u00e4n pelikonseptinsa sis\u00e4lt\u00e4\u00e4 (k\u00e4sikirjoitus).<\/p>\n<p>Lis\u00e4ksi kehityksen valvomiseksi sovittiin, ett\u00e4 kunkin pelitiimin kanssa pidet\u00e4\u00e4n s\u00e4\u00e4nn\u00f6llisi\u00e4 pelitapaamisia, joissa pelintekij\u00e4t kertovat ty\u00f6n etenemisest\u00e4 ja joissa hanketiimi pystyy antamaan palautetta ja ohjaamaan kehitysty\u00f6n suuntaa.<\/p>\n<p>&nbsp;<\/p>\n<p>Voit tutustua t\u00e4st\u00e4 hankkeessa kehitettyihin peliprototyyppeihin tarkemmin:<\/p>\n<ul>\n<li><a href=\"https:\/\/sites.uwasa.fi\/peek\/kierratyskisa\/\">Kierr\u00e4tyskisa<\/a><\/li>\n<li><a href=\"https:\/\/sites.uwasa.fi\/peek\/talouspeli\/\">Oman talouden hallinta<\/a><\/li>\n<li><a href=\"https:\/\/sites.uwasa.fi\/peek\/kotimaskotti\/\">Kotimaskotti<\/a><\/li>\n<\/ul>\n<p>Viiv\u00e4styksi\u00e4 peliprototyyppien kehitysty\u00f6ss\u00e4 aiheutti maaliskuussa 2020 alkanut koronapandemia, mik\u00e4 aiheutti et\u00e4t\u00f6ihin siirtymisen vuoksi huomattavaa ty\u00f6m\u00e4\u00e4r\u00e4n lis\u00e4yst\u00e4 sek\u00e4 peliprototyypin kehitt\u00e4misess\u00e4 tarvittavien materiaalien saatavuusongelman, mink\u00e4 vuoksi peliprototyyppien toimitusaikataulua viiv\u00e4stytettiin yhdell\u00e4 kuukaudella. T\u00e4st\u00e4 viiv\u00e4stymisest\u00e4 johtuen peliprototyyppien testausvaihe p\u00e4\u00e4stiin aloittamaan vasta syksyll\u00e4 2020.<\/p>\n<p>Oman talouden hallinnan peli-idea kilpailutettiin Etel\u00e4-Pohjanmaan ja Pohjanmaan alueella. Toteuttajaksi valittiin sein\u00e4jokinen Valakia Oy, jonka kanssa aloitettiin oman talouden hallinnan pelin kehitt\u00e4misty\u00f6 kes\u00e4kuussa 2020.<\/p>\n<p>&nbsp;<\/p>\n","protected":false},"excerpt":{"rendered":"<p>Peli-ideoiden kehitt\u00e4misty\u00f6 prototyypeiksi k\u00e4ynnistettiin pit\u00e4m\u00e4ll\u00e4 kunkin pelinkehitt\u00e4j\u00e4tahon kanssa tapaaminen. Ideoiden keksij\u00f6iden kanssa m\u00e4\u00e4riteltiin yhteisty\u00f6ss\u00e4 tarkemmin mm. valittujen pelien tekij\u00e4tiimien koostumus, kunkin avoimen pelikonseptin tarkempi idea sek\u00e4 tarvittavat resurssit. Lis\u00e4ksi mietittiin pelillisten ratkaisujen visuaalista ilmett\u00e4 koskevia valintoja. Prototyyppien valmistumisajankohdat m\u00e4\u00e4riteltiin mahdollisimman realistisesti siten, ett\u00e4 se sopi sek\u00e4 pelien tekij\u00f6ille ja hankeryhm\u00e4lle. Kunkin pelintekij\u00e4tiimin kanssa solmittiin toimeksiantosopimus, [&hellip;]<\/p>\n","protected":false},"author":29,"featured_media":0,"parent":0,"menu_order":0,"comment_status":"closed","ping_status":"closed","template":"","meta":{"_acf_changed":false,"footnotes":""},"class_list":["post-1481","page","type-page","status-publish","hentry"],"acf":[],"_links":{"self":[{"href":"https:\/\/sites.uwasa.fi\/peek\/wp-json\/wp\/v2\/pages\/1481"}],"collection":[{"href":"https:\/\/sites.uwasa.fi\/peek\/wp-json\/wp\/v2\/pages"}],"about":[{"href":"https:\/\/sites.uwasa.fi\/peek\/wp-json\/wp\/v2\/types\/page"}],"author":[{"embeddable":true,"href":"https:\/\/sites.uwasa.fi\/peek\/wp-json\/wp\/v2\/users\/29"}],"replies":[{"embeddable":true,"href":"https:\/\/sites.uwasa.fi\/peek\/wp-json\/wp\/v2\/comments?post=1481"}],"version-history":[{"count":8,"href":"https:\/\/sites.uwasa.fi\/peek\/wp-json\/wp\/v2\/pages\/1481\/revisions"}],"predecessor-version":[{"id":1929,"href":"https:\/\/sites.uwasa.fi\/peek\/wp-json\/wp\/v2\/pages\/1481\/revisions\/1929"}],"wp:attachment":[{"href":"https:\/\/sites.uwasa.fi\/peek\/wp-json\/wp\/v2\/media?parent=1481"}],"curies":[{"name":"wp","href":"https:\/\/api.w.org\/{rel}","templated":true}]}}