{"id":1066,"date":"2020-03-20T13:17:28","date_gmt":"2020-03-20T11:17:28","guid":{"rendered":"https:\/\/sites.uwasa.fi\/peek\/?page_id=1066"},"modified":"2020-04-17T11:10:01","modified_gmt":"2020-04-17T08:10:01","slug":"omatalous","status":"publish","type":"page","link":"https:\/\/sites.uwasa.fi\/peek\/omatalous\/","title":{"rendered":"Oman talouden hallinta"},"content":{"rendered":"<p>19.11.2019 Sein\u00e4joella Framissa j\u00e4rjestetyss\u00e4 viimeisess\u00e4 temaattisessa ty\u00f6pajassa k\u00e4siteltiin oman talouden hallinnan alan pelillisyytt\u00e4.<\/p>\n<p>Tilaisuuden aloitti lehtori Ari Autio (Sedu), joka esitteli Oma onni -yhteisty\u00f6ohjelman nuorten oman talouden hallinnan parantamiseksi. <a href=\"https:\/\/omaonni.fi\/\" target=\"_blank\" rel=\"noopener noreferrer\">Oma onni<\/a> on 2. ja 3. vuosikurssin merkonomi- ja datanomiopiskelijoiden tekem\u00e4 verkko-oppimisymp\u00e4rist\u00f6, joka sis\u00e4lt\u00e4\u00e4 mm. pelej\u00e4. Palvelup\u00e4\u00e4llikk\u00f6 Pekka Riihimaa (OmaSp) kertoi kokemuksia pankkialalta digitalisaatiosta oman talouden hallintaan liittyen. Tilaisuuden viimeisen\u00e4 puhujana Takuus\u00e4\u00e4tion kehitt\u00e4misp\u00e4\u00e4llikk\u00f6 Minna Markkanen avasi kuulijoille <a href=\"https:\/\/www.penno.fi\/home\" target=\"_blank\" rel=\"noopener noreferrer\">Penno-rahanhallinnan verkkosovellusta<\/a> sek\u00e4 sen kehitt\u00e4mist\u00e4 tulevaisuudessa.<\/p>\n<figure id=\"attachment_1221\" aria-describedby=\"caption-attachment-1221\" style=\"width: 500px\" class=\"wp-caption alignright\"><img loading=\"lazy\" decoding=\"async\" class=\"wp-image-1221\" src=\"https:\/\/sites.uwasa.fi\/peek\/wp-content\/uploads\/sites\/30\/2020\/04\/20191119_150730397_ios.jpg\" alt=\"\" width=\"500\" height=\"375\" srcset=\"https:\/\/sites.uwasa.fi\/peek\/wp-content\/uploads\/sites\/30\/2020\/04\/20191119_150730397_ios.jpg 2048w, https:\/\/sites.uwasa.fi\/peek\/wp-content\/uploads\/sites\/30\/2020\/04\/20191119_150730397_ios-300x225.jpg 300w, https:\/\/sites.uwasa.fi\/peek\/wp-content\/uploads\/sites\/30\/2020\/04\/20191119_150730397_ios-1024x768.jpg 1024w, https:\/\/sites.uwasa.fi\/peek\/wp-content\/uploads\/sites\/30\/2020\/04\/20191119_150730397_ios-768x576.jpg 768w, https:\/\/sites.uwasa.fi\/peek\/wp-content\/uploads\/sites\/30\/2020\/04\/20191119_150730397_ios-1536x1152.jpg 1536w\" sizes=\"(max-width: 500px) 100vw, 500px\" \/><figcaption id=\"caption-attachment-1221\" class=\"wp-caption-text\">Ari Autio (Sedu) esitteli nuorten oman talouden hallinnan parantamiseksi kehitetty\u00e4 Oma onni yhteisty\u00f6ohjelmaa.<\/figcaption><\/figure>\n<p><strong>Tilaisuuden ohjelma<\/strong>:<\/p>\n<p><strong>klo 17.00\u00a0<\/strong>Tilaisuuden avaus<\/p>\n<p><strong>klo 17.05<\/strong>\u00a0<a href=\"https:\/\/sites.uwasa.fi\/peek\/wp-content\/uploads\/sites\/30\/2019\/11\/Oma_onni.pdf\" target=\"_blank\" rel=\"noopener noreferrer\">Oma onni \u2013 Taloudenhallintaa nuorille<\/a><\/p>\n<p>Lehtori Ari Autio, Sedu<\/p>\n<p><strong>klo 17.20<\/strong>\u00a0<a href=\"https:\/\/sites.uwasa.fi\/peek\/wp-content\/uploads\/sites\/30\/2019\/11\/Digitalisaatio_oman_talouden_hallinnassa.pdf\" target=\"_blank\" rel=\"noopener noreferrer\">Digitalisaatio oman talouden hallinnassa<\/a><br \/>\nPalvelup\u00e4\u00e4llikk\u00f6 Pekka Riihimaa, OmaSp<\/p>\n<p><strong>klo 17.35<\/strong>\u00a0<a href=\"https:\/\/sites.uwasa.fi\/peek\/wp-content\/uploads\/sites\/30\/2019\/11\/Sein%C3%A4joki_Oman-talouden-hallinta_19112019.pdf\" target=\"_blank\" rel=\"noopener noreferrer\">Penno \u2013 Yksinkertaisempaa rahanhallintaa<\/a><\/p>\n<p>Kehitt\u00e4misp\u00e4\u00e4llikk\u00f6 Minna Markkanen, Takuus\u00e4\u00e4ti\u00f6<\/p>\n<p><strong>klo 18.35<\/strong>\u00a0Vapaata keskustelua<\/p>\n<p><strong>klo 19.00<\/strong>\u00a0Tilaisuus p\u00e4\u00e4ttyy<\/p>\n<p>&nbsp;<\/p>\n<p>&nbsp;<\/p>\n<table style=\"width: 100%;border-collapse: collapse\" border=\"0\">\n<tbody>\n<tr>\n<td style=\"width: 50%\">\n<p><figure id=\"attachment_1012\" aria-describedby=\"caption-attachment-1012\" style=\"width: 500px\" class=\"wp-caption aligncenter\"><img loading=\"lazy\" decoding=\"async\" class=\"wp-image-1012\" src=\"https:\/\/sites.uwasa.fi\/peek\/wp-content\/uploads\/sites\/30\/2020\/03\/img_2354_rajaus.jpg\" alt=\"\" width=\"500\" height=\"409\" srcset=\"https:\/\/sites.uwasa.fi\/peek\/wp-content\/uploads\/sites\/30\/2020\/03\/img_2354_rajaus.jpg 2048w, https:\/\/sites.uwasa.fi\/peek\/wp-content\/uploads\/sites\/30\/2020\/03\/img_2354_rajaus-300x245.jpg 300w, https:\/\/sites.uwasa.fi\/peek\/wp-content\/uploads\/sites\/30\/2020\/03\/img_2354_rajaus-1024x837.jpg 1024w, https:\/\/sites.uwasa.fi\/peek\/wp-content\/uploads\/sites\/30\/2020\/03\/img_2354_rajaus-768x628.jpg 768w, https:\/\/sites.uwasa.fi\/peek\/wp-content\/uploads\/sites\/30\/2020\/03\/img_2354_rajaus-1536x1256.jpg 1536w\" sizes=\"(max-width: 500px) 100vw, 500px\" \/><figcaption id=\"caption-attachment-1012\" class=\"wp-caption-text\">Pekka Riihimaa (OmaSp) kertoi kokemuksia pankkialalta digitalisaatiosta oman talouden hallintaan liittyen.<\/figcaption><\/figure><\/td>\n<td style=\"width: 50%\">\n<p><figure id=\"attachment_1222\" aria-describedby=\"caption-attachment-1222\" style=\"width: 500px\" class=\"wp-caption alignright\"><img loading=\"lazy\" decoding=\"async\" class=\"wp-image-1222\" src=\"https:\/\/sites.uwasa.fi\/peek\/wp-content\/uploads\/sites\/30\/2020\/04\/20191119_155745237_ios.jpg\" alt=\"\" width=\"500\" height=\"375\" srcset=\"https:\/\/sites.uwasa.fi\/peek\/wp-content\/uploads\/sites\/30\/2020\/04\/20191119_155745237_ios.jpg 2048w, https:\/\/sites.uwasa.fi\/peek\/wp-content\/uploads\/sites\/30\/2020\/04\/20191119_155745237_ios-300x225.jpg 300w, https:\/\/sites.uwasa.fi\/peek\/wp-content\/uploads\/sites\/30\/2020\/04\/20191119_155745237_ios-1024x768.jpg 1024w, https:\/\/sites.uwasa.fi\/peek\/wp-content\/uploads\/sites\/30\/2020\/04\/20191119_155745237_ios-768x576.jpg 768w, https:\/\/sites.uwasa.fi\/peek\/wp-content\/uploads\/sites\/30\/2020\/04\/20191119_155745237_ios-1536x1152.jpg 1536w\" sizes=\"(max-width: 500px) 100vw, 500px\" \/><figcaption id=\"caption-attachment-1222\" class=\"wp-caption-text\">Minna Markkanen (Takuus\u00e4\u00e4ti\u00f6) avasi kuulijoille Penno-rahanhallinnan verkkosovellusta sek\u00e4 sen kehitt\u00e4mist\u00e4 tulevaisuudessa.<\/figcaption><\/figure><\/td>\n<\/tr>\n<\/tbody>\n<\/table>\n<p>&nbsp;<\/p>\n<p>&nbsp;<\/p>\n<p>&nbsp;<\/p>\n<p>&nbsp;<\/p>\n<p>&nbsp;<\/p>\n<p>&nbsp;<\/p>\n<p>&nbsp;<\/p>\n<p>&nbsp;<\/p>\n","protected":false},"excerpt":{"rendered":"<p>19.11.2019 Sein\u00e4joella Framissa j\u00e4rjestetyss\u00e4 viimeisess\u00e4 temaattisessa ty\u00f6pajassa k\u00e4siteltiin oman talouden hallinnan alan pelillisyytt\u00e4. Tilaisuuden aloitti lehtori Ari Autio (Sedu), joka esitteli Oma onni -yhteisty\u00f6ohjelman nuorten oman talouden hallinnan parantamiseksi. Oma onni on 2. ja 3. vuosikurssin merkonomi- ja datanomiopiskelijoiden tekem\u00e4 verkko-oppimisymp\u00e4rist\u00f6, joka sis\u00e4lt\u00e4\u00e4 mm. pelej\u00e4. Palvelup\u00e4\u00e4llikk\u00f6 Pekka Riihimaa (OmaSp) kertoi kokemuksia pankkialalta digitalisaatiosta oman talouden [&hellip;]<\/p>\n","protected":false},"author":29,"featured_media":0,"parent":0,"menu_order":0,"comment_status":"closed","ping_status":"closed","template":"","meta":{"_acf_changed":false,"footnotes":""},"class_list":["post-1066","page","type-page","status-publish","hentry"],"acf":[],"_links":{"self":[{"href":"https:\/\/sites.uwasa.fi\/peek\/wp-json\/wp\/v2\/pages\/1066"}],"collection":[{"href":"https:\/\/sites.uwasa.fi\/peek\/wp-json\/wp\/v2\/pages"}],"about":[{"href":"https:\/\/sites.uwasa.fi\/peek\/wp-json\/wp\/v2\/types\/page"}],"author":[{"embeddable":true,"href":"https:\/\/sites.uwasa.fi\/peek\/wp-json\/wp\/v2\/users\/29"}],"replies":[{"embeddable":true,"href":"https:\/\/sites.uwasa.fi\/peek\/wp-json\/wp\/v2\/comments?post=1066"}],"version-history":[{"count":17,"href":"https:\/\/sites.uwasa.fi\/peek\/wp-json\/wp\/v2\/pages\/1066\/revisions"}],"predecessor-version":[{"id":1234,"href":"https:\/\/sites.uwasa.fi\/peek\/wp-json\/wp\/v2\/pages\/1066\/revisions\/1234"}],"wp:attachment":[{"href":"https:\/\/sites.uwasa.fi\/peek\/wp-json\/wp\/v2\/media?parent=1066"}],"curies":[{"name":"wp","href":"https:\/\/api.w.org\/{rel}","templated":true}]}}