{"id":158,"date":"2024-06-11T15:26:01","date_gmt":"2024-06-11T12:26:01","guid":{"rendered":"https:\/\/sites.uwasa.fi\/peak\/?page_id=158"},"modified":"2024-06-13T15:58:07","modified_gmt":"2024-06-13T12:58:07","slug":"hanke","status":"publish","type":"page","link":"https:\/\/sites.uwasa.fi\/peak\/fi\/hanke\/","title":{"rendered":"HANKE"},"content":{"rendered":"<p><img loading=\"lazy\" decoding=\"async\" class=\"aligncenter size-full wp-image-31\" src=\"https:\/\/sites.uwasa.fi\/peak\/wp-content\/blogs.dir\/4\/files\/sites\/218\/2024\/06\/picture1.png\" alt=\"Purple Line\" width=\"1794\" height=\"6\" srcset=\"https:\/\/sites.uwasa.fi\/peak\/wp-content\/blogs.dir\/4\/files\/sites\/218\/2024\/06\/picture1.png 1794w, https:\/\/sites.uwasa.fi\/peak\/wp-content\/blogs.dir\/4\/files\/sites\/218\/2024\/06\/picture1-300x1.png 300w, https:\/\/sites.uwasa.fi\/peak\/wp-content\/blogs.dir\/4\/files\/sites\/218\/2024\/06\/picture1-1024x3.png 1024w, https:\/\/sites.uwasa.fi\/peak\/wp-content\/blogs.dir\/4\/files\/sites\/218\/2024\/06\/picture1-768x3.png 768w, https:\/\/sites.uwasa.fi\/peak\/wp-content\/blogs.dir\/4\/files\/sites\/218\/2024\/06\/picture1-1536x5.png 1536w, https:\/\/sites.uwasa.fi\/peak\/wp-content\/blogs.dir\/4\/files\/sites\/218\/2024\/06\/picture1-1680x6.png 1680w, https:\/\/sites.uwasa.fi\/peak\/wp-content\/blogs.dir\/4\/files\/sites\/218\/2024\/06\/picture1-1440x6.png 1440w, https:\/\/sites.uwasa.fi\/peak\/wp-content\/blogs.dir\/4\/files\/sites\/218\/2024\/06\/picture1-1600x6.png 1600w\" sizes=\"(max-width: 1794px) 100vw, 1794px\" \/><\/p>\n<h3><strong>Hanke selvitt\u00e4\u00e4 paikallisen energiaj\u00e4rjestelm\u00e4n kehitysmahdollisuuksia Pohjanmaalla<\/strong><\/h3>\n<p>Suomen energiaj\u00e4rjestelm\u00e4\u00e4 kehitet\u00e4\u00e4n kohti hiilineutraalisuutta niin luopumalla turpeen energiak\u00e4yt\u00f6st\u00e4 kuin liitt\u00e4m\u00e4ll\u00e4 uusiutuvia energiamuotoja osaksi \u00e4lyk\u00e4st\u00e4 energiaj\u00e4rjestelm\u00e4\u00e4. T\u00e4rke\u00e4\u00e4 on my\u00f6s parantaa alueellista energiaomavaraisuutta, energiahuoltovarmuutta ja s\u00e4hk\u00f6verkon kest\u00e4vyytt\u00e4. Muutoksen toteuttaminen ei kuitenkaan ole yksinkertaista, vaan alueellisen energiaj\u00e4rjestelm\u00e4n kehitykseen tarvitaan niin luotettavaa, alueen ominaispiirteisiin perustuva tietoa kuin keskeisten sidosryhmien ja toimijoiden osallistumista kehitysty\u00f6h\u00f6n. Vaasan yliopiston ja Aktion \u00d6sterbottenin <strong>PEAK &#8211; Paikallisen energiaj\u00e4rjestelm\u00e4n<\/strong><strong>\u00a0kehitt\u00e4minen Pohjanmaalla hanke <\/strong>tukee t\u00e4t\u00e4 muutosta selvitt\u00e4m\u00e4ll\u00e4 Pohjanmaalla sijaitsevan, alueellisen energiaj\u00e4rjestelm\u00e4n kehitt\u00e4mismahdollisuuksia hiilineutraaliksi uudistuvat energiamuodot huomioiden.<\/p>\n<p>&nbsp;<\/p>\n<p><img loading=\"lazy\" decoding=\"async\" class=\"alignright wp-image-176\" src=\"https:\/\/sites.uwasa.fi\/peak\/wp-content\/blogs.dir\/4\/files\/sites\/218\/2024\/06\/peak-logo-stamp-transparent-300x300.png\" alt=\"\" width=\"350\" height=\"350\" srcset=\"https:\/\/sites.uwasa.fi\/peak\/wp-content\/blogs.dir\/4\/files\/sites\/218\/2024\/06\/peak-logo-stamp-transparent-300x300.png 300w, https:\/\/sites.uwasa.fi\/peak\/wp-content\/blogs.dir\/4\/files\/sites\/218\/2024\/06\/peak-logo-stamp-transparent-1024x1024.png 1024w, https:\/\/sites.uwasa.fi\/peak\/wp-content\/blogs.dir\/4\/files\/sites\/218\/2024\/06\/peak-logo-stamp-transparent-150x150.png 150w, https:\/\/sites.uwasa.fi\/peak\/wp-content\/blogs.dir\/4\/files\/sites\/218\/2024\/06\/peak-logo-stamp-transparent-768x768.png 768w, https:\/\/sites.uwasa.fi\/peak\/wp-content\/blogs.dir\/4\/files\/sites\/218\/2024\/06\/peak-logo-stamp-transparent.png 1080w\" sizes=\"(max-width: 350px) 100vw, 350px\" \/><\/p>\n<h3><\/h3>\n<h4>Esse Elektro-Kraft Ab:n omistaman s\u00e4hk\u00f6njakeluverkon alueella toteutettavassa PEAK-hankkeessa selvitet\u00e4\u00e4n kehitt\u00e4mismahdollisuuksia kokonaisvaltaisesti teknisest\u00e4, yhteis\u00f6llisest\u00e4 ja liiketoiminnallisesta n\u00e4k\u00f6kulmasta kolmen tavoitteen kautta.<\/h4>\n<p>Ensimm\u00e4isen\u00e4 tavoitteena on tuottaa ymm\u00e4rryst\u00e4 siit\u00e4, millaiset edellytykset ja kehitystarpeet alueella on hiilineutraalin energiaj\u00e4rjestelm\u00e4n kehitt\u00e4miselle teknistaloudellisest\u00e4 n\u00e4k\u00f6kulmasta. Tarkastelun keski\u00f6ss\u00e4 on a) uusiutuvan energian tuotantopotentiaali), b) s\u00e4hk\u00f6verkon kapasiteetti, joustomahdollisuudet ja jousto-\/kehitystarpeet uusiutuvien energiamuotojen verkkoon integroimiselle, sek\u00e4 c) teknistaloudelliset laskelmat niin energiapotentiaaliin kuin s\u00e4hk\u00f6verkon kehitt\u00e4miseen liittyen.<\/p>\n<p>Toisena tavoitteena on tuottaa ymm\u00e4rryst\u00e4 asiantuntijoiden, p\u00e4\u00e4t\u00f6ksentekij\u00f6iden ja<\/p>\n<p>kansalaisten suhtautumisesta ja n\u00e4k\u00f6kulmista uusiutuvien energiamuotojen k\u00e4ytt\u00f6\u00f6nottoon. Tarkastelu keskittyy paikallisen toimijakent\u00e4n kartoitukseen ja aktivointiin sek\u00e4 paikallisten toimijoiden osallistamiseen energiaj\u00e4rjestelm\u00e4n kehitt\u00e4misty\u00f6h\u00f6n. Toimenpiteet (haastattelut, ty\u00f6pajat, kokoukset) kohdistuvat ja sijoittuvat erityisesti Esse Elektro-Kraftin liiketoiminta-alueelle.<\/p>\n<p>Kolmantena tavoitteena on tunnistaa ja hahmotella liiketoimintamalleja alueellisen energiaj\u00e4rjestelm\u00e4n eri toimintoihin ja toimijoihin liittyen sek\u00e4 tunnistaa mahdolliset pullonkaulat, resurssi- ja osaamispuutteet ja lains\u00e4\u00e4d\u00e4nn\u00f6lliset reunaehdot potentiaalisten liiketoimintamallien toteuttamiseen liittyen.<\/p>\n<p>&nbsp;<\/p>\n<h4>Hankkeen laaja-alainen tarkastelu lis\u00e4\u00e4 toimijoiden v\u00e4list\u00e4 vuorovaikutusta ja luo vahvan perustan kehityksen edist\u00e4miselle ja toteutumiselle, mink\u00e4 odotetaan merkitt\u00e4v\u00e4sti vauhdittavan alueen energiaj\u00e4rjestelm\u00e4n positiivisia muutoksia.<\/h4>\n<p>Hankkeen tulokset sis\u00e4lt\u00e4v\u00e4t:<\/p>\n<ul>\n<li>Selvityksen alueen uusiutuvasta energiapotentiaalista; kartoituksen, laskennan tulokset sek\u00e4 ehdotuksen energiaj\u00e4rjestelm\u00e4n resilienssin ja jouston kehitt\u00e4misest\u00e4 uusiutuvan energiantuotannon hy\u00f6dynt\u00e4misen maksimoimiseksi<\/li>\n<li>Tiivistelm\u00e4n yhteis\u00f6llisen kartoituksen ty\u00f6pajojen sek\u00e4 haastattelujen tuloksista sek\u00e4 2 blogiteksti\u00e4<\/li>\n<li>Hiilineutraalin energiaj\u00e4rjestelm\u00e4n potentiaaliset liiketoimintamallit ja niihin liittyv\u00e4t resurssi- ja osaamistarpeet lains\u00e4\u00e4d\u00e4nn\u00f6lliset reunaehdot huomioiden<\/li>\n<li>Julkisen loppuraportin, mik\u00e4 sis\u00e4lt\u00e4\u00e4 tiivistelm\u00e4t kunkin ty\u00f6paketin keskeisist\u00e4 tuloksista sek\u00e4 synteesin perustuvat kehitysehdotukset hiilineutraalin alueellisen energiaj\u00e4rjestelm\u00e4n kehitt\u00e4miseksi.<\/li>\n<\/ul>\n<p>Hankkeen odotettuja pitk\u00e4n aikav\u00e4lin vaikutuksia ovat muun muassa CO2-p\u00e4\u00e4st\u00f6jen v\u00e4heneminen, energiaj\u00e4rjestelm\u00e4n asteittainen hiilineutraalisuuden saavuttaminen, positiivinen asennemuutos sek\u00e4 kasvava kiinnostus osallistua alueellisen energiaj\u00e4rjestelm\u00e4n kehitt\u00e4miseen. Lis\u00e4ksi energiaj\u00e4rjestelm\u00e4n ja s\u00e4hk\u00f6verkon odotetaan kehittyv\u00e4n \u00e4lykk\u00e4\u00e4mmiksi niin, ett\u00e4 se mahdollistaa suuremman uusiutuvan energian kapasiteetin ja eri toimijoiden v\u00e4lisen yhteisty\u00f6n energiatuotannossa.<\/p>\n<p>&nbsp;<\/p>\n<h4><strong>Hanke koostuu seuraavista ty\u00f6paketeista:<\/strong><\/h4>\n<p><strong>TP1:<\/strong> <a href=\"https:\/\/sites.uwasa.fi\/peak\/fi\/tp1\/\">Alueen uusiutuvan energiapotentiaalin ja s\u00e4hk\u00f6verkon ja joustoresurssien hy\u00f6dynnett\u00e4vyyden kartoitus<\/a><\/p>\n<p><strong>TP2:<\/strong> <a href=\"https:\/\/sites.uwasa.fi\/peak\/fi\/tp2\/\">Alueen uusiutuvan energiapotentiaalin yhteis\u00f6llinen kartoitus<\/a><\/p>\n<p><strong>TP3:<\/strong> <a href=\"https:\/\/sites.uwasa.fi\/peak\/fi\/tp3\/\">Liiketoimintamallit<\/a><\/p>\n<p><strong>TP4:<\/strong> <a href=\"https:\/\/sites.uwasa.fi\/peak\/fi\/tp4\/\">Hankeviestint\u00e4, disseminaatio ja eksploitaatio<\/a><\/p>\n<p>&nbsp;<\/p>\n<p><img loading=\"lazy\" decoding=\"async\" class=\"aligncenter size-full wp-image-159\" src=\"https:\/\/sites.uwasa.fi\/peak\/wp-content\/blogs.dir\/4\/files\/sites\/218\/2024\/06\/tyopakettirakenne.jpg\" alt=\"\" width=\"1920\" height=\"1080\" srcset=\"https:\/\/sites.uwasa.fi\/peak\/wp-content\/blogs.dir\/4\/files\/sites\/218\/2024\/06\/tyopakettirakenne.jpg 1920w, https:\/\/sites.uwasa.fi\/peak\/wp-content\/blogs.dir\/4\/files\/sites\/218\/2024\/06\/tyopakettirakenne-300x169.jpg 300w, https:\/\/sites.uwasa.fi\/peak\/wp-content\/blogs.dir\/4\/files\/sites\/218\/2024\/06\/tyopakettirakenne-1024x576.jpg 1024w, https:\/\/sites.uwasa.fi\/peak\/wp-content\/blogs.dir\/4\/files\/sites\/218\/2024\/06\/tyopakettirakenne-768x432.jpg 768w, https:\/\/sites.uwasa.fi\/peak\/wp-content\/blogs.dir\/4\/files\/sites\/218\/2024\/06\/tyopakettirakenne-1536x864.jpg 1536w, https:\/\/sites.uwasa.fi\/peak\/wp-content\/blogs.dir\/4\/files\/sites\/218\/2024\/06\/tyopakettirakenne-320x180.jpg 320w, https:\/\/sites.uwasa.fi\/peak\/wp-content\/blogs.dir\/4\/files\/sites\/218\/2024\/06\/tyopakettirakenne-640x360.jpg 640w, https:\/\/sites.uwasa.fi\/peak\/wp-content\/blogs.dir\/4\/files\/sites\/218\/2024\/06\/tyopakettirakenne-1280x720.jpg 1280w, https:\/\/sites.uwasa.fi\/peak\/wp-content\/blogs.dir\/4\/files\/sites\/218\/2024\/06\/tyopakettirakenne-1600x900.jpg 1600w\" sizes=\"(max-width: 1920px) 100vw, 1920px\" \/><\/p>\n","protected":false},"excerpt":{"rendered":"<p>Hanke selvitt\u00e4\u00e4 paikallisen energiaj\u00e4rjestelm\u00e4n kehitysmahdollisuuksia Pohjanmaalla Suomen energiaj\u00e4rjestelm\u00e4\u00e4 kehitet\u00e4\u00e4n kohti hiilineutraalisuutta niin luopumalla turpeen energiak\u00e4yt\u00f6st\u00e4 kuin liitt\u00e4m\u00e4ll\u00e4 uusiutuvia energiamuotoja osaksi \u00e4lyk\u00e4st\u00e4 energiaj\u00e4rjestelm\u00e4\u00e4. T\u00e4rke\u00e4\u00e4 on my\u00f6s parantaa alueellista energiaomavaraisuutta, energiahuoltovarmuutta ja s\u00e4hk\u00f6verkon kest\u00e4vyytt\u00e4. Muutoksen toteuttaminen ei kuitenkaan ole yksinkertaista, vaan alueellisen energiaj\u00e4rjestelm\u00e4n kehitykseen tarvitaan niin luotettavaa, alueen ominaispiirteisiin perustuva tietoa kuin keskeisten sidosryhmien ja toimijoiden osallistumista [&hellip;]<\/p>\n","protected":false},"author":532,"featured_media":0,"parent":0,"menu_order":0,"comment_status":"closed","ping_status":"closed","template":"","meta":{"_acf_changed":false,"footnotes":""},"class_list":["post-158","page","type-page","status-publish","hentry"],"acf":[],"lang":"fi","translations":{"fi":158,"en":5},"pll_sync_post":[],"_links":{"self":[{"href":"https:\/\/sites.uwasa.fi\/peak\/wp-json\/wp\/v2\/pages\/158"}],"collection":[{"href":"https:\/\/sites.uwasa.fi\/peak\/wp-json\/wp\/v2\/pages"}],"about":[{"href":"https:\/\/sites.uwasa.fi\/peak\/wp-json\/wp\/v2\/types\/page"}],"author":[{"embeddable":true,"href":"https:\/\/sites.uwasa.fi\/peak\/wp-json\/wp\/v2\/users\/532"}],"replies":[{"embeddable":true,"href":"https:\/\/sites.uwasa.fi\/peak\/wp-json\/wp\/v2\/comments?post=158"}],"version-history":[{"count":23,"href":"https:\/\/sites.uwasa.fi\/peak\/wp-json\/wp\/v2\/pages\/158\/revisions"}],"predecessor-version":[{"id":204,"href":"https:\/\/sites.uwasa.fi\/peak\/wp-json\/wp\/v2\/pages\/158\/revisions\/204"}],"wp:attachment":[{"href":"https:\/\/sites.uwasa.fi\/peak\/wp-json\/wp\/v2\/media?parent=158"}],"curies":[{"name":"wp","href":"https:\/\/api.w.org\/{rel}","templated":true}]}}