{"id":214,"date":"2019-05-03T15:03:40","date_gmt":"2019-05-03T12:03:40","guid":{"rendered":"https:\/\/sites.uwasa.fi\/mtpvaasa\/?page_id=214"},"modified":"2019-10-16T13:47:55","modified_gmt":"2019-10-16T10:47:55","slug":"iltatilaisuus","status":"publish","type":"page","link":"https:\/\/sites.uwasa.fi\/mtpvaasa\/iltatilaisuus\/","title":{"rendered":"Iltatilaisuus"},"content":{"rendered":"<p>Konferenssin illallinen j\u00e4rjestet\u00e4\u00e4n <a href=\"http:\/\/www.bacchus.fi\/?lang=fi\">Ravintola Bacchus &amp; Svenska Klubbenilla<\/a>, osoitteessa Rantakatu 4.<\/p>\n<p>Illallinen ei sis\u00e4lly ilmoittautumismaksuun vaan se maksetaan erikseen. Hinta illalliselle on 50\u20ac<\/p>\n<p>&nbsp;<\/p>\n<p>Illan ohjelmassa:<\/p>\n<ul>\n<li>Tervetuliaismaljat: Vaasan kaupunki<\/li>\n<li>Puhe: Aluetieteen emeritusprofessori Hannu Katajam\u00e4ki<\/li>\n<li>Palkintojenjako: Suomen Maantieteellinen Seura<\/li>\n<\/ul>\n<p>&nbsp;<\/p>\n<p>Hallinnoijat ry tarjoaa opiskelijoille vaihtoehtoista iltaohjelmaa. Lis\u00e4tietoja: https:\/\/www.facebook.com\/events\/2418216491797204\/<\/p>\n","protected":false},"excerpt":{"rendered":"<p>Konferenssin illallinen j\u00e4rjestet\u00e4\u00e4n Ravintola Bacchus &amp; Svenska Klubbenilla, osoitteessa Rantakatu 4. Illallinen ei sis\u00e4lly ilmoittautumismaksuun vaan se maksetaan erikseen. Hinta illalliselle on 50\u20ac &nbsp; Illan ohjelmassa: Tervetuliaismaljat: Vaasan kaupunki Puhe: Aluetieteen emeritusprofessori Hannu Katajam\u00e4ki Palkintojenjako: Suomen Maantieteellinen Seura &nbsp; Hallinnoijat ry tarjoaa opiskelijoille vaihtoehtoista iltaohjelmaa. Lis\u00e4tietoja: https:\/\/www.facebook.com\/events\/2418216491797204\/<\/p>\n","protected":false},"author":25,"featured_media":217,"parent":0,"menu_order":0,"comment_status":"closed","ping_status":"closed","template":"","meta":{"_acf_changed":false,"footnotes":""},"class_list":["post-214","page","type-page","status-publish","has-post-thumbnail","hentry"],"acf":[],"lang":"fi","translations":{"fi":214,"en":298},"pll_sync_post":[],"_links":{"self":[{"href":"https:\/\/sites.uwasa.fi\/mtpvaasa\/wp-json\/wp\/v2\/pages\/214"}],"collection":[{"href":"https:\/\/sites.uwasa.fi\/mtpvaasa\/wp-json\/wp\/v2\/pages"}],"about":[{"href":"https:\/\/sites.uwasa.fi\/mtpvaasa\/wp-json\/wp\/v2\/types\/page"}],"author":[{"embeddable":true,"href":"https:\/\/sites.uwasa.fi\/mtpvaasa\/wp-json\/wp\/v2\/users\/25"}],"replies":[{"embeddable":true,"href":"https:\/\/sites.uwasa.fi\/mtpvaasa\/wp-json\/wp\/v2\/comments?post=214"}],"version-history":[{"count":8,"href":"https:\/\/sites.uwasa.fi\/mtpvaasa\/wp-json\/wp\/v2\/pages\/214\/revisions"}],"predecessor-version":[{"id":853,"href":"https:\/\/sites.uwasa.fi\/mtpvaasa\/wp-json\/wp\/v2\/pages\/214\/revisions\/853"}],"wp:featuredmedia":[{"embeddable":true,"href":"https:\/\/sites.uwasa.fi\/mtpvaasa\/wp-json\/wp\/v2\/media\/217"}],"wp:attachment":[{"href":"https:\/\/sites.uwasa.fi\/mtpvaasa\/wp-json\/wp\/v2\/media?parent=214"}],"curies":[{"name":"wp","href":"https:\/\/api.w.org\/{rel}","templated":true}]}}