{"id":15,"date":"2019-05-02T13:39:51","date_gmt":"2019-05-02T10:39:51","guid":{"rendered":"https:\/\/sites.uwasa.fi\/mtpvaasa\/?page_id=15"},"modified":"2019-10-23T10:00:10","modified_gmt":"2019-10-23T07:00:10","slug":"majoitus-accommodation","status":"publish","type":"page","link":"https:\/\/sites.uwasa.fi\/mtpvaasa\/majoitus-accommodation\/","title":{"rendered":"Majoitus ja liikkuminen"},"content":{"rendered":"<p>Merellinen kampuksemme sijaitsee l\u00e4hell\u00e4 keskustaa ja t\u00e4nne on helppo tulla! Tarkemmat ohjeet kampuksen luo l\u00f6yd\u00e4t vierailijat-sivuilta alta:<\/p>\n<p><a href=\"https:\/\/www.uwasa.fi\/fi\/for\/visitors\/\">https:\/\/www.uwasa.fi\/fi\/for\/visitors\/<\/a><\/p>\n<p><img loading=\"lazy\" decoding=\"async\" class=\"alignnone wp-image-767 size-full\" src=\"https:\/\/sites.uwasa.fi\/mtpvaasa\/wp-content\/uploads\/sites\/29\/2019\/09\/vaasan-kartta_mm-tiedostopalvelun-kuva.png\" alt=\"\" width=\"1007\" height=\"480\" srcset=\"https:\/\/sites.uwasa.fi\/mtpvaasa\/wp-content\/uploads\/sites\/29\/2019\/09\/vaasan-kartta_mm-tiedostopalvelun-kuva.png 1007w, https:\/\/sites.uwasa.fi\/mtpvaasa\/wp-content\/uploads\/sites\/29\/2019\/09\/vaasan-kartta_mm-tiedostopalvelun-kuva-300x143.png 300w, https:\/\/sites.uwasa.fi\/mtpvaasa\/wp-content\/uploads\/sites\/29\/2019\/09\/vaasan-kartta_mm-tiedostopalvelun-kuva-768x366.png 768w\" sizes=\"(max-width: 1007px) 100vw, 1007px\" \/><\/p>\n<p><a href=\"https:\/\/sites.uwasa.fi\/mtpvaasa\/wp-content\/uploads\/sites\/29\/2019\/10\/kampus-kartta_muokattava-versio-2.png\"><img loading=\"lazy\" decoding=\"async\" class=\"alignnone wp-image-870\" src=\"https:\/\/sites.uwasa.fi\/mtpvaasa\/wp-content\/uploads\/sites\/29\/2019\/10\/kampus-kartta_muokattava-versio-2.png\" alt=\"\" width=\"1007\" height=\"755\" srcset=\"https:\/\/sites.uwasa.fi\/mtpvaasa\/wp-content\/uploads\/sites\/29\/2019\/10\/kampus-kartta_muokattava-versio-2.png 1200w, https:\/\/sites.uwasa.fi\/mtpvaasa\/wp-content\/uploads\/sites\/29\/2019\/10\/kampus-kartta_muokattava-versio-2-300x225.png 300w, https:\/\/sites.uwasa.fi\/mtpvaasa\/wp-content\/uploads\/sites\/29\/2019\/10\/kampus-kartta_muokattava-versio-2-768x576.png 768w, https:\/\/sites.uwasa.fi\/mtpvaasa\/wp-content\/uploads\/sites\/29\/2019\/10\/kampus-kartta_muokattava-versio-2-1024x768.png 1024w\" sizes=\"(max-width: 1007px) 100vw, 1007px\" \/><\/a><\/p>\n<p>&nbsp;<\/p>\n<p><strong>Majoitus Vaasassa<\/strong><\/p>\n<p>Majoitus on mahdollista varata seuraavista hotelleista tarjoushintaan. Varauskoodit oikeuttavat alennushintaiseen huoneeseen 23.-25.10.<\/p>\n<p>&nbsp;<\/p>\n<ul>\n<li><strong>Original Sokos Hotel Vaakuna, Vaasa<\/strong><\/li>\n<\/ul>\n<p><a href=\"https:\/\/www.sokoshotels.fi\/fi\/vaasa\/sokos-hotel-vaakuna-vaasa\" target=\"_blank\" rel=\"noopener noreferrer\">https:\/\/www.sokoshotels.fi\/fi\/vaasa\/sokos-hotel-vaakuna-vaasa<\/a><\/p>\n<p>Rewell Center 101, 65100 VAASA<\/p>\n<p>puh. +358 20 780 8800<\/p>\n<p>Yhden hengen: standard 84 \u20ac\/y\u00f6, superior 99 \u20ac\/y\u00f6<\/p>\n<p>Kahden hengen standard 99 \u20ac\/y\u00f6, superior 114 \u20ac\/y\u00f6<\/p>\n<p>Varaukset hotellin kotisivujen kautta.<\/p>\n<p>Varauskoodi: <strong>BMAAN <\/strong>(Voimassa 2.10.2019 asti)<\/p>\n<p><a href=\"https:\/\/sites.uwasa.fi\/mtpvaasa\/majoitus-accommodation\/hotellit\/\">Lis\u00e4tietoja<\/a><\/p>\n<p>&nbsp;<\/p>\n<ul>\n<li><strong>Original Sokos Hotel Royal Vaasa<\/strong><\/li>\n<\/ul>\n<p><a href=\"https:\/\/www.sokoshotels.fi\/fi\/vaasa\/original-sokos-hotel-royal-vaasa\" target=\"_blank\" rel=\"noopener noreferrer\">https:\/\/www.sokoshotels.fi\/fi\/vaasa\/original-sokos-hotel-royal-vaasa<\/a><\/p>\n<p><span class=\"streetAddress\">Hovioikeudenpuistikko 18, <\/span><span class=\"postAddress\">65100 VAASA<\/span><\/p>\n<p>puh. +358 20 123 4619<\/p>\n<p>Yhden hengen huone 104\u20ac\/y\u00f6<\/p>\n<p>Kahden hengen huone 118\u20ac\/y\u00f6<\/p>\n<p>Varaukset hotellin kotisivujen kautta tai hotellin myyntipalvelusta.<\/p>\n<p>Varauskoodi: <strong>BMAANT19<\/strong> (Voimassa 2.10.2019 asti)<\/p>\n<p><a href=\"https:\/\/sites.uwasa.fi\/mtpvaasa\/majoitus-accommodation\/hotellit\/\">Lis\u00e4tietoja<\/a><\/p>\n<p>&nbsp;<\/p>\n<ul>\n<li><strong>Scandic Vaasa<\/strong><\/li>\n<\/ul>\n<p><a href=\"https:\/\/www.scandichotels.fi\/hotellit\/suomi\/vaasa\/scandic-vaasa\" target=\"_blank\" rel=\"noopener noreferrer\">https:\/\/www.scandichotels.fi\/hotellit\/suomi\/vaasa\/scandic-vaasa<\/a><\/p>\n<p>Rosteninkatu 6, 65100 VAASA<\/p>\n<p>puh. +358 6 357 8100<\/p>\n<p>Yhden hengen huone 107\u20ac\/y\u00f6<\/p>\n<p>Kahden hengen huone 127\u20ac\/y\u00f6<\/p>\n<p>Varaukset hotellista puhelimitse tai s\u00e4hk\u00f6postilla<\/p>\n<p>Varauskoodi: <strong>Maantieteen p\u00e4iv\u00e4t<\/strong> (Voimassa 9.10.2019 asti)<\/p>\n<p><a href=\"https:\/\/sites.uwasa.fi\/mtpvaasa\/majoitus-accommodation\/hotellit\/\">Lis\u00e4tietoja<\/a><\/p>\n<p>&nbsp;<\/p>\n<p>Majoituksen voi varata my\u00f6s muista hotelleista omatoimisesti hakukoneita tai alla olevia linkkej\u00e4 apuna k\u00e4ytt\u00e4en.<\/p>\n<p><a href=\"https:\/\/astorvaasa.fi\/?page=KOTI\">Astor<\/a><\/p>\n<p><a href=\"https:\/\/www.omenahotels.com\/fi\/\">Omena-hotelli<\/a><\/p>\n<p><a href=\"http:\/\/www.hoteltekla.net\/\">Tekla<\/a><\/p>\n<p>&nbsp;<\/p>\n<p><strong>Iltatilaisuus:<\/strong><\/p>\n<p>Konfferenssip\u00e4iv\u00e4llinen j\u00e4rjestet\u00e4\u00e4n <a href=\"http:\/\/www.bacchus.fi\/?lang=fi\">ravintola Bacchus &amp; Svenska Klubbenilla<\/a> kaupungin keskustassa osoitteessa, Rantakatu 4.<\/p>\n","protected":false},"excerpt":{"rendered":"<p>Merellinen kampuksemme sijaitsee l\u00e4hell\u00e4 keskustaa ja t\u00e4nne on helppo tulla! Tarkemmat ohjeet kampuksen luo l\u00f6yd\u00e4t vierailijat-sivuilta alta: https:\/\/www.uwasa.fi\/fi\/for\/visitors\/ &nbsp; Majoitus Vaasassa Majoitus on mahdollista varata seuraavista hotelleista tarjoushintaan. Varauskoodit oikeuttavat alennushintaiseen huoneeseen 23.-25.10. &nbsp; Original Sokos Hotel Vaakuna, Vaasa https:\/\/www.sokoshotels.fi\/fi\/vaasa\/sokos-hotel-vaakuna-vaasa Rewell Center 101, 65100 VAASA puh. +358 20 780 8800 Yhden hengen: standard 84 \u20ac\/y\u00f6, [&hellip;]<\/p>\n","protected":false},"author":25,"featured_media":556,"parent":0,"menu_order":0,"comment_status":"closed","ping_status":"closed","template":"","meta":{"_acf_changed":false,"footnotes":""},"class_list":["post-15","page","type-page","status-publish","has-post-thumbnail","hentry"],"acf":[],"lang":"fi","translations":{"fi":15,"en":342},"pll_sync_post":[],"_links":{"self":[{"href":"https:\/\/sites.uwasa.fi\/mtpvaasa\/wp-json\/wp\/v2\/pages\/15"}],"collection":[{"href":"https:\/\/sites.uwasa.fi\/mtpvaasa\/wp-json\/wp\/v2\/pages"}],"about":[{"href":"https:\/\/sites.uwasa.fi\/mtpvaasa\/wp-json\/wp\/v2\/types\/page"}],"author":[{"embeddable":true,"href":"https:\/\/sites.uwasa.fi\/mtpvaasa\/wp-json\/wp\/v2\/users\/25"}],"replies":[{"embeddable":true,"href":"https:\/\/sites.uwasa.fi\/mtpvaasa\/wp-json\/wp\/v2\/comments?post=15"}],"version-history":[{"count":20,"href":"https:\/\/sites.uwasa.fi\/mtpvaasa\/wp-json\/wp\/v2\/pages\/15\/revisions"}],"predecessor-version":[{"id":872,"href":"https:\/\/sites.uwasa.fi\/mtpvaasa\/wp-json\/wp\/v2\/pages\/15\/revisions\/872"}],"wp:featuredmedia":[{"embeddable":true,"href":"https:\/\/sites.uwasa.fi\/mtpvaasa\/wp-json\/wp\/v2\/media\/556"}],"wp:attachment":[{"href":"https:\/\/sites.uwasa.fi\/mtpvaasa\/wp-json\/wp\/v2\/media?parent=15"}],"curies":[{"name":"wp","href":"https:\/\/api.w.org\/{rel}","templated":true}]}}