{"id":13,"date":"2019-05-02T13:38:11","date_gmt":"2019-05-02T10:38:11","guid":{"rendered":"https:\/\/sites.uwasa.fi\/mtpvaasa\/?page_id=13"},"modified":"2019-06-13T13:35:37","modified_gmt":"2019-06-13T10:35:37","slug":"puhujat","status":"publish","type":"page","link":"https:\/\/sites.uwasa.fi\/mtpvaasa\/puhujat\/","title":{"rendered":"Puhujat"},"content":{"rendered":"<p><img loading=\"lazy\" decoding=\"async\" class=\"alignleft wp-image-254\" src=\"https:\/\/sites.uwasa.fi\/mtpvaasa\/wp-content\/uploads\/sites\/29\/2019\/05\/ares-200x300.jpg\" alt=\"\" width=\"165\" height=\"248\" \/><\/p>\n<p>&nbsp;<\/p>\n<p>Professori <strong>Ares Kalandides<\/strong>, Manchester Metropolitan University<\/p>\n<p><em>Rereading Doreen Massey: lessons for the practice of place<\/em><\/p>\n<p><a href=\"https:\/\/www2.mmu.ac.uk\/business-school\/about-us\/our-staff\/mrt\/profile\/index.php?id=2997\">Tutustu Aresiin&#8230;<\/a><\/p>\n<p>&nbsp;<\/p>\n<p>&nbsp;<\/p>\n<p>&nbsp;<\/p>\n<p>&nbsp;<\/p>\n<p><img loading=\"lazy\" decoding=\"async\" class=\"wp-image-259 alignleft\" src=\"https:\/\/sites.uwasa.fi\/mtpvaasa\/wp-content\/uploads\/sites\/29\/2019\/05\/venlabernelius-278x300.jpg\" alt=\"\" width=\"166\" height=\"179\" srcset=\"https:\/\/sites.uwasa.fi\/mtpvaasa\/wp-content\/uploads\/sites\/29\/2019\/05\/venlabernelius-278x300.jpg 278w, https:\/\/sites.uwasa.fi\/mtpvaasa\/wp-content\/uploads\/sites\/29\/2019\/05\/venlabernelius.jpg 586w\" sizes=\"(max-width: 166px) 100vw, 166px\" \/><\/p>\n<p>&nbsp;<\/p>\n<p>Apulaisprofessori <strong>Venla Bernelius<\/strong>, Helsingin yliopisto<\/p>\n<p><em>Asuinpaikan valta:<br \/>\nSuomalaiskaupunkien segregaatiodynamiikka ja nuorten eriytyv\u00e4t tulevaisuushorisontit<\/em><\/p>\n<p><a href=\"https:\/\/tuhat.helsinki.fi\/portal\/fi\/persons\/venla-bernelius(1e2aa9af-c8e8-4e98-8c1a-055cdc1780bb).html\">Tutustu Venlaan&#8230;<\/a><\/p>\n<p>&nbsp;<\/p>\n<p>&nbsp;<\/p>\n<p><img loading=\"lazy\" decoding=\"async\" class=\"wp-image-256 alignleft\" src=\"https:\/\/sites.uwasa.fi\/mtpvaasa\/wp-content\/uploads\/sites\/29\/2019\/05\/7113361-225x300.jpg\" alt=\"\" width=\"164\" height=\"218\" \/><\/p>\n<p>&nbsp;<\/p>\n<p>Professori <strong>Jukka K\u00e4yhk\u00f6<\/strong>, Turun yliopisto<\/p>\n<p><em>Paikka nimelt\u00e4 Maa \u2013<br \/>\nmaantieteen rooli globaalin kest\u00e4vyyskriisin tutkimuksessa ja hoidossa <\/em><\/p>\n<p><a href=\"https:\/\/www.utu.fi\/fi\/ihmiset\/jukka-kayhko\">Tutustu Jukkaan&#8230;<\/a><\/p>\n<p>&nbsp;<\/p>\n<p>&nbsp;<\/p>\n<p>&nbsp;<\/p>\n<p>&nbsp;<\/p>\n","protected":false},"excerpt":{"rendered":"<p>&nbsp; Professori Ares Kalandides, Manchester Metropolitan University Rereading Doreen Massey: lessons for the practice of place Tutustu Aresiin&#8230; &nbsp; &nbsp; &nbsp; &nbsp; &nbsp; Apulaisprofessori Venla Bernelius, Helsingin yliopisto Asuinpaikan valta: Suomalaiskaupunkien segregaatiodynamiikka ja nuorten eriytyv\u00e4t tulevaisuushorisontit Tutustu Venlaan&#8230; &nbsp; &nbsp; &nbsp; Professori Jukka K\u00e4yhk\u00f6, Turun yliopisto Paikka nimelt\u00e4 Maa \u2013 maantieteen rooli globaalin kest\u00e4vyyskriisin tutkimuksessa [&hellip;]<\/p>\n","protected":false},"author":25,"featured_media":247,"parent":0,"menu_order":0,"comment_status":"closed","ping_status":"closed","template":"","meta":{"_acf_changed":false,"footnotes":""},"class_list":["post-13","page","type-page","status-publish","has-post-thumbnail","hentry"],"acf":[],"lang":"fi","translations":{"fi":13,"en":325},"pll_sync_post":[],"_links":{"self":[{"href":"https:\/\/sites.uwasa.fi\/mtpvaasa\/wp-json\/wp\/v2\/pages\/13"}],"collection":[{"href":"https:\/\/sites.uwasa.fi\/mtpvaasa\/wp-json\/wp\/v2\/pages"}],"about":[{"href":"https:\/\/sites.uwasa.fi\/mtpvaasa\/wp-json\/wp\/v2\/types\/page"}],"author":[{"embeddable":true,"href":"https:\/\/sites.uwasa.fi\/mtpvaasa\/wp-json\/wp\/v2\/users\/25"}],"replies":[{"embeddable":true,"href":"https:\/\/sites.uwasa.fi\/mtpvaasa\/wp-json\/wp\/v2\/comments?post=13"}],"version-history":[{"count":21,"href":"https:\/\/sites.uwasa.fi\/mtpvaasa\/wp-json\/wp\/v2\/pages\/13\/revisions"}],"predecessor-version":[{"id":495,"href":"https:\/\/sites.uwasa.fi\/mtpvaasa\/wp-json\/wp\/v2\/pages\/13\/revisions\/495"}],"wp:featuredmedia":[{"embeddable":true,"href":"https:\/\/sites.uwasa.fi\/mtpvaasa\/wp-json\/wp\/v2\/media\/247"}],"wp:attachment":[{"href":"https:\/\/sites.uwasa.fi\/mtpvaasa\/wp-json\/wp\/v2\/media?parent=13"}],"curies":[{"name":"wp","href":"https:\/\/api.w.org\/{rel}","templated":true}]}}