{"id":65,"date":"2026-03-13T15:54:04","date_gmt":"2026-03-13T13:54:04","guid":{"rendered":"https:\/\/sites.uwasa.fi\/mtp2026\/?page_id=65"},"modified":"2026-03-17T12:26:46","modified_gmt":"2026-03-17T10:26:46","slug":"working-groups","status":"publish","type":"page","link":"https:\/\/sites.uwasa.fi\/mtp2026\/working-groups\/","title":{"rendered":"Working groups"},"content":{"rendered":"<p style=\"padding-left: 40px\">Ehdota ty\u00f6ryhm\u00e4\u00e4 ja l\u00e4het\u00e4 ty\u00f6ryhm\u00e4ehdotuksesi tekstidokumenttina <strong>15.6.<\/strong> menness\u00e4 sis\u00e4lt\u00e4en: Otsikko, vastuuhenkil\u00f6(t) yhteystietoineen sek\u00e4 ty\u00f6ryhm\u00e4kuvaus laajuudeltaan enint\u00e4\u00e4n 400 sanaa.<\/p>\n<p style=\"padding-left: 40px\">Ehdotukset s\u00e4hk\u00f6postilla: mtp2026(\u00e4t)uwasa.fi<\/p>\n<p><img loading=\"lazy\" decoding=\"async\" class=\"wp-image-82 aligncenter\" src=\"https:\/\/sites.uwasa.fi\/mtp2026\/wp-content\/blogs.dir\/4\/files\/sites\/274\/2026\/03\/kolmep-e1773742779479-300x81.jpg\" alt=\"\" width=\"81\" height=\"22\" srcset=\"https:\/\/sites.uwasa.fi\/mtp2026\/wp-content\/blogs.dir\/4\/files\/sites\/274\/2026\/03\/kolmep-e1773742779479-300x81.jpg 300w, https:\/\/sites.uwasa.fi\/mtp2026\/wp-content\/blogs.dir\/4\/files\/sites\/274\/2026\/03\/kolmep-e1773742779479.jpg 490w\" sizes=\"(max-width: 81px) 100vw, 81px\" \/><\/p>\n<p style=\"padding-left: 40px\">Propose a working group for the Geography Days. Send your working-group proposal by <strong>June 15<sup>th<\/sup><\/strong>, including: a title, the responsible person(s) with contact information, and a description of the working group of no more than 400 words.<\/p>\n<p style=\"padding-left: 40px\">Send proposals to: mtp2026(at)uwasa.fi<\/p>\n","protected":false},"excerpt":{"rendered":"<p>Ehdota ty\u00f6ryhm\u00e4\u00e4 ja l\u00e4het\u00e4 ty\u00f6ryhm\u00e4ehdotuksesi tekstidokumenttina 15.6. menness\u00e4 sis\u00e4lt\u00e4en: Otsikko, vastuuhenkil\u00f6(t) yhteystietoineen sek\u00e4 ty\u00f6ryhm\u00e4kuvaus laajuudeltaan enint\u00e4\u00e4n 400 sanaa. Ehdotukset s\u00e4hk\u00f6postilla: mtp2026(\u00e4t)uwasa.fi Propose a working group for the Geography Days. Send your working-group proposal by June 15th, including: a title, the responsible person(s) with contact information, and a description of the working group of no more [&hellip;]<\/p>\n","protected":false},"author":25,"featured_media":0,"parent":0,"menu_order":0,"comment_status":"closed","ping_status":"closed","template":"","meta":{"_acf_changed":false,"footnotes":""},"class_list":["post-65","page","type-page","status-publish","hentry"],"acf":[],"_links":{"self":[{"href":"https:\/\/sites.uwasa.fi\/mtp2026\/wp-json\/wp\/v2\/pages\/65"}],"collection":[{"href":"https:\/\/sites.uwasa.fi\/mtp2026\/wp-json\/wp\/v2\/pages"}],"about":[{"href":"https:\/\/sites.uwasa.fi\/mtp2026\/wp-json\/wp\/v2\/types\/page"}],"author":[{"embeddable":true,"href":"https:\/\/sites.uwasa.fi\/mtp2026\/wp-json\/wp\/v2\/users\/25"}],"replies":[{"embeddable":true,"href":"https:\/\/sites.uwasa.fi\/mtp2026\/wp-json\/wp\/v2\/comments?post=65"}],"version-history":[{"count":7,"href":"https:\/\/sites.uwasa.fi\/mtp2026\/wp-json\/wp\/v2\/pages\/65\/revisions"}],"predecessor-version":[{"id":91,"href":"https:\/\/sites.uwasa.fi\/mtp2026\/wp-json\/wp\/v2\/pages\/65\/revisions\/91"}],"wp:attachment":[{"href":"https:\/\/sites.uwasa.fi\/mtp2026\/wp-json\/wp\/v2\/media?parent=65"}],"curies":[{"name":"wp","href":"https:\/\/api.w.org\/{rel}","templated":true}]}}