{"id":162,"date":"2024-08-20T14:55:43","date_gmt":"2024-08-20T11:55:43","guid":{"rendered":"https:\/\/sites.uwasa.fi\/minca\/?page_id=162"},"modified":"2025-12-09T10:48:54","modified_gmt":"2025-12-09T08:48:54","slug":"hanketiedot","status":"publish","type":"page","link":"https:\/\/sites.uwasa.fi\/minca\/hanketiedot\/","title":{"rendered":"MINCA &#8211; Menetelmi\u00e4 p\u00e4\u00e4st\u00f6v\u00e4hennysten tunnistamiseen toimitusketjuissa"},"content":{"rendered":"<p>MINCA-hankkeen tavoitteena on edist\u00e4\u00e4 kasvihuonekaasup\u00e4\u00e4st\u00f6jen pienent\u00e4mist\u00e4 yritysten toimitusketjuissa. \u00a0Hanke kohdentuu etenkin Etel\u00e4-Pohjanmaalla toimiviin pk-yrityksiin, jotka pyrkiv\u00e4t kasvihuonekaasup\u00e4\u00e4st\u00f6jen v\u00e4hent\u00e4miseen toimitusketjuissaan eli tavoittelevat Greenhouse Gas Protocol -standardin mukaisia sovellusalan 3 p\u00e4\u00e4st\u00f6v\u00e4hennyksi\u00e4. Tarve hankkeen toteuttamiselle on merkitt\u00e4v\u00e4, sill\u00e4 yritystoiminnan ep\u00e4suorat p\u00e4\u00e4st\u00f6t, mukaan lukien toimitusketjun p\u00e4\u00e4st\u00f6t, ovat maailmanlaajuisesti keskim\u00e4\u00e4rin 5\u201325 kertaa suuremmat kuin toiminnan suorat p\u00e4\u00e4st\u00f6t. \u00a0V\u00e4lillisesti hankkeesta hy\u00f6tyv\u00e4t my\u00f6s innovatiivisia julkisia hankintoja toteuttavat ja suunnittelevat toimijat, jotka tarvitsevat osaamista ja v\u00e4lineit\u00e4 tunnistaakseen mahdollisuuksia kasvihuonep\u00e4\u00e4st\u00f6jen pienent\u00e4miseen toimitusketjuissaan.<\/p>\n<p>Hankkeessa aiotaan toteutettaa yritysten k\u00e4ytt\u00f6\u00f6n digitaalinen alusta, jonka kautta pilotoidaan kolme yleishy\u00f6dyllist\u00e4 demonstraatiota kasvihuonekaasup\u00e4\u00e4st\u00f6jen pienent\u00e4miseksi toimitusketjuissa, joissa pilotteihin osallistuvat yritykset toimivat. Alusta toimii demonstraatioiden k\u00e4ytt\u00f6\u00e4 t\u00e4ydent\u00e4v\u00e4n\u00e4 itseopiskeluymp\u00e4rist\u00f6n\u00e4, tarjoten materiaalia sovellusalan 3 p\u00e4\u00e4st\u00f6jen v\u00e4hent\u00e4mismahdollisuuksista. Demonstraatioiden suunnittelussa hy\u00f6dynnet\u00e4\u00e4n Green Supply Chain Management -innovaatiota, jossa toimitusketjujen ymp\u00e4rist\u00f6kuormitusta pienennet\u00e4\u00e4n viiden toisiinsa liittyv\u00e4n ulottuvuuden muutosten kautta.<\/p>\n<table style=\"border-collapse: collapse;width: 100%\" border=\"1\">\n<tbody>\n<tr>\n<td style=\"width: 50%\">\n<h3><span class=\"fieldset-legend\">Budjetti:<\/span><\/h3>\n<div class=\"fieldset-wrapper\">\n<div class=\"field field--name-field-outside-funding field--type-integer field--label-above\">\n<div class=\"field__label\">Ulkoinen rahoitus<\/div>\n<div class=\"field__item\">267 476\u20ac<\/div>\n<\/div>\n<div class=\"field field--name-field-outside-funding-univaasa field--type-integer field--label-above\">\n<div class=\"field__label\">Ulkoinen rahoitus, Vaasan yliopiston osuus<\/div>\n<div class=\"field__item\">267 476\u20ac<\/div>\n<\/div>\n<div class=\"field field--name-field-total-funding field--type-integer field--label-above\">\n<div class=\"field__label\">Kokonaisbudjetti<\/div>\n<div class=\"field__item\">334 246\u20ac<\/div>\n<\/div>\n<\/div>\n<\/td>\n<td style=\"width: 50%\">\n<div class=\"fieldset-wrapper\">\n<div class=\"field field--name-field-total-funding field--type-integer field--label-above\">\n<div class=\"field__item\">\n<h3><span class=\"fieldset-legend\">Toteutusaika:<\/span><\/h3>\n<div class=\"fieldset-wrapper\">\n<div class=\"field field--name-field-duration field--type-daterange field--label-visually_hidden\">\n<div class=\"field__item\"><time class=\"datetime\">elokuu 2024<\/time>\u00a0&#8211;\u00a0<time class=\"datetime\">hein\u00e4kuu 2026<\/time><\/div>\n<\/div>\n<\/div>\n<\/div>\n<\/div>\n<\/div>\n<div><\/div>\n<\/td>\n<\/tr>\n<tr>\n<td style=\"width: 50%\">\n<h3 class=\"field__label\">Hanketta koordinoiva organisaatio:<\/h3>\n<div class=\"field__item\"><a href=\"https:\/\/www.uwasa.fi\/fi\/tutkimus\/kumppanit\/vaasan-yliopisto\">Vaasan yliopisto<\/a><\/div>\n<\/td>\n<td style=\"width: 50%\">\n<h3 class=\"field__label\">Rahoittaja:<\/h3>\n<div class=\"field__items\">\n<div class=\"field__item\"><a href=\"https:\/\/www.uwasa.fi\/fi\/tutkimus\/kumppanit\/eu-euroopan-rakennerahastot-eakr-esr-2021-2027\">EU &#8211; Euroopan rakennerahastot EAKR \/ ESR+ (2021-2027)<\/a><\/div>\n<div class=\"field__item\"><a href=\"https:\/\/www.uwasa.fi\/fi\/tutkimus\/kumppanit\/etela-pohjanmaan-liitto\">Etel\u00e4-Pohjanmaan liitto<\/a><\/div>\n<\/div>\n<\/td>\n<\/tr>\n<\/tbody>\n<\/table>\n<div class=\"field__item\"><\/div>\n<div><strong>MINCA-hankkeen yhteisty\u00f6hankkeet \/ linkittyv\u00e4t hankkeet<\/strong><\/div>\n<ul>\n<li><a href=\"https:\/\/intoseinajoki.fi\/hiilineutraali-roves\/\" target=\"_blank\" rel=\"noopener\">Hiilineutraali Roves \u2013 yritysalueen kest\u00e4v\u00e4n kehityksen edist\u00e4minen \/ Into Sein\u00e4joki<\/a><\/li>\n<li><a href=\"https:\/\/www.syo.fi\/vastuullisuushanke\/\" target=\"_blank\" rel=\"noopener\">Vastuullisuus k\u00e4yt\u00e4nn\u00f6n teoiksi -hanke \/ Suomen Yritt\u00e4j\u00e4opisto<\/a><\/li>\n<\/ul>\n<div><\/div>\n<div><strong>MINCA-hankejuliste<\/strong><\/div>\n<ul>\n<li><a href=\"https:\/\/sites.uwasa.fi\/minca\/wp-content\/blogs.dir\/4\/files\/sites\/219\/2024\/09\/minca-hankejuliste-1684x2382-web-final.png\" target=\"_blank\" rel=\"noopener\">Lataa MINCA-hankejuliste<\/a><\/li>\n<\/ul>\n<div><\/div>\n<div><\/div>\n<div><\/div>\n<div><a href=\"https:\/\/sites.uwasa.fi\/minca\/wp-content\/blogs.dir\/4\/files\/sites\/219\/2024\/09\/minca-hankejuliste-1684x2382-web-final.png\"><img loading=\"lazy\" decoding=\"async\" class=\"aligncenter wp-image-288\" src=\"https:\/\/sites.uwasa.fi\/minca\/wp-content\/blogs.dir\/4\/files\/sites\/219\/2024\/09\/minca-hankejuliste-1684x2382-web-final.png\" alt=\"MINCA-hankkeen posteri, joka kuvaa toimitusketjua pellolta, tehtaan kautta jakeluj\u00e4rjestelm\u00e4n avulla eri k\u00e4ytt\u00f6kohteisiin.\" width=\"702\" height=\"993\" srcset=\"https:\/\/sites.uwasa.fi\/minca\/wp-content\/blogs.dir\/4\/files\/sites\/219\/2024\/09\/minca-hankejuliste-1684x2382-web-final.png 1684w, https:\/\/sites.uwasa.fi\/minca\/wp-content\/blogs.dir\/4\/files\/sites\/219\/2024\/09\/minca-hankejuliste-1684x2382-web-final-212x300.png 212w, https:\/\/sites.uwasa.fi\/minca\/wp-content\/blogs.dir\/4\/files\/sites\/219\/2024\/09\/minca-hankejuliste-1684x2382-web-final-724x1024.png 724w, https:\/\/sites.uwasa.fi\/minca\/wp-content\/blogs.dir\/4\/files\/sites\/219\/2024\/09\/minca-hankejuliste-1684x2382-web-final-768x1086.png 768w, https:\/\/sites.uwasa.fi\/minca\/wp-content\/blogs.dir\/4\/files\/sites\/219\/2024\/09\/minca-hankejuliste-1684x2382-web-final-1086x1536.png 1086w, https:\/\/sites.uwasa.fi\/minca\/wp-content\/blogs.dir\/4\/files\/sites\/219\/2024\/09\/minca-hankejuliste-1684x2382-web-final-1448x2048.png 1448w\" sizes=\"(max-width: 702px) 100vw, 702px\" \/><\/a><\/div>\n<div><\/div>\n","protected":false},"excerpt":{"rendered":"<p>MINCA-hankkeen tavoitteena on edist\u00e4\u00e4 kasvihuonekaasup\u00e4\u00e4st\u00f6jen pienent\u00e4mist\u00e4 yritysten toimitusketjuissa. \u00a0Hanke kohdentuu etenkin Etel\u00e4-Pohjanmaalla toimiviin pk-yrityksiin, jotka pyrkiv\u00e4t kasvihuonekaasup\u00e4\u00e4st\u00f6jen v\u00e4hent\u00e4miseen toimitusketjuissaan eli tavoittelevat Greenhouse Gas Protocol -standardin mukaisia sovellusalan 3 p\u00e4\u00e4st\u00f6v\u00e4hennyksi\u00e4. Tarve hankkeen toteuttamiselle on merkitt\u00e4v\u00e4, sill\u00e4 yritystoiminnan ep\u00e4suorat p\u00e4\u00e4st\u00f6t, mukaan lukien toimitusketjun p\u00e4\u00e4st\u00f6t, ovat maailmanlaajuisesti keskim\u00e4\u00e4rin 5\u201325 kertaa suuremmat kuin toiminnan suorat p\u00e4\u00e4st\u00f6t. \u00a0V\u00e4lillisesti hankkeesta hy\u00f6tyv\u00e4t [&hellip;]<\/p>\n","protected":false},"author":29,"featured_media":0,"parent":0,"menu_order":0,"comment_status":"closed","ping_status":"closed","template":"","meta":{"_acf_changed":false,"footnotes":""},"class_list":["post-162","page","type-page","status-publish","hentry"],"acf":[],"_links":{"self":[{"href":"https:\/\/sites.uwasa.fi\/minca\/wp-json\/wp\/v2\/pages\/162"}],"collection":[{"href":"https:\/\/sites.uwasa.fi\/minca\/wp-json\/wp\/v2\/pages"}],"about":[{"href":"https:\/\/sites.uwasa.fi\/minca\/wp-json\/wp\/v2\/types\/page"}],"author":[{"embeddable":true,"href":"https:\/\/sites.uwasa.fi\/minca\/wp-json\/wp\/v2\/users\/29"}],"replies":[{"embeddable":true,"href":"https:\/\/sites.uwasa.fi\/minca\/wp-json\/wp\/v2\/comments?post=162"}],"version-history":[{"count":15,"href":"https:\/\/sites.uwasa.fi\/minca\/wp-json\/wp\/v2\/pages\/162\/revisions"}],"predecessor-version":[{"id":567,"href":"https:\/\/sites.uwasa.fi\/minca\/wp-json\/wp\/v2\/pages\/162\/revisions\/567"}],"wp:attachment":[{"href":"https:\/\/sites.uwasa.fi\/minca\/wp-json\/wp\/v2\/media?parent=162"}],"curies":[{"name":"wp","href":"https:\/\/api.w.org\/{rel}","templated":true}]}}