{"id":620,"date":"2026-04-24T13:51:28","date_gmt":"2026-04-24T10:51:28","guid":{"rendered":"https:\/\/sites.uwasa.fi\/mevi2026\/?page_id=620"},"modified":"2026-04-25T16:07:13","modified_gmt":"2026-04-25T13:07:13","slug":"paatospaneeli","status":"publish","type":"page","link":"https:\/\/sites.uwasa.fi\/mevi2026\/ohjelma\/paatospaneeli\/","title":{"rendered":"P\u00e4\u00e4t\u00f6spaneeli: Propagandan uusi tuleminen"},"content":{"rendered":"<h4><strong>Pe 8.5. klo 13.50\u201314.45, Vaasan yliopiston Nissi-salissa, Ankkuri<\/strong><\/h4>\n<p>Median ja viestinn\u00e4n tutkimuksen p\u00e4iv\u00e4t huipentuvat paneelikeskusteluun ajankohtaisesta aiheesta, propagandan uudesta tulemisesta. Paneelissa pohditaan esimerkiksi teko\u00e4lyll\u00e4 tehtyjen sis\u00e4lt\u00f6jen merkityst\u00e4, sosiaalisen median aiheuttamia huolia, journalismin mahdollista rappiota, poliittisen keskustelun polarisoitumista sek\u00e4 vaalivaikuttamista.<\/p>\n<p>Mevi-p\u00e4ivien p\u00e4\u00e4t\u00f6spaneelissa ovat keskustelemassa Ilkka-Pohjalaisen p\u00e4\u00e4toimittaja Markku Mantila, Faktabaarin toimittaja Pipsa Havula sek\u00e4 Voima-lehden p\u00e4\u00e4toimittaja Jari Tamminen. Paneelin puheenjohtajana toimii opiskelijamedia Pomedian p\u00e4\u00e4toimittaja Hanna Hietikko.<\/p>\n<p>Tapahtuma on avoin kaikille ja odotamme paikalle runsaasti yleis\u00f6\u00e4 my\u00f6s muista kuin Mevi-p\u00e4ivien osallistujista. Tervetuloa!<\/p>\n","protected":false},"excerpt":{"rendered":"<p>Pe 8.5. klo 13.50\u201314.45, Vaasan yliopiston Nissi-salissa, Ankkuri Median ja viestinn\u00e4n tutkimuksen p\u00e4iv\u00e4t huipentuvat paneelikeskusteluun ajankohtaisesta aiheesta, propagandan uudesta tulemisesta. Paneelissa pohditaan esimerkiksi teko\u00e4lyll\u00e4 tehtyjen sis\u00e4lt\u00f6jen merkityst\u00e4, sosiaalisen median aiheuttamia huolia, journalismin mahdollista rappiota, poliittisen keskustelun polarisoitumista sek\u00e4 vaalivaikuttamista. Mevi-p\u00e4ivien p\u00e4\u00e4t\u00f6spaneelissa ovat keskustelemassa Ilkka-Pohjalaisen p\u00e4\u00e4toimittaja Markku Mantila, Faktabaarin toimittaja Pipsa Havula sek\u00e4 Voima-lehden p\u00e4\u00e4toimittaja Jari [&hellip;]<\/p>\n","protected":false},"author":586,"featured_media":0,"parent":22,"menu_order":2,"comment_status":"closed","ping_status":"closed","template":"","meta":{"_acf_changed":false,"footnotes":""},"class_list":["post-620","page","type-page","status-publish","hentry"],"acf":[],"lang":"fi","translations":{"fi":620},"pll_sync_post":[],"_links":{"self":[{"href":"https:\/\/sites.uwasa.fi\/mevi2026\/wp-json\/wp\/v2\/pages\/620"}],"collection":[{"href":"https:\/\/sites.uwasa.fi\/mevi2026\/wp-json\/wp\/v2\/pages"}],"about":[{"href":"https:\/\/sites.uwasa.fi\/mevi2026\/wp-json\/wp\/v2\/types\/page"}],"author":[{"embeddable":true,"href":"https:\/\/sites.uwasa.fi\/mevi2026\/wp-json\/wp\/v2\/users\/586"}],"replies":[{"embeddable":true,"href":"https:\/\/sites.uwasa.fi\/mevi2026\/wp-json\/wp\/v2\/comments?post=620"}],"version-history":[{"count":3,"href":"https:\/\/sites.uwasa.fi\/mevi2026\/wp-json\/wp\/v2\/pages\/620\/revisions"}],"predecessor-version":[{"id":652,"href":"https:\/\/sites.uwasa.fi\/mevi2026\/wp-json\/wp\/v2\/pages\/620\/revisions\/652"}],"up":[{"embeddable":true,"href":"https:\/\/sites.uwasa.fi\/mevi2026\/wp-json\/wp\/v2\/pages\/22"}],"wp:attachment":[{"href":"https:\/\/sites.uwasa.fi\/mevi2026\/wp-json\/wp\/v2\/media?parent=620"}],"curies":[{"name":"wp","href":"https:\/\/api.w.org\/{rel}","templated":true}]}}