{"id":27,"date":"2025-09-12T15:22:23","date_gmt":"2025-09-12T12:22:23","guid":{"rendered":"https:\/\/sites.uwasa.fi\/mevi2026\/?page_id=27"},"modified":"2026-03-05T15:57:41","modified_gmt":"2026-03-05T13:57:41","slug":"ilmoittautuminen","status":"publish","type":"page","link":"https:\/\/sites.uwasa.fi\/mevi2026\/ilmoittautuminen\/","title":{"rendered":"Ilmoittautuminen"},"content":{"rendered":"<p><strong>Mevi-p\u00e4ivien ilmoittautuminen on nyt auki. Ilmoittauduthan viimeist\u00e4\u00e4n<\/strong> <strong>8.4.2026<\/strong>.<\/p>\n<p><a href=\"https:\/\/crm.uwasa.fi\/Events\/186\/Apply?lang=fi&amp;key=\" target=\"_blank\" rel=\"noopener\">Ilmoittautumislomakkeeseen\u00a0p\u00e4\u00e4set t\u00e4st\u00e4<\/a>.<\/p>\n<h3><strong>Hinnat<\/strong><\/h3>\n<ul>\n<li>Mevin j\u00e4sen <strong>120 EUR<\/strong><\/li>\n<li>Ei j\u00e4sen <strong>170 EUR<\/strong><\/li>\n<li>Perustutkinto-opiskelijat <strong>veloituksetta<\/strong> (jos Mevin j\u00e4sen)<\/li>\n<li>Illallinen <strong>40 EUR<\/strong><\/li>\n<\/ul>\n<p>Osallistumismaksu sis\u00e4lt\u00e4\u00e4 konferenssin ohjelman, kahvitarjoilut sek\u00e4 lounaat. Illallinen 7.5. maksaa 40 euroa.<\/p>\n<p><strong>Huom!<\/strong> Jos ilmoittaudut j\u00e4senhinnalla, vuoden 2026 j\u00e4senmaksun tulee olla maksettu. Jos et ole saanut laskua tai haluat liitty\u00e4 j\u00e4seneksi, l\u00e4het\u00e4 s\u00e4hk\u00f6postia osoitteeseen <strong>sihteeri@mediaviestinta.fi<\/strong>. Vuosij\u00e4senyyden hinta on 35 euroa. Perustutkinto-opiskelijalle ensimm\u00e4inen vuosi on ilmainen, jonka j\u00e4lkeen hinta on 15 euroa vuodessa.<\/p>\n<p>Osallistumismaksu(t) ja mahdollinen illallismaksu(t) maksetaan ilmoittautumisen yhteydess\u00e4.<\/p>\n<h3><strong>Peruutusehdot<\/strong><\/h3>\n<p>Kest\u00e4v\u00e4n kehityksen mukaisesti ja ruokah\u00e4vikin v\u00e4ltt\u00e4miseksi peruutathan osallistumisesi, jos et p\u00e4\u00e4se paikalle konferenssiin tai iltaohjelmiin. Peruutuksen voi tehd\u00e4 kuluitta 8.4.2026 saakka. T\u00e4m\u00e4n p\u00e4iv\u00e4m\u00e4\u00e4r\u00e4n j\u00e4lkeen tulleet peruutukset tai osallistumatta j\u00e4tt\u00e4miset veloitetaan kokonaisuudessaan. Illallismaksua ei palauteta erikseen osallistujan peruuttaessa illalliselle osallistumisensa. Ilmoittautumisen voi my\u00f6s siirt\u00e4\u00e4 kuluitta toisen samassa organisaatiossa ty\u00f6skentelev\u00e4n henkil\u00f6n nimiin. Ilmoitukset peruutuksista ja pyynn\u00f6t maksun palautuksista sek\u00e4 osallistujamuutoksista on aina teht\u00e4v\u00e4 kirjallisesti s\u00e4hk\u00f6postilla osoitteeseen <strong>mevivaasa@uwasa.fi<\/strong>.<\/p>\n","protected":false},"excerpt":{"rendered":"<p>Mevi-p\u00e4ivien ilmoittautuminen on nyt auki. Ilmoittauduthan viimeist\u00e4\u00e4n 8.4.2026. Ilmoittautumislomakkeeseen\u00a0p\u00e4\u00e4set t\u00e4st\u00e4. Hinnat Mevin j\u00e4sen 120 EUR Ei j\u00e4sen 170 EUR Perustutkinto-opiskelijat veloituksetta (jos Mevin j\u00e4sen) Illallinen 40 EUR Osallistumismaksu sis\u00e4lt\u00e4\u00e4 konferenssin ohjelman, kahvitarjoilut sek\u00e4 lounaat. Illallinen 7.5. maksaa 40 euroa. Huom! Jos ilmoittaudut j\u00e4senhinnalla, vuoden 2026 j\u00e4senmaksun tulee olla maksettu. Jos et ole saanut laskua tai [&hellip;]<\/p>\n","protected":false},"author":100,"featured_media":0,"parent":0,"menu_order":0,"comment_status":"closed","ping_status":"closed","template":"","meta":{"_acf_changed":false,"footnotes":""},"class_list":["post-27","page","type-page","status-publish","hentry"],"acf":[],"lang":"fi","translations":{"fi":27,"en":402},"pll_sync_post":[],"_links":{"self":[{"href":"https:\/\/sites.uwasa.fi\/mevi2026\/wp-json\/wp\/v2\/pages\/27"}],"collection":[{"href":"https:\/\/sites.uwasa.fi\/mevi2026\/wp-json\/wp\/v2\/pages"}],"about":[{"href":"https:\/\/sites.uwasa.fi\/mevi2026\/wp-json\/wp\/v2\/types\/page"}],"author":[{"embeddable":true,"href":"https:\/\/sites.uwasa.fi\/mevi2026\/wp-json\/wp\/v2\/users\/100"}],"replies":[{"embeddable":true,"href":"https:\/\/sites.uwasa.fi\/mevi2026\/wp-json\/wp\/v2\/comments?post=27"}],"version-history":[{"count":7,"href":"https:\/\/sites.uwasa.fi\/mevi2026\/wp-json\/wp\/v2\/pages\/27\/revisions"}],"predecessor-version":[{"id":432,"href":"https:\/\/sites.uwasa.fi\/mevi2026\/wp-json\/wp\/v2\/pages\/27\/revisions\/432"}],"wp:attachment":[{"href":"https:\/\/sites.uwasa.fi\/mevi2026\/wp-json\/wp\/v2\/media?parent=27"}],"curies":[{"name":"wp","href":"https:\/\/api.w.org\/{rel}","templated":true}]}}