{"id":163,"date":"2025-12-11T17:57:00","date_gmt":"2025-12-11T15:57:00","guid":{"rendered":"https:\/\/sites.uwasa.fi\/mevi2026\/?page_id=163"},"modified":"2025-12-12T13:32:56","modified_gmt":"2025-12-12T11:32:56","slug":"arbetsgrupperna","status":"publish","type":"page","link":"https:\/\/sites.uwasa.fi\/mevi2026\/sv\/arbetsgrupperna\/","title":{"rendered":"Arbetsgrupperna"},"content":{"rendered":"<p>P\u00e5 denna sida kan du ta del av beskrivningarna f\u00f6r varje arbetsgrupp. I arbetsgrupperna anges separat p\u00e5 vilka spr\u00e5k abstrakt kan l\u00e4mnas in. Ans\u00f6kan till arbetsgrupperna g\u00f6rs via en gemensam blankett. Ans\u00f6kningsanvisningar och blanketten finns <a href=\"https:\/\/link.webropolsurveys.com\/S\/5F7B6A37B89E8DFD\" target=\"_blank\" rel=\"noopener\">h\u00e4r<\/a>.<\/p>\n<hr \/>\n<ul>\n<li><a href=\"https:\/\/sites.uwasa.fi\/mevi2026\/sv\/arbetsgrupperna\/ekomediatutkimuksen-versovat-kentat\/\" target=\"_blank\" rel=\"noopener\">Ekomediatutkimuksen versovat kent\u00e4t<\/a><\/li>\n<li><a href=\"https:\/\/sites.uwasa.fi\/mevi2026\/sv\/arbetsgrupperna\/informaatioresilienssin-moniulotteisuus-median-ja-viestinnan-kentalla-the-multidimensionality-of-information-resilience-in-the-field-of-media-and-communication-research\/\" target=\"_blank\" rel=\"noopener\">Informaatioresilienssin moniulotteisuus median ja viestinn\u00e4n kent\u00e4ll\u00e4 (The Multidimensionality of Information Resilience in the Field of Media and Communication Research)<\/a><\/li>\n<li><a href=\"https:\/\/sites.uwasa.fi\/mevi2026\/sv\/arbetsgrupperna\/juuret-journalismin-perustat-ja-uudet-versot-roots-the-foundations-and-new-offshoots-of-journalism\/\" target=\"_blank\" rel=\"noopener\">Juuret \u2013 Journalismin perustat ja uudet versot (Roots \u2013 The foundations and new offshoots of journalism)<\/a><\/li>\n<li><a href=\"https:\/\/sites.uwasa.fi\/mevi2026\/sv\/arbetsgrupperna\/lansi-ja-muut-mediassa-sivilisationaalinen-ideologia-liberaalin-ja-saantopohjaisen-jarjestyksen-haastajana\/\" target=\"_blank\" rel=\"noopener\">L\u00e4nsi ja muut mediassa: sivilisationaalinen ideologia liberaalin ja s\u00e4\u00e4nt\u00f6pohjaisen j\u00e4rjestyksen haastajana<\/a><\/li>\n<li><a href=\"https:\/\/sites.uwasa.fi\/mevi2026\/sv\/arbetsgrupperna\/media-teknologia-ja-kestavyys-media-technology-and-sustainability\/\" target=\"_blank\" rel=\"noopener\">Media, teknologia ja kest\u00e4vyys (Media, technology, and sustainability)<\/a><\/li>\n<li><a href=\"https:\/\/sites.uwasa.fi\/mevi2026\/sv\/arbetsgrupperna\/mediatalouden-ja-viestintapolitiikan-tyoryhma\/\" target=\"_blank\" rel=\"noopener\">Mediatalouden ja viestint\u00e4politiikan ty\u00f6ryhm\u00e4<\/a><\/li>\n<li><a href=\"https:\/\/sites.uwasa.fi\/mevi2026\/sv\/arbetsgrupperna\/nakokulmia-televisioon-ennen-ja-nyt\/\" target=\"_blank\" rel=\"noopener\">N\u00e4k\u00f6kulmia televisioon ennen ja nyt<\/a><\/li>\n<li><a href=\"https:\/\/sites.uwasa.fi\/mevi2026\/sv\/arbetsgrupperna\/poliittinen-viestinta-affektiivisen-polarisaation-aikakaudella\/\" target=\"_blank\" rel=\"noopener\">Poliittinen viestint\u00e4 affektiivisen polarisaation aikakaudella<\/a><\/li>\n<li><a href=\"https:\/\/sites.uwasa.fi\/mevi2026\/sv\/arbetsgrupperna\/roots-and-appearance-of-misleading-in-digital-communication\/\" target=\"_blank\" rel=\"noopener\">Roots and appearance of misleading in digital communication<\/a><\/li>\n<li><a href=\"https:\/\/sites.uwasa.fi\/mevi2026\/sv\/arbetsgrupperna\/tekoaly-journalismissa\/\" target=\"_blank\" rel=\"noopener\">Teko\u00e4ly journalismissa<\/a><\/li>\n<li><a href=\"https:\/\/sites.uwasa.fi\/mevi2026\/sv\/arbetsgrupperna\/tiede-teknologia-ja-asiantuntijuus-julkisuudessa\/\" target=\"_blank\" rel=\"noopener\">Tiede, teknologia ja asiantuntijuus julkisuudessa<\/a><\/li>\n<li><a href=\"https:\/\/sites.uwasa.fi\/mevi2026\/sv\/viestivan-tekoalyn-juuret-ja-joutomaat-communicative-ai-roots-and-repercussions\/\" target=\"_blank\" rel=\"noopener\">Viestiv\u00e4n teko\u00e4lyn juuret ja joutomaat (Communicative AI: roots and repercussions)<\/a><\/li>\n<li><a href=\"https:\/\/sites.uwasa.fi\/mevi2026\/sv\/arbetsgrupperna\/visuaalisen-tutkimuksen-tyoryhma\/\" target=\"_blank\" rel=\"noopener\">Visuaalisen tutkimuksen ty\u00f6ryhm\u00e4<\/a><\/li>\n<li><a href=\"https:\/\/sites.uwasa.fi\/mevi2026\/sv\/arbetsgrupperna\/when-news-meet-planetary-boundaries-rethinking-journalism\/\" target=\"_blank\" rel=\"noopener\">When News Meet Planetary Boundaries: Rethinking Journalism<\/a><\/li>\n<\/ul>\n","protected":false},"excerpt":{"rendered":"<p>P\u00e5 denna sida kan du ta del av beskrivningarna f\u00f6r varje arbetsgrupp. I arbetsgrupperna anges separat p\u00e5 vilka spr\u00e5k abstrakt kan l\u00e4mnas in. Ans\u00f6kan till arbetsgrupperna g\u00f6rs via en gemensam blankett. Ans\u00f6kningsanvisningar och blanketten finns h\u00e4r. Ekomediatutkimuksen versovat kent\u00e4t Informaatioresilienssin moniulotteisuus median ja viestinn\u00e4n kent\u00e4ll\u00e4 (The Multidimensionality of Information Resilience in the Field of Media [&hellip;]<\/p>\n","protected":false},"author":586,"featured_media":0,"parent":0,"menu_order":0,"comment_status":"closed","ping_status":"closed","template":"","meta":{"_acf_changed":false,"footnotes":""},"class_list":["post-163","page","type-page","status-publish","hentry"],"acf":[],"lang":"sv","translations":{"sv":163,"fi":26,"en":169},"pll_sync_post":[],"_links":{"self":[{"href":"https:\/\/sites.uwasa.fi\/mevi2026\/wp-json\/wp\/v2\/pages\/163"}],"collection":[{"href":"https:\/\/sites.uwasa.fi\/mevi2026\/wp-json\/wp\/v2\/pages"}],"about":[{"href":"https:\/\/sites.uwasa.fi\/mevi2026\/wp-json\/wp\/v2\/types\/page"}],"author":[{"embeddable":true,"href":"https:\/\/sites.uwasa.fi\/mevi2026\/wp-json\/wp\/v2\/users\/586"}],"replies":[{"embeddable":true,"href":"https:\/\/sites.uwasa.fi\/mevi2026\/wp-json\/wp\/v2\/comments?post=163"}],"version-history":[{"count":10,"href":"https:\/\/sites.uwasa.fi\/mevi2026\/wp-json\/wp\/v2\/pages\/163\/revisions"}],"predecessor-version":[{"id":318,"href":"https:\/\/sites.uwasa.fi\/mevi2026\/wp-json\/wp\/v2\/pages\/163\/revisions\/318"}],"wp:attachment":[{"href":"https:\/\/sites.uwasa.fi\/mevi2026\/wp-json\/wp\/v2\/media?parent=163"}],"curies":[{"name":"wp","href":"https:\/\/api.w.org\/{rel}","templated":true}]}}