{"id":14,"date":"2025-09-12T15:10:04","date_gmt":"2025-09-12T12:10:04","guid":{"rendered":"https:\/\/sites.uwasa.fi\/mevi2026\/?page_id=14"},"modified":"2026-03-06T12:02:45","modified_gmt":"2026-03-06T10:02:45","slug":"etusivu","status":"publish","type":"page","link":"https:\/\/sites.uwasa.fi\/mevi2026\/etusivu\/","title":{"rendered":"Kutsu"},"content":{"rendered":"<h2><strong>Abstraktikutsu Median ja viestinn\u00e4n tutkimuksen p\u00e4iville 2026<\/strong><\/h2>\n<p><span style=\"font-weight: 400\">Median ja viestinn\u00e4n tutkimuksen p\u00e4iv\u00e4t on alansa merkitt\u00e4vin kotimainen konferenssi, joka tuo yhteen tutkijoita, opiskelijoita, opettajia ja muita media-alan ja viestinn\u00e4n asiantuntijoita.<\/span><\/p>\n<p><b>Seuraavat Mevi-p\u00e4iv\u00e4t j\u00e4rjestet\u00e4\u00e4n Vaasassa 7.\u20138.5.2026.<\/b><\/p>\n<p><span style=\"font-weight: 400\">P\u00e4ivien teema on ensi vuonna <\/span><b><i>Juuret \u2013 R\u00f6tter \u2013 Roots<\/i><\/b><span style=\"font-weight: 400\">. Juuret symboloivat alkuper\u00e4\u00e4, perustaa ja jatkuvuutta mutta my\u00f6s kasvua ja muutosta. Media- ja viestinn\u00e4n tutkimuksen maaper\u00e4ss\u00e4 juuret haarautuvat moneen suuntaan: ne kurottavat kohti historiallisia alkupisteit\u00e4 ja perinteit\u00e4, erilaisia kasvualustoja ja konteksteja, uusia tiedon tuottamisen ja levitt\u00e4misen k\u00e4yt\u00e4nt\u00f6j\u00e4 sek\u00e4 symbioottisia kytkent\u00f6j\u00e4 ja rihmastokokeiluja. T\u00e4ll\u00e4 hetkell\u00e4 median ja viestinn\u00e4n ilmi\u00f6ihin keskittyv\u00e4 tutkimus versoo monilla erilaisilla alustoilla ja istutuslaatikoissa. N\u00e4ist\u00e4 moninaisuuksista huolimatta tieteenalan eri haaroilla on my\u00f6s paljon yhteist\u00e4.<\/span><\/p>\n<p><b>Vuoden 2026 ty\u00f6ryhm\u00e4t ovat seuraavat:\u00a0<\/b><\/p>\n<ul>\n<li><a href=\"https:\/\/sites.uwasa.fi\/mevi2026\/tyoryhmat\/ekomediatutkimuksen-versovat-kentat\/\"><span style=\"font-weight: 400\">Ekomediatutkimuksen versovat kent\u00e4t<\/span><\/a><\/li>\n<li><a href=\"https:\/\/sites.uwasa.fi\/mevi2026\/tyoryhmat\/informaatioresilienssin-moniulotteisuus-median-ja-viestinnan-kentalla\/\"><span style=\"font-weight: 400\">Informaatioresilienssin moniulotteisuus median ja viestinn\u00e4n kent\u00e4ll\u00e4 (The Multidimensionality of Information Resilience in the Field of Media and Communication Research)<\/span><\/a><\/li>\n<li><a href=\"https:\/\/sites.uwasa.fi\/mevi2026\/tyoryhmat\/juuret-journalismin-perustat-ja-uudet-versot\/\"><span style=\"font-weight: 400\">Juuret \u2013 Journalismin perustat ja uudet versot (Roots \u2013 The foundations and new offshoots of journalism)<\/span><\/a><\/li>\n<li><a href=\"https:\/\/sites.uwasa.fi\/mevi2026\/tyoryhmat\/lansi-ja-muut-mediassa-sivilisationaalinen-ideologia-liberaalin-ja-saantopohjaisen-jarjestyksen-haastajana\/\"><span style=\"font-weight: 400\">L\u00e4nsi ja muut mediassa: sivilisationaalinen ideologia liberaalin ja s\u00e4\u00e4nt\u00f6pohjaisen j\u00e4rjestyksen haastajana<\/span><\/a><\/li>\n<li><a href=\"https:\/\/sites.uwasa.fi\/mevi2026\/tyoryhmat\/media-teknologia-ja-kestavyys\/\"><span style=\"font-weight: 400\">Media, teknologia ja kest\u00e4vyys (Media, technology, and sustainability)<\/span><\/a><\/li>\n<li><a href=\"https:\/\/sites.uwasa.fi\/mevi2026\/tyoryhmat\/mediatalouden-ja-viestintapolitiikan-tyoryhma\/\"><span style=\"font-weight: 400\">Mediatalouden ja viestint\u00e4politiikan ty\u00f6ryhm\u00e4<\/span><\/a><\/li>\n<li><a href=\"https:\/\/sites.uwasa.fi\/mevi2026\/tyoryhmat\/nakokulmia-televisioon-ennen-ja-nyt\/\"><span style=\"font-weight: 400\">N\u00e4k\u00f6kulmia televisioon ennen ja nyt<\/span><\/a><\/li>\n<li><a href=\"https:\/\/sites.uwasa.fi\/mevi2026\/tyoryhmat\/poliittinen-viestinta-affektiivisen-polarisaation-aikakaudella\/\"><span style=\"font-weight: 400\">Poliittinen viestint\u00e4 affektiivisen polarisaation aikakaudella<\/span><\/a><\/li>\n<li><a href=\"https:\/\/sites.uwasa.fi\/mevi2026\/en\/working-groups\/roots-and-appearance-of-misleading-in-digital-communication\/\"><span style=\"font-weight: 400\">Roots and appearance of misleading in digital communication<\/span><\/a><\/li>\n<li><a href=\"https:\/\/sites.uwasa.fi\/mevi2026\/tyoryhmat\/tekoaly-journalismissa\/\"><span style=\"font-weight: 400\">Teko\u00e4ly journalismissa<\/span><\/a><\/li>\n<li><a href=\"https:\/\/sites.uwasa.fi\/mevi2026\/tyoryhmat\/tiede-teknologia-ja-asiantuntijuus-julkisuudessa\/\"><span style=\"font-weight: 400\">Tiede, teknologia ja asiantuntijuus julkisuudessa<\/span><\/a><\/li>\n<li><a href=\"https:\/\/sites.uwasa.fi\/mevi2026\/tyoryhmat\/viestivan-tekoalyn-juuret-ja-joutomaat\/\"><span style=\"font-weight: 400\">Viestiv\u00e4n teko\u00e4lyn juuret ja joutomaat (Communicative AI: roots and repercussions)<\/span><\/a><\/li>\n<li><a href=\"https:\/\/sites.uwasa.fi\/mevi2026\/tyoryhmat\/visuaalisen-tutkimuksen-tyoryhma\/\"><span style=\"font-weight: 400\">Visuaalisen tutkimuksen ty\u00f6ryhm\u00e4<\/span><\/a><\/li>\n<li><a href=\"https:\/\/sites.uwasa.fi\/mevi2026\/en\/working-groups\/when-news-meet-planetary-boundaries-rethinking-journalism\/\"><span style=\"font-weight: 400\">When News Meet Planetary Boundaries: Rethinking Journalism<\/span><\/a><\/li>\n<\/ul>\n<p>&nbsp;<\/p>\n<p><span style=\"font-weight: 400\">Abstrakti Mevi-p\u00e4iville tulee j\u00e4tt\u00e4\u00e4 <\/span><b>12.1.2026<\/b><span style=\"font-weight: 400\"> menness\u00e4. <\/span><span style=\"font-weight: 400\">Abstraktien pituus tulee olla 200-300 sanaa. Ty\u00f6ryhm\u00e4t ilmoittavat valituista abstrakteista osallistujille ja j\u00e4rjestelytoimikunnalle 12.2.2026 menness\u00e4. Kannustamme hakijoita kytkem\u00e4\u00e4n abstraktiehdotuksensa sek\u00e4 ty\u00f6ryhm\u00e4\u00e4n ett\u00e4 konferenssin teemaan.\u00a0<\/span><\/p>\n<p><span style=\"font-weight: 400\">Koska konferenssin aikataulu ja varatut tilat ovat rajallisia, j\u00e4rjestelytoimikunta varaa itselleen oikeuden yhdistell\u00e4 ty\u00f6ryhmi\u00e4 tarpeen mukaan.<\/span><\/p>\n<p><span style=\"font-weight: 400\">Ilmoittautuminen Mevi-p\u00e4iville avataan pari kuukautta ennen konferenssia.\u00a0<\/span><\/p>\n<p>&nbsp;<\/p>\n<p><span style=\"font-weight: 400\">Vuoden 2026 konferenssin j\u00e4rjest\u00e4v\u00e4t Media- ja viestint\u00e4tieteellinen seura Mevi ry sek\u00e4 Vaasan yliopiston viestint\u00e4tieteiden oppiaine. Mevi-p\u00e4ivien tiedotusta voi seurata osoitteessa<\/span><\/p>\n<p><a href=\"https:\/\/sites.uwasa.fi\/mevi2026\/\"><span style=\"font-weight: 400\">https:\/\/sites.uwasa.fi\/mevi2026\/<\/span><\/a><span style=\"font-weight: 400\"> sek\u00e4 Mevi ry:n ja Vaasan yliopiston sivuilla.<\/span><\/p>\n<p>&nbsp;<\/p>\n<p><b>L\u00e4mpimin terveisin,<\/b><\/p>\n<p><span style=\"font-weight: 400\">Vuoden 2026 Mevi-p\u00e4ivien j\u00e4rjest\u00e4j\u00e4t<\/span><\/p>\n<p><span style=\"font-weight: 400\">Tanja Sihvonen (tieteellinen ohjelma)<\/span><\/p>\n<p><span style=\"font-weight: 400\">Eveliina Salmela (yleisj\u00e4rjestelyt)<\/span><\/p>\n<p><span style=\"font-weight: 400\">Lilli Sihvonen (ty\u00f6ryhm\u00e4t)<\/span><\/p>\n<p>&nbsp;<\/p>\n<p>&nbsp;<\/p>\n<hr \/>\n<h2><strong>Ty\u00f6ryhm\u00e4kutsu <\/strong><strong>Median ja viestinn\u00e4n tutkimuksen p\u00e4iville 2026<\/strong><\/h2>\n<p>Median ja viestinn\u00e4n tutkimuksen p\u00e4iv\u00e4t on alansa merkitt\u00e4vin kotimainen konferenssi, joka tuo yhteen tutkijoita, opiskelijoita, opettajia ja muita media-alan ja viestinn\u00e4n asiantuntijoita. Seuraavat Mevi-p\u00e4iv\u00e4t j\u00e4rjestet\u00e4\u00e4n Vaasassa 7.\u20138.5.2026.<\/p>\n<p>P\u00e4ivien teema on ensi vuonna <em>Juuret \u2013 R\u00f6tter \u2013 Roots<\/em>. Juuret symboloivat alkuper\u00e4\u00e4, perustaa ja jatkuvuutta mutta my\u00f6s kasvua ja muutosta. Media- ja viestinn\u00e4n tutkimuksen maaper\u00e4ss\u00e4 juuret haarautuvat moneen suuntaan: ne kurottavat kohti historiallisia alkupisteit\u00e4 ja perinteit\u00e4, erilaisia kasvualustoja ja konteksteja, uusia tiedon tuottamisen ja levitt\u00e4misen k\u00e4yt\u00e4nt\u00f6j\u00e4 sek\u00e4 symbioottisia kytkent\u00f6j\u00e4 ja rihmastokokeiluja.<\/p>\n<p>T\u00e4ll\u00e4 hetkell\u00e4 median ja viestinn\u00e4n ilmi\u00f6ihin keskittyv\u00e4 tutkimus versoo monilla erilaisilla alustoilla ja istutuslaatikoissa. N\u00e4ist\u00e4 moninaisuuksista huolimatta tieteenalan eri haaroilla on my\u00f6s paljon yhteist\u00e4.<\/p>\n<p>Ty\u00f6ryhm\u00e4\u00e4 esitet\u00e4\u00e4n otsikolla ja maksimissaan 300-sanaisella sis\u00e4lt\u00f6kuvauksella. Ty\u00f6ryhm\u00e4n esitt\u00e4j\u00e4 tyypillisesti toimii my\u00f6s ty\u00f6ryhm\u00e4n vet\u00e4j\u00e4n\u00e4 tai yhten\u00e4 vet\u00e4jist\u00e4. Kannustamme ty\u00f6ryhm\u00e4n vet\u00e4ji\u00e4 kytkem\u00e4\u00e4n ty\u00f6ryhm\u00e4ehdotuksensa konferenssin teemaan tavalla tai toisella. Ehdotukset tulee l\u00e4hett\u00e4\u00e4 <strong>31.10. menness\u00e4.<\/strong><\/p>\n<p>P\u00e4\u00e4t\u00f6ksist\u00e4 ilmoitetaan ty\u00f6ryhmien esitt\u00e4jille s\u00e4hk\u00f6postilla <strong>14.11. menness\u00e4<\/strong>. Koska konferenssin aikataulu ja varatut tilat ovat rajallisia, j\u00e4rjestelytoimikunta varaa itselleen oikeuden yhdistell\u00e4 ty\u00f6ryhmi\u00e4 tarpeen mukaan.<\/p>\n<p>Vuoden 2026 konferenssin j\u00e4rjest\u00e4v\u00e4t Media- ja viestint\u00e4tieteellinen seura Mevi ry sek\u00e4 Vaasan yliopiston viestint\u00e4tieteiden oppiaine. Mevi-p\u00e4ivien tiedotusta voi seurata osoitteessa <a href=\"https:\/\/sites.uwasa.fi\/mevi2026\/\">https:\/\/sites.uwasa.fi\/mevi2026\/<\/a> sek\u00e4 Mevi ry:n ja Vaasan yliopiston sivuilla.<\/p>\n<p>&nbsp;<\/p>\n<p>L\u00e4mpimin terveisin,<\/p>\n<p>Vuoden 2026 Mevi-p\u00e4ivien j\u00e4rjest\u00e4j\u00e4t<\/p>\n<p>&nbsp;<\/p>\n<p><strong>Tanja Sihvonen, <\/strong>Tieteellinen ohjelma<\/p>\n<p><strong>Eveliina Salmela, <\/strong>Yleisj\u00e4rjestelyt<\/p>\n<p><strong>Lilli Sihvonen, <\/strong>Ty\u00f6ryhm\u00e4t<\/p>\n<p><a href=\"https:\/\/mediaviestinta.fi\/\" target=\"_blank\" rel=\"noopener\">Mevi ry<\/a><\/p>\n<p><a href=\"https:\/\/www.uwasa.fi\/fi\/tutkimus\/ryhmat\/viestintatieteet\" target=\"_blank\" rel=\"noopener\">Vaasan yliopiston Viestint\u00e4tieteet<\/a><\/p>\n","protected":false},"excerpt":{"rendered":"<p>Abstraktikutsu Median ja viestinn\u00e4n tutkimuksen p\u00e4iville 2026 Median ja viestinn\u00e4n tutkimuksen p\u00e4iv\u00e4t on alansa merkitt\u00e4vin kotimainen konferenssi, joka tuo yhteen tutkijoita, opiskelijoita, opettajia ja muita media-alan ja viestinn\u00e4n asiantuntijoita. Seuraavat Mevi-p\u00e4iv\u00e4t j\u00e4rjestet\u00e4\u00e4n Vaasassa 7.\u20138.5.2026. P\u00e4ivien teema on ensi vuonna Juuret \u2013 R\u00f6tter \u2013 Roots. Juuret symboloivat alkuper\u00e4\u00e4, perustaa ja jatkuvuutta mutta my\u00f6s kasvua ja muutosta. [&hellip;]<\/p>\n","protected":false},"author":100,"featured_media":0,"parent":0,"menu_order":0,"comment_status":"closed","ping_status":"closed","template":"","meta":{"_acf_changed":false,"footnotes":""},"class_list":["post-14","page","type-page","status-publish","hentry"],"acf":[],"lang":"fi","translations":{"fi":14,"sv":322},"pll_sync_post":[],"_links":{"self":[{"href":"https:\/\/sites.uwasa.fi\/mevi2026\/wp-json\/wp\/v2\/pages\/14"}],"collection":[{"href":"https:\/\/sites.uwasa.fi\/mevi2026\/wp-json\/wp\/v2\/pages"}],"about":[{"href":"https:\/\/sites.uwasa.fi\/mevi2026\/wp-json\/wp\/v2\/types\/page"}],"author":[{"embeddable":true,"href":"https:\/\/sites.uwasa.fi\/mevi2026\/wp-json\/wp\/v2\/users\/100"}],"replies":[{"embeddable":true,"href":"https:\/\/sites.uwasa.fi\/mevi2026\/wp-json\/wp\/v2\/comments?post=14"}],"version-history":[{"count":16,"href":"https:\/\/sites.uwasa.fi\/mevi2026\/wp-json\/wp\/v2\/pages\/14\/revisions"}],"predecessor-version":[{"id":454,"href":"https:\/\/sites.uwasa.fi\/mevi2026\/wp-json\/wp\/v2\/pages\/14\/revisions\/454"}],"wp:attachment":[{"href":"https:\/\/sites.uwasa.fi\/mevi2026\/wp-json\/wp\/v2\/media?parent=14"}],"curies":[{"name":"wp","href":"https:\/\/api.w.org\/{rel}","templated":true}]}}