{"id":5,"date":"2020-03-27T08:30:29","date_gmt":"2020-03-27T06:30:29","guid":{"rendered":"https:\/\/sites.uwasa.fi\/linkki\/?page_id=5"},"modified":"2022-11-18T12:38:43","modified_gmt":"2022-11-18T10:38:43","slug":"linkki-vaasan-yliopiston-akavalaiset-asiantuntijat-ry","status":"publish","type":"page","link":"https:\/\/sites.uwasa.fi\/linkki\/","title":{"rendered":"Linkki &#8211; Vaasan yliopiston akavalaiset asiantuntijat ry."},"content":{"rendered":"<h2>Mik\u00e4 on Linkki?<\/h2>\n<p>Henkil\u00f6kuntaj\u00e4rjest\u00f6 Linkki on perustettu Vaasan yliopistoon marraskuussa 1997. Linkin tarkoituksena on toimia <a href=\"https:\/\/akava.fi\/\">AKAVAn<\/a> j\u00e4senliittoihin kuuluvien yliopistolaisten ty\u00f6paikkayhdistyksen\u00e4. Se on Vaasan yliopistossa toimivien akavalaisten, erityisesti hallinto-, tietohallinto-, asiantuntija- ja esimiesteht\u00e4viss\u00e4 toimivien oma paikallisyhdistys.<\/p>\n<h2>Teht\u00e4v\u00e4mme on<\/h2>\n<ul>\n<li>edist\u00e4\u00e4 <a href=\"https:\/\/www.juko.fi\/\">JUKO:n<\/a> ja paikallistason tiedonv\u00e4lityst\u00e4<\/li>\n<li>\n<div>harjoittaa paikallista edunvalvontaa tukevaa toimintaa JUKO:n neuvottelukunnan tarkemmin m\u00e4\u00e4rittelemiss\u00e4 rajoissa<\/div>\n<\/li>\n<li>\n<div>tehd\u00e4 aloitteita yliopistolle mm. tyky-toiminnan kehitt\u00e4miseksi<\/div>\n<\/li>\n<li>\n<div>j\u00e4rjest\u00e4\u00e4 tiedotus- ja koulutustilaisuuksia, tutustumismatkoja sek\u00e4 j\u00e4senist\u00f6n virkistystoimintaa<\/div>\n<\/li>\n<li>\n<div>j\u00e4rjest\u00e4\u00e4 kaikille j\u00e4senille avoimia kokouksia, joissa k\u00e4sitell\u00e4\u00e4n ajankohtaisia asioita<\/div>\n<\/li>\n<\/ul>\n<h2>Linkity<\/h2>\n<ul>\n<li>Linkkil\u00e4isi\u00e4 on l\u00e4hes 50. J\u00e4senet\u00a0ovat eri palveluyksik\u00f6ist\u00e4 ja erillislaitoksilta. J\u00e4senmaksu on 25 \u20ac\/kalenterivuosi.<\/li>\n<li>J\u00e4senyyden ehtona on jonkin akavalaisen liiton j\u00e4senyys. Lis\u00e4tietoja saat\u00a0<a href=\"https:\/\/sites.uwasa.fi\/linkki\/linkki-vaasan-yliopiston-akavalaiset-asiantuntijat-ry\/luottamushenkilot\/\">hallituksen j\u00e4senilt\u00e4 ja luottamushenkil\u00f6ilt\u00e4<\/a>.<\/li>\n<li>J\u00e4seneksi voit liitty\u00e4 palauttamalla j\u00e4senhakemuksen jollekin hallituksen j\u00e4senelle.<\/li>\n<\/ul>\n<blockquote><p>Kaveria ei j\u00e4tet\u00e4<\/p><\/blockquote>\n","protected":false},"excerpt":{"rendered":"<p>Mik\u00e4 on Linkki? Henkil\u00f6kuntaj\u00e4rjest\u00f6 Linkki on perustettu Vaasan yliopistoon marraskuussa 1997. Linkin tarkoituksena on toimia AKAVAn j\u00e4senliittoihin kuuluvien yliopistolaisten ty\u00f6paikkayhdistyksen\u00e4. Se on Vaasan yliopistossa toimivien akavalaisten, erityisesti hallinto-, tietohallinto-, asiantuntija- ja esimiesteht\u00e4viss\u00e4 toimivien oma paikallisyhdistys. Teht\u00e4v\u00e4mme on edist\u00e4\u00e4 JUKO:n ja paikallistason tiedonv\u00e4lityst\u00e4 harjoittaa paikallista edunvalvontaa tukevaa toimintaa JUKO:n neuvottelukunnan tarkemmin m\u00e4\u00e4rittelemiss\u00e4 rajoissa tehd\u00e4 aloitteita yliopistolle [&hellip;]<\/p>\n","protected":false},"author":60,"featured_media":0,"parent":0,"menu_order":0,"comment_status":"closed","ping_status":"closed","template":"","meta":{"_acf_changed":false,"footnotes":""},"class_list":["post-5","page","type-page","status-publish","hentry"],"acf":[],"lang":"fi","translations":{"fi":5,"en":69},"pll_sync_post":[],"_links":{"self":[{"href":"https:\/\/sites.uwasa.fi\/linkki\/wp-json\/wp\/v2\/pages\/5"}],"collection":[{"href":"https:\/\/sites.uwasa.fi\/linkki\/wp-json\/wp\/v2\/pages"}],"about":[{"href":"https:\/\/sites.uwasa.fi\/linkki\/wp-json\/wp\/v2\/types\/page"}],"author":[{"embeddable":true,"href":"https:\/\/sites.uwasa.fi\/linkki\/wp-json\/wp\/v2\/users\/60"}],"replies":[{"embeddable":true,"href":"https:\/\/sites.uwasa.fi\/linkki\/wp-json\/wp\/v2\/comments?post=5"}],"version-history":[{"count":7,"href":"https:\/\/sites.uwasa.fi\/linkki\/wp-json\/wp\/v2\/pages\/5\/revisions"}],"predecessor-version":[{"id":52,"href":"https:\/\/sites.uwasa.fi\/linkki\/wp-json\/wp\/v2\/pages\/5\/revisions\/52"}],"wp:attachment":[{"href":"https:\/\/sites.uwasa.fi\/linkki\/wp-json\/wp\/v2\/media?parent=5"}],"curies":[{"name":"wp","href":"https:\/\/api.w.org\/{rel}","templated":true}]}}