{"id":14,"date":"2020-03-27T08:35:10","date_gmt":"2020-03-27T06:35:10","guid":{"rendered":"https:\/\/sites.uwasa.fi\/linkki\/?page_id=14"},"modified":"2026-02-03T10:47:51","modified_gmt":"2026-02-03T08:47:51","slug":"luottamushenkilot","status":"publish","type":"page","link":"https:\/\/sites.uwasa.fi\/linkki\/linkki-vaasan-yliopiston-akavalaiset-asiantuntijat-ry\/luottamushenkilot\/","title":{"rendered":"Luottamushenkil\u00f6t"},"content":{"rendered":"<h2>Hallitus<\/h2>\n<h4><strong>Varsinaiset j\u00e4senet<\/strong><\/h4>\n<ul>\n<li>puheenjohtaja Heidi Troberg, puh. 029 449 8259<\/li>\n<li>varapuheenjohtaja Kati Kangasniemi, puh. 029 449 8154<\/li>\n<li>j\u00e4sen- ja tiedotusvastaava Laura Koivisto, puh. 029 449 8754<\/li>\n<li>rahastonhoitaja Joona Luhta, puh. 029 449 8345<\/li>\n<li>sihteeri Sannakaisa Holmlund, puh. 029 449 8150<\/li>\n<\/ul>\n<h4>Varaj\u00e4senet<\/h4>\n<ul>\n<li>Leena Larimo, puh. 029 449 8165<\/li>\n<li><span class=\"ui-provider a b c d e f g h i j k l m n o p q r s t u v w x y z ab ac ae af ag ah ai aj ak\" dir=\"ltr\">Marjukka Isaksen, puh. 029 449 8458<\/span><\/li>\n<\/ul>\n<h2>Muut luottamushenkil\u00f6t<\/h2>\n<ul>\n<li>Luottamusmies: Sunna Vainiomaa, puh. 029 449 8173,<\/li>\n<li>Varaluottamusmies: Kati Kangasniemi, puh. 029 449 8154<\/li>\n<li>YT-neuvottelukunta: Mia Smedlund, varaj\u00e4sen Sunna Vainiomaa (nykyinen toimikausi p\u00e4\u00e4ttynyt 31.12.2022)<\/li>\n<li>MUHE-ryhm\u00e4: Sunna Vainiomaa, varaj\u00e4sen Marko Honko<\/li>\n<li>Ty\u00f6suojelutoimikunta 1.10.2023-30.9.2025 Varsinainen j\u00e4sen: Kaisu Piirainen,<br \/>\nVaraj\u00e4sen: Sannakaisa Holmlund<\/p>\n<ul>\n<li>Tasa-arvo- ja yhdenvertaisuusty\u00f6ryhm\u00e4: Laura Koivisto<\/li>\n<li>Ty\u00f6suojelu- ja ty\u00f6turvallisuusty\u00f6ryhm\u00e4: Katja Laine<\/li>\n<li>Virkistystoimikunta: Kati Kangasniemi<\/li>\n<\/ul>\n<\/li>\n<li>Yliopistokollegio:\n<ul>\n<li>Kaisu Piirainen, varapuheenjohtaja<\/li>\n<li>Mia Smedlund<\/li>\n<li>Sunna Vainiomaa, varaj\u00e4sen<\/li>\n<li>Kaisu S\u00e4il\u00e4, varaj\u00e4sen<\/li>\n<\/ul>\n<\/li>\n<li>Yliopiston hallitus: Marja Vettenranta<\/li>\n<li>Koulutusneuvosto: Kaisu Piirainen<\/li>\n<\/ul>\n","protected":false},"excerpt":{"rendered":"<p>Hallitus Varsinaiset j\u00e4senet puheenjohtaja Heidi Troberg, puh. 029 449 8259 varapuheenjohtaja Kati Kangasniemi, puh. 029 449 8154 j\u00e4sen- ja tiedotusvastaava Laura Koivisto, puh. 029 449 8754 rahastonhoitaja Joona Luhta, puh. 029 449 8345 sihteeri Sannakaisa Holmlund, puh. 029 449 8150 Varaj\u00e4senet Leena Larimo, puh. 029 449 8165 Marjukka Isaksen, puh. 029 449 8458 Muut luottamushenkil\u00f6t [&hellip;]<\/p>\n","protected":false},"author":60,"featured_media":0,"parent":5,"menu_order":0,"comment_status":"closed","ping_status":"closed","template":"","meta":{"_acf_changed":false,"footnotes":""},"class_list":["post-14","page","type-page","status-publish","hentry"],"acf":[],"lang":"fi","translations":{"fi":14,"en":72},"pll_sync_post":[],"_links":{"self":[{"href":"https:\/\/sites.uwasa.fi\/linkki\/wp-json\/wp\/v2\/pages\/14"}],"collection":[{"href":"https:\/\/sites.uwasa.fi\/linkki\/wp-json\/wp\/v2\/pages"}],"about":[{"href":"https:\/\/sites.uwasa.fi\/linkki\/wp-json\/wp\/v2\/types\/page"}],"author":[{"embeddable":true,"href":"https:\/\/sites.uwasa.fi\/linkki\/wp-json\/wp\/v2\/users\/60"}],"replies":[{"embeddable":true,"href":"https:\/\/sites.uwasa.fi\/linkki\/wp-json\/wp\/v2\/comments?post=14"}],"version-history":[{"count":26,"href":"https:\/\/sites.uwasa.fi\/linkki\/wp-json\/wp\/v2\/pages\/14\/revisions"}],"predecessor-version":[{"id":124,"href":"https:\/\/sites.uwasa.fi\/linkki\/wp-json\/wp\/v2\/pages\/14\/revisions\/124"}],"up":[{"embeddable":true,"href":"https:\/\/sites.uwasa.fi\/linkki\/wp-json\/wp\/v2\/pages\/5"}],"wp:attachment":[{"href":"https:\/\/sites.uwasa.fi\/linkki\/wp-json\/wp\/v2\/media?parent=14"}],"curies":[{"name":"wp","href":"https:\/\/api.w.org\/{rel}","templated":true}]}}