{"id":85,"date":"2021-09-03T15:07:55","date_gmt":"2021-09-03T12:07:55","guid":{"rendered":"https:\/\/sites.uwasa.fi\/kompassi\/?page_id=85"},"modified":"2023-09-01T08:58:27","modified_gmt":"2023-09-01T05:58:27","slug":"yhteystiedot","status":"publish","type":"page","link":"https:\/\/sites.uwasa.fi\/kompassi\/yhteystiedot\/","title":{"rendered":"Yhteystiedot"},"content":{"rendered":"<p>Voit k\u00e4ytt\u00e4\u00e4 joko <a href=\"https:\/\/link.webropolsurveys.com\/S\/3906D893E45815CB\" target=\"_blank\" rel=\"noopener\">yhteydenottolomaketta<\/a> tai ottaa yhteytt\u00e4 suoraan hankehenkil\u00f6st\u00f6\u00f6n.<\/p>\n<h3>Juha Arrasvuori (hankkeen vastuullinen johtaja)<\/h3>\n<p><span class=\"views-field views-field-title\"><span class=\"field-content\"><a href=\"https:\/\/www.uwasa.fi\/fi\/henkilo\/1311364\">Juha Arrasvuori<\/a><br \/>\n<\/span><\/span>Yliopistotutkija<br \/>\nVaasan yliopisto, Tekniikan ja innovaatiojohtamisen yksikk\u00f6, SC-Research<br \/>\netunimi.sukunimi(at)uwasa.fi<\/p>\n<h3>Mikael M\u00e4enp\u00e4\u00e4<\/h3>\n<p><span class=\"views-field views-field-title\"><span class=\"field-content\"><a href=\"https:\/\/www.uwasa.fi\/fi\/henkilo\/2063123\">Mikael M\u00e4enp\u00e4\u00e4<\/a><br \/>\n<\/span><\/span>Projektitutkija<br \/>\nVaasan yliopisto, Tekniikan ja innovaatiojohtamisen yksikk\u00f6, SC-Research<br \/>\n<span class=\"field-content\"><a href=\"tel:+358-29-4498441\">029 4498441<\/a><br \/>\netunimi.sukunimi(at)uwasa.fi<\/span><\/p>\n<h3>Pirjo Yli-Viitala<\/h3>\n<p><a href=\"https:\/\/www.uwasa.fi\/fi\/henkilo\/1041738\"><span class=\"views-field views-field-title\"><span class=\"field-content\">Pirjo Yli-Viitala<br \/>\n<\/span><\/span><\/a>Projektitutkija<br \/>\nVaasan yliopisto, Tekniikan ja innovaatiojohtamisen yksikk\u00f6, SC-Research<br \/>\n<span class=\"field-content\"><a href=\"tel:+358-29-4498333\">029 4498333<\/a><br \/>\netunimi.sukunimi(at)uwasa.fi<\/span><\/p>\n<div class=\"views-field views-field-field-person-office\"><\/div>\n<div>\n<h2><strong>Kompassi-hankkeen yhteisty\u00f6kumppanit<\/strong><\/h2>\n<ul>\n<li><a href=\"https:\/\/www.facebook.com\/sepeliry\/\" target=\"_blank\" rel=\"noopener\">Sein\u00e4joen pelikehitt\u00e4j\u00e4t (SEPELI ry)<\/a><\/li>\n<li><a href=\"https:\/\/preppaamo.fi\/\" target=\"_blank\" rel=\"noopener\">Kulttuurity\u00f6paja Preppaamo<\/a><br \/>\nPreppaamo on kulttuurity\u00f6paja, joka keskittyy nuorten aktivoimiseksi ty\u00f6el\u00e4m\u00e4\u00e4n sek\u00e4 oman el\u00e4m\u00e4nhallinnan parantamiseen k\u00e4yt\u00e4nn\u00f6n t\u00f6iden kautta turvallisessa ohjauksessa.<\/li>\n<li><a href=\"https:\/\/digiconsumers.fi\/en\/home\/\" target=\"_blank\" rel=\"noopener\">DigiConsumers \u2013 Nuorten taloustaitojen edist\u00e4minen digitalisoituvassa kulutusyhteiskunnassa<\/a><br \/>\nSuomen Akatemian rahoittama monitieteellinen tutkimushanke, jossa etsittiin ratkaisuja 13-25-vuotiaiden nuorten talousosaamisen ja kulutustaitojen parantamiseen erityisesti digiymp\u00e4rist\u00f6iss\u00e4.<\/li>\n<li><a href=\"https:\/\/www.proagria.fi\/hankkeet\/maatilan-varautuminen-hanke\">Maatilan varautuminen -hanke<\/a>, jonka\u00a0tavoitteena on parantaa etel\u00e4pohjalaisten maatalousyritysten valmiutta selviyty\u00e4 mahdollisista kriisitilanteista. Hankkeessa jaetaan tietoa riskien tunnistamiseksi sek\u00e4 vaikutusten minimoimiseksi. Hankkeen vastuullinen toteuttaja on ProAgria Etel\u00e4-Pohjanmaa.<\/li>\n<\/ul>\n<\/div>\n","protected":false},"excerpt":{"rendered":"<p>Voit k\u00e4ytt\u00e4\u00e4 joko yhteydenottolomaketta tai ottaa yhteytt\u00e4 suoraan hankehenkil\u00f6st\u00f6\u00f6n. Juha Arrasvuori (hankkeen vastuullinen johtaja) Juha Arrasvuori Yliopistotutkija Vaasan yliopisto, Tekniikan ja innovaatiojohtamisen yksikk\u00f6, SC-Research etunimi.sukunimi(at)uwasa.fi Mikael M\u00e4enp\u00e4\u00e4 Mikael M\u00e4enp\u00e4\u00e4 Projektitutkija Vaasan yliopisto, Tekniikan ja innovaatiojohtamisen yksikk\u00f6, SC-Research 029 4498441 etunimi.sukunimi(at)uwasa.fi Pirjo Yli-Viitala Pirjo Yli-Viitala Projektitutkija Vaasan yliopisto, Tekniikan ja innovaatiojohtamisen yksikk\u00f6, SC-Research 029 4498333 etunimi.sukunimi(at)uwasa.fi [&hellip;]<\/p>\n","protected":false},"author":29,"featured_media":0,"parent":0,"menu_order":0,"comment_status":"closed","ping_status":"closed","template":"","meta":{"_acf_changed":false,"footnotes":""},"class_list":["post-85","page","type-page","status-publish","hentry"],"acf":[],"_links":{"self":[{"href":"https:\/\/sites.uwasa.fi\/kompassi\/wp-json\/wp\/v2\/pages\/85"}],"collection":[{"href":"https:\/\/sites.uwasa.fi\/kompassi\/wp-json\/wp\/v2\/pages"}],"about":[{"href":"https:\/\/sites.uwasa.fi\/kompassi\/wp-json\/wp\/v2\/types\/page"}],"author":[{"embeddable":true,"href":"https:\/\/sites.uwasa.fi\/kompassi\/wp-json\/wp\/v2\/users\/29"}],"replies":[{"embeddable":true,"href":"https:\/\/sites.uwasa.fi\/kompassi\/wp-json\/wp\/v2\/comments?post=85"}],"version-history":[{"count":13,"href":"https:\/\/sites.uwasa.fi\/kompassi\/wp-json\/wp\/v2\/pages\/85\/revisions"}],"predecessor-version":[{"id":1428,"href":"https:\/\/sites.uwasa.fi\/kompassi\/wp-json\/wp\/v2\/pages\/85\/revisions\/1428"}],"wp:attachment":[{"href":"https:\/\/sites.uwasa.fi\/kompassi\/wp-json\/wp\/v2\/media?parent=85"}],"curies":[{"name":"wp","href":"https:\/\/api.w.org\/{rel}","templated":true}]}}