{"id":1163,"date":"2023-03-01T15:32:43","date_gmt":"2023-03-01T13:32:43","guid":{"rendered":"https:\/\/sites.uwasa.fi\/kompassi\/?page_id=1163"},"modified":"2023-08-19T07:52:06","modified_gmt":"2023-08-19T04:52:06","slug":"arvonnan-saannot-jaa-digimokasi","status":"publish","type":"page","link":"https:\/\/sites.uwasa.fi\/kompassi\/arvonnan-saannot-jaa-digimokasi\/","title":{"rendered":"Arvonnan s\u00e4\u00e4nn\u00f6t"},"content":{"rendered":"<h2><strong>Jaa digimokasi -kampanja<\/strong><\/h2>\n<h4><\/h4>\n<h4>Arvonnan j\u00e4rjest\u00e4j\u00e4<\/h4>\n<p>Kompassi-hanke (ESR) \/ Vaasan yliopisto &#8211; SC-Research.<\/p>\n<p>KOMPASSI-hankkeen tavoitteena on toteuttaa digitaalinen oppimisymp\u00e4rist\u00f6, jolla edistet\u00e4\u00e4n riskienhallintaan ja sit\u00e4 t\u00e4ydent\u00e4viin digitaalisiin taitoihin pohjautuvaa osaamiskokonaisuutta. Hanke on rahoitettu Euroopan sosiaalirahaston REACT-EU tuella. REACT-EU-hankkeet rahoitetaan osana Euroopan unionin COVID-19-pandemian johdosta toteuttamia toimia.<\/p>\n<p>&nbsp;<\/p>\n<h4>Arvonnan alkamis- ja p\u00e4\u00e4ttymisaika<\/h4>\n<p>Kompassi-hankkeen Jaa digimokasi -kampanja alkaa 18.8.2023 klo 18.00 ja p\u00e4\u00e4ttyy 31.8.2023 klo 12.00.<\/p>\n<p>Lahjakorttien arvonta-ajankohta on: 31.8.2023. Edell\u00e4 mainittuna ajankohtana arvotaan kaksi 50 euron arvoista S-ryhm\u00e4n lahjakorttia.<\/p>\n<p>Jaa digimokasi -kampanjan p\u00e4\u00e4ttymisajankohdan j\u00e4lkeen saapuneet vastaukset eiv\u00e4t osallistu arvontaan.<\/p>\n<p>&nbsp;<\/p>\n<h4>Osallistumiskelpoisuus<\/h4>\n<p>Arvontaan voivat osallistua 18 vuotta t\u00e4ytt\u00e4neet henkil\u00f6t. Arvontaan ei voi osallistua Vaasan yliopiston Kompassi-hankkeen ty\u00f6ntekij\u00e4t tai heid\u00e4n kanssaan samassa taloudessa asuvat henkil\u00f6t. Osallistumalla arvontaan osallistujat hyv\u00e4ksyv\u00e4t arvonnan s\u00e4\u00e4nn\u00f6t ja palkintojen voittaja vahvistaa t\u00e4ytt\u00e4v\u00e4ns\u00e4 n\u00e4iss\u00e4 s\u00e4\u00e4nn\u00f6iss\u00e4 m\u00e4\u00e4ritellyt osallistumiskelpoisuuden ehdot.<\/p>\n<p>Arvontaan osallistuminen on mahdollista joko sivustolla <a href=\"https:\/\/sites.uwasa.fi\/kompassi\/digimoka\">https:\/\/sites.uwasa.fi\/kompassi\/digimoka\/<\/a> avautuvalla chatbotilla tai samalta sivustolta l\u00f6ytyv\u00e4n erillisen verkkolomakkeen kautta. Arvontaa mainostetaan verkkosivujen lis\u00e4ksi my\u00f6s eri sosiaalisen median kanavissa, jossa osallistuminen tapahtuu arvonnan postauksessa kuvattujen ohjeiden mukaisesti.<\/p>\n<p>Arvonnassa mukana ovat kaikki yhteystietonsa chatbot-ty\u00f6kalun tai verkkolomakkeen kautta j\u00e4tt\u00e4neet henkil\u00f6t. Arvonta suoritetaan kaikkien yhteystietonsa j\u00e4tt\u00e4neiden henkil\u00f6iden kesken (poislukien edellisten kuukausien voittajat) sattumanvaraisesti voittajan valitsevan sovelluksen avulla. 31.8.2023 suoritettavaan arvontaan osallistuvat automaattisesti my\u00f6s kaikki Jaa digimokasi -kampanjaan ajanjaksolla 6.3.2023\u201430.6.2023 osallistuneet osallistumiskelposet henkil\u00f6t lukuun ottamatta aiempia voittajia.<\/p>\n<p>&nbsp;<\/p>\n<h4>Palkinnot ja ehdot<\/h4>\n<p>Palkintona on yhteens\u00e4 2 kpl S-ryhm\u00e4n lahjakortteja, joista jokainen on 50 euron arvoinen.<\/p>\n<p>Palkintoja jaetaan seuraavasti:<\/p>\n<p>2 kpl lahjakorttia 31.8.2023.<\/p>\n<p>Palkintoa ei voi muuttaa rahaksi tai muuksi palkinnoksi<\/p>\n<p>Voittaja valitaan arvonnalla k\u00e4ytt\u00e4en arvontaohjelmaa ja voittajille ilmoitetaan voitosta henkil\u00f6kohtaisesti s\u00e4hk\u00f6postilla tai tekstiviestitse. Arvonnan j\u00e4rjest\u00e4j\u00e4 Kompassi-hanke saa ilmoittaa voittajan nimen t\u00e4m\u00e4n lis\u00e4ksi hankkeen sosiaalisessa mediassa sek\u00e4 verkkosivuillaan rehellisen ja l\u00e4pin\u00e4kyv\u00e4n arvonnan nimiss\u00e4 ilman arvonnan voittajan erillist\u00e4 suostumusta.<\/p>\n<p>Vastuullisuuden vuoksi arvotun voittajan on oltava v\u00e4hint\u00e4\u00e4n 18-vuotias. Emme kuitenkaan rajoita palvelun k\u00e4ytt\u00f6\u00e4 erikseen alle 18-vuotiaille.<\/p>\n<p>Jos voittajaa ei tavoiteta 48h sis\u00e4ll\u00e4, on j\u00e4rjest\u00e4j\u00e4ll\u00e4 oikeus arpoa uusi voittaja.<\/p>\n<p>&nbsp;<\/p>\n<h4>Palkintojen toimittaminen<\/h4>\n<p>Palkinnot toimitetaan postitse voittajalle ilman erillisi\u00e4 toimituskustannuksia. Huom! Palkinto postitetaan vain postiosoitteisiin Suomessa. J\u00e4rjest\u00e4j\u00e4 ei vastaa pakettien mahdollisista toimitusviiv\u00e4styksist\u00e4, jotka johtuvat j\u00e4rjest\u00e4j\u00e4st\u00e4 riippumattomista syist\u00e4.<\/p>\n<p>Kaikki arvontaan osallistuvat vapauttavat j\u00e4rjest\u00e4j\u00e4n vahingosta, joka aiheutuu tai jonka v\u00e4itet\u00e4\u00e4n aiheutuneen osallistumisesta t\u00e4h\u00e4n kampanjaan. Arvonnan j\u00e4rjest\u00e4j\u00e4n vastuu osanottajia kohtaan ei ylit\u00e4 n\u00e4iss\u00e4 s\u00e4\u00e4nn\u00f6iss\u00e4 mainittujen palkintojen arvoa tai m\u00e4\u00e4r\u00e4\u00e4. J\u00e4rjest\u00e4j\u00e4 ei vastaa tietoteknisist\u00e4 syist\u00e4 johtuvista ongelmista tai esteist\u00e4 arvontaan osallistumiseen tai palkinnon vastaanottamiseen.<\/p>\n<p>&nbsp;<\/p>\n<h4>Hallinnointi ja vastuu<\/h4>\n<p>Arvonta ei ole Alma Median, Facebookin, LinkedIn-palvelun tai muun sosiaalisen median palvelun sponsoroima, suosittelema tai hallinnoima. Arvontaan osallistujat sitoutuvat vapauttamaan em. palvelut kaikista arvontaa koskevista ja siihen liittyvist\u00e4 vastuista ja vaatimuksista. Arvonnan s\u00e4\u00e4nt\u00f6jen lis\u00e4ksi j\u00e4rjest\u00e4j\u00e4 ja osallistujat sitoutuvat noudattamaan n\u00e4it\u00e4 palveluja koskevia s\u00e4\u00e4nt\u00f6j\u00e4.<\/p>\n<p>N\u00e4m\u00e4 s\u00e4\u00e4nn\u00f6t ja j\u00e4rjest\u00e4j\u00e4n perusteella tekem\u00e4t p\u00e4\u00e4t\u00f6kset sitovat kaikkia osallistujia. Osallistumalla t\u00e4h\u00e4n arvontaan osallistujat sitoutuvat noudattamaan n\u00e4it\u00e4 s\u00e4\u00e4nt\u00f6j\u00e4. J\u00e4rjest\u00e4j\u00e4 ratkaisee s\u00e4\u00e4nt\u00f6jen soveltamiseen ja tulkintaan liittyv\u00e4t mahdolliset ep\u00e4selvyydet. Jos arvontaan osallistujaa on syyt\u00e4 ep\u00e4ill\u00e4 vilpist\u00e4 tai osallistumisesta muuten kuin s\u00e4\u00e4nn\u00f6iss\u00e4 mainituin tavoin, on j\u00e4rjest\u00e4j\u00e4ll\u00e4 oikeus hyl\u00e4t\u00e4 osallistuminen.<\/p>\n<p>J\u00e4rjest\u00e4j\u00e4 pid\u00e4tt\u00e4\u00e4 itsell\u00e4\u00e4n oikeuden s\u00e4\u00e4nt\u00f6muutoksiin.<\/p>\n<p><strong>\u00a0<\/strong><\/p>\n<h4>Yhteystietojen k\u00e4ytt\u00f6 ja tietosuojailmoitus<\/h4>\n<p>Yhteystietoja ei luovuteta ulkopuolisille. Osallistujien yhteystietoja k\u00e4ytet\u00e4\u00e4n palkintojen toimittamiseen sek\u00e4 vastaamisen yhteydess\u00e4 kiinnostuksensa Kompassi-hankkeen Riskioppi-ymp\u00e4rist\u00f6\u00e4 kohtaan ilmoittaneiden kontaktoimiseen.<\/p>\n<p>Olemme sitoutuneet noudattamaan henkil\u00f6tietojen tallentamisessa ja k\u00e4sittelyss\u00e4 tietosuojalains\u00e4\u00e4d\u00e4nn\u00f6n vaatimuksia.<br \/>\nKampanjan tietosuojailmoitus on luettavissa <a href=\"https:\/\/sites.uwasa.fi\/kompassi\/tietosuojailmoitus\/\">t\u00e4\u00e4lt\u00e4<\/a>.<\/p>\n<p>&nbsp;<\/p>\n<h4><strong>Kampanjan kautta luovutetun aineiston hy\u00f6dynt\u00e4minen tutkimuksessa<\/strong><\/h4>\n<p>Henkil\u00f6 osallistuu arvontaan kertomalla yhden tai useamman digimokan. N\u00e4in luovutettua aineistoa, eli digimokia, ker\u00e4t\u00e4\u00e4n seuraavia k\u00e4ytt\u00f6tarkoituksia varten:<\/p>\n<p>Tarkoitus 1: K\u00e4ytt\u00e4\u00e4 kerrottuja digimokia tutkimusaineistona.<br \/>\nTarkoitus 2: K\u00e4ytt\u00e4\u00e4 kerrottuja digimokia teko\u00e4lyyn perustuvien kielimallien opettamiseen eli &#8217;opetusdatana&#8217;.<\/p>\n<p>Jaa digimokasi -kampanjaan osallistuva henkil\u00f6 antaa Vaasan yliopiston tutkimusryhm\u00e4lle luvan k\u00e4ytt\u00e4\u00e4 h\u00e4nen kertomaansa digimokaa yll\u00e4 kuvattuihin, tai niihin rinnastettavissa oleviin, tarkoituksiin.\u00a0Kampanjan kautta kerrotut digimokat k\u00e4sitell\u00e4\u00e4n erill\u00e4\u00e4n henkil\u00f6tiedoista ja tarvittaessa Vaasan yliopiston hankeryhm\u00e4 muokkaa digimokan kuvausta tarkoituksia 1 ja 2 varten niin, ettei digimokan kertonut henkil\u00f6 ole tunnistettavissa.<\/p>\n<p>&nbsp;<\/p>\n<h4>Arpajaisvero<\/h4>\n<p>J\u00e4rjest\u00e4j\u00e4 maksaa palkinnoista aiheutuvat mahdolliset arpajaisverot.<\/p>\n<p><strong>\u00a0<\/strong><\/p>\n<h4>Kysy lis\u00e4tietoja kampanjasta:<\/h4>\n<p><a href=\"https:\/\/link.webropolsurveys.com\/S\/3906D893E45815CB\" target=\"_blank\" rel=\"noopener\">https:\/\/link.webropolsurveys.com\/S\/3906D893E45815CB<\/a><\/p>\n<p>Jaa digimokasi -kampanjan ja arvonnan s\u00e4\u00e4nn\u00f6t on p\u00e4iv\u00e4tty 18.8.2023.<\/p>\n","protected":false},"excerpt":{"rendered":"<p>Jaa digimokasi -kampanja Arvonnan j\u00e4rjest\u00e4j\u00e4 Kompassi-hanke (ESR) \/ Vaasan yliopisto &#8211; SC-Research. KOMPASSI-hankkeen tavoitteena on toteuttaa digitaalinen oppimisymp\u00e4rist\u00f6, jolla edistet\u00e4\u00e4n riskienhallintaan ja sit\u00e4 t\u00e4ydent\u00e4viin digitaalisiin taitoihin pohjautuvaa osaamiskokonaisuutta. Hanke on rahoitettu Euroopan sosiaalirahaston REACT-EU tuella. REACT-EU-hankkeet rahoitetaan osana Euroopan unionin COVID-19-pandemian johdosta toteuttamia toimia. &nbsp; Arvonnan alkamis- ja p\u00e4\u00e4ttymisaika Kompassi-hankkeen Jaa digimokasi -kampanja alkaa 18.8.2023 [&hellip;]<\/p>\n","protected":false},"author":29,"featured_media":0,"parent":0,"menu_order":0,"comment_status":"closed","ping_status":"closed","template":"","meta":{"_acf_changed":false,"footnotes":""},"class_list":["post-1163","page","type-page","status-publish","hentry"],"acf":[],"_links":{"self":[{"href":"https:\/\/sites.uwasa.fi\/kompassi\/wp-json\/wp\/v2\/pages\/1163"}],"collection":[{"href":"https:\/\/sites.uwasa.fi\/kompassi\/wp-json\/wp\/v2\/pages"}],"about":[{"href":"https:\/\/sites.uwasa.fi\/kompassi\/wp-json\/wp\/v2\/types\/page"}],"author":[{"embeddable":true,"href":"https:\/\/sites.uwasa.fi\/kompassi\/wp-json\/wp\/v2\/users\/29"}],"replies":[{"embeddable":true,"href":"https:\/\/sites.uwasa.fi\/kompassi\/wp-json\/wp\/v2\/comments?post=1163"}],"version-history":[{"count":30,"href":"https:\/\/sites.uwasa.fi\/kompassi\/wp-json\/wp\/v2\/pages\/1163\/revisions"}],"predecessor-version":[{"id":1372,"href":"https:\/\/sites.uwasa.fi\/kompassi\/wp-json\/wp\/v2\/pages\/1163\/revisions\/1372"}],"wp:attachment":[{"href":"https:\/\/sites.uwasa.fi\/kompassi\/wp-json\/wp\/v2\/media?parent=1163"}],"curies":[{"name":"wp","href":"https:\/\/api.w.org\/{rel}","templated":true}]}}