{"id":385,"date":"2024-04-23T16:35:10","date_gmt":"2024-04-23T13:35:10","guid":{"rendered":"https:\/\/sites.uwasa.fi\/kivanet\/?page_id=385"},"modified":"2026-02-17T18:09:45","modified_gmt":"2026-02-17T16:09:45","slug":"japani-4-2","status":"publish","type":"page","link":"https:\/\/sites.uwasa.fi\/kivanet\/kurssitarjonta\/kesa-2026\/japani\/japani-4-2\/","title":{"rendered":"Japani 2"},"content":{"rendered":"<table style=\"border-collapse: collapse;width: 100%\" border=\"1\">\n<tbody>\n<tr style=\"height: 24px\">\n<td style=\"width: 26.7939%;height: 24px\"><strong>\u00a0J\u00e4rjest\u00e4v\u00e4 korkeakoulu<\/strong><\/td>\n<td style=\"width: 65.3119%;height: 24px\"><strong>\u00a0Centria<\/strong><\/td>\n<\/tr>\n<tr style=\"height: 24px\">\n<td style=\"width: 26.7939%;height: 24px\"><strong>\u00a0Opetuskieli<\/strong><\/td>\n<td style=\"width: 65.3119%;height: 24px\"><strong>\u00a0suomi<\/strong><\/td>\n<\/tr>\n<tr style=\"height: 24px\">\n<td style=\"width: 26.7939%;height: 24px\"><strong>\u00a0Ajoitus<\/strong><\/td>\n<td style=\"width: 65.3119%;height: 24px\">\u00a0Kurssi auki Itslearningissa: 27.4.2026<\/td>\n<\/tr>\n<tr style=\"height: 24px\">\n<td style=\"width: 26.7939%;height: 24px\"><strong>\u00a0Verkkotapaamisten aikataulu<\/strong><\/td>\n<td style=\"width: 65.3119%;height: 24px\"><strong>\u00a0Vapaaehtoisten verkkotapaamisten aikataulu:<\/strong><\/p>\n<ul>\n<li>tiistai 28.4. klo 14-16<\/li>\n<li>tiistai 5.5. klo 14-16<\/li>\n<li>tiistai 12.5. klo 14-16<\/li>\n<li>tiistai 19.5. klo 14-16<\/li>\n<li>tiistai 26.5. klo 14-16<\/li>\n<li>tiistai 2.6. klo 14-16<\/li>\n<\/ul>\n<p><span style=\"font-family: inherit;font-size: inherit\">\u00a0<\/span>Tapaamiset nauhoitetaan.<\/td>\n<\/tr>\n<tr style=\"height: 24px\">\n<td style=\"width: 26.7939%;height: 24px\"><strong>\u00a0Tentti<\/strong><strong><br \/>\n<\/strong><\/td>\n<td style=\"width: 65.3119%;height: 24px\">\u00a0Tentti auki Itslearningissa: 8.6.-14.6.<\/td>\n<\/tr>\n<tr style=\"height: 24px\">\n<td style=\"width: 26.7939%;height: 24px\"><strong>\u00a0CEFR-taso<\/strong><\/td>\n<td style=\"width: 65.3119%;height: 24px\">\u00a0L\u00e4ht\u00f6taso A1.1 &gt; tavoitetaso A1.2<\/td>\n<\/tr>\n<tr style=\"height: 24px\">\n<td style=\"width: 26.7939%;height: 24px\"><strong>\u00a0Opintopisteet<\/strong><\/td>\n<td style=\"width: 65.3119%;height: 24px\">3<\/td>\n<\/tr>\n<tr style=\"height: 24px\">\n<td style=\"width: 26.7939%;height: 24px\"><strong>\u00a0Esitiedot<\/strong><\/td>\n<td style=\"width: 65.3119%;height: 24px\">Japani 1 tai vastaavat taidot<\/td>\n<\/tr>\n<\/tbody>\n<\/table>\n<h2><strong>Kurssikuvaus<\/strong><\/h2>\n<h3><b><span data-contrast=\"none\">Sis\u00e4lt\u00f6 ja osaamistavoitteet<\/span><\/b><span data-ccp-props=\"{&quot;134245418&quot;:true,&quot;134245529&quot;:true,&quot;201341983&quot;:0,&quot;335551550&quot;:1,&quot;335551620&quot;:1,&quot;335559738&quot;:240,&quot;335559739&quot;:0,&quot;335559740&quot;:360}\">\u00a0<\/span><\/h3>\n<p>Osaamistavoitteet<\/p>\n<ul>\n<li>Osaat kuvailla asioita ja tekemisi\u00e4 niin menem\u00e4tt\u00f6m\u00e4ss\u00e4 ajassa kuin menneess\u00e4kin<\/li>\n<li>Pystyt keskustelemaan mieltymyksist\u00e4 ja taidoista<\/li>\n<li>Kykenet ilmaisemaan halujasi<\/li>\n<li>Osaat kertoa syit\u00e4 sek\u00e4 rinnastaa vastakkaisuuksia<\/li>\n<li>Pystyt kysym\u00e4\u00e4n ja kertomaan asian sijainnin sek\u00e4 keskustelemaan paikoista ja sielt\u00e4 l\u00f6ytyvist\u00e4 asioista<\/li>\n<li>Tunnistat ja ymm\u00e4rr\u00e4t japanilaisen tapakulttuurin erityispiirteit\u00e4 ja osaa sovittaa omaa toimintaasi n\u00e4iden mukaisesti<\/li>\n<\/ul>\n<p><u>Kirjoitusmerkit<\/u><\/p>\n<ol>\n<li>\u4eba\u3000\u5b50\u3000\u5973\u3000\u7537\u3000\u751f\u3000\u672c\u3000\u5927\u3000\u5c0f\u3000\u53e4\u3000\u65b0\u3000\u597d\u3000\u540d\u3000\u5b89\u3000\u9ad8\u3000\u697d<\/li>\n<\/ol>\n<ol>\n<li>\u5165\u3000\u51fa\u3000\u884c\u3000\u6765\u3000\u898b\u3000\u805e\u3000\u98df\u3000\u98f2\u3000\u4f11\u3000\u4f1a\u3000\u5b66\u3000\u4f7f\u3000\u66f8\u3000\u8aad\u3000\u8cb7<\/li>\n<\/ol>\n<ol>\n<li>\u53e3\u3000\u4e0a\u3000\u4e0b\u3000\u524d\u3000\u53f3\u3000\u5de6\u3000\u5317\u3000\u5357\u3000\u6771\u3000\u897f\u3000\u56fd\u3000\u5c71\u3000\u68ee\u3000\u6d77<\/li>\n<\/ol>\n<p><strong>Oppimateriaali<\/strong><strong>\u00a0<\/strong><\/p>\n<ul>\n<li>Kaikki oppimateriaali digitaalisella oppimisalustalla<\/li>\n<\/ul>\n<p><strong>Opetus- ja arviointimenetelm\u00e4t<\/strong><strong>\u00a0<\/strong><\/p>\n<ul>\n<li>Aktiivisuus oppitunneilla 10 % (osoita olevasi l\u00e4sn\u00e4 vastaamalla vuorollasi ja tekem\u00e4ll\u00e4 kotiteht\u00e4v\u00e4t)<\/li>\n<li>Moduulien teht\u00e4v\u00e4paketit 25 %<\/li>\n<li>K\u00e4\u00e4nn\u00f6slauseet ja n\u00e4pp\u00e4imist\u00f6teht\u00e4v\u00e4 35 %<\/li>\n<li>Lopputentti 30 % (huom. aineistotentti, joten arvostelu on tiukka)<\/li>\n<\/ul>\n<p><strong>Arvosteluasteikko<\/strong><strong>\u00a0<\/strong><\/p>\n<ul>\n<li>Hyv\u00e4ksytty\/hyl\u00e4tty<\/li>\n<\/ul>\n<p><strong>Ty\u00f6m\u00e4\u00e4r\u00e4 toteutustavoittain<\/strong><strong>\u00a0<\/strong><\/p>\n<ul>\n<li>Online-tunnit 25 %<\/li>\n<li>Itsen\u00e4inen opiskelu 30 %<\/li>\n<li>Teht\u00e4v\u00e4t 30 %<\/li>\n<li>Lopputentti 15 %<\/li>\n<li>Yhteens\u00e4 81 h eli 3 x 27 ty\u00f6tuntia (45 min)<\/li>\n<\/ul>\n<h2>Ilmoittautuminen auki 2.3.-12.4.2026.<\/h2>\n","protected":false},"excerpt":{"rendered":"<p>\u00a0J\u00e4rjest\u00e4v\u00e4 korkeakoulu \u00a0Centria \u00a0Opetuskieli \u00a0suomi \u00a0Ajoitus \u00a0Kurssi auki Itslearningissa: 27.4.2026 \u00a0Verkkotapaamisten aikataulu \u00a0Vapaaehtoisten verkkotapaamisten aikataulu: tiistai 28.4. klo 14-16 tiistai 5.5. klo 14-16 tiistai 12.5. klo 14-16 tiistai 19.5. klo 14-16 tiistai 26.5. klo 14-16 tiistai 2.6. klo 14-16 \u00a0Tapaamiset nauhoitetaan. \u00a0Tentti \u00a0Tentti auki Itslearningissa: 8.6.-14.6. \u00a0CEFR-taso \u00a0L\u00e4ht\u00f6taso A1.1 &gt; tavoitetaso A1.2 \u00a0Opintopisteet 3 \u00a0Esitiedot [&hellip;]<\/p>\n","protected":false},"author":185,"featured_media":0,"parent":156,"menu_order":0,"comment_status":"closed","ping_status":"closed","template":"","meta":{"_acf_changed":false,"footnotes":""},"class_list":["post-385","page","type-page","status-publish","hentry"],"acf":[],"lang":"fi","translations":{"fi":385},"pll_sync_post":[],"_links":{"self":[{"href":"https:\/\/sites.uwasa.fi\/kivanet\/wp-json\/wp\/v2\/pages\/385"}],"collection":[{"href":"https:\/\/sites.uwasa.fi\/kivanet\/wp-json\/wp\/v2\/pages"}],"about":[{"href":"https:\/\/sites.uwasa.fi\/kivanet\/wp-json\/wp\/v2\/types\/page"}],"author":[{"embeddable":true,"href":"https:\/\/sites.uwasa.fi\/kivanet\/wp-json\/wp\/v2\/users\/185"}],"replies":[{"embeddable":true,"href":"https:\/\/sites.uwasa.fi\/kivanet\/wp-json\/wp\/v2\/comments?post=385"}],"version-history":[{"count":16,"href":"https:\/\/sites.uwasa.fi\/kivanet\/wp-json\/wp\/v2\/pages\/385\/revisions"}],"predecessor-version":[{"id":3894,"href":"https:\/\/sites.uwasa.fi\/kivanet\/wp-json\/wp\/v2\/pages\/385\/revisions\/3894"}],"up":[{"embeddable":true,"href":"https:\/\/sites.uwasa.fi\/kivanet\/wp-json\/wp\/v2\/pages\/156"}],"wp:attachment":[{"href":"https:\/\/sites.uwasa.fi\/kivanet\/wp-json\/wp\/v2\/media?parent=385"}],"curies":[{"name":"wp","href":"https:\/\/api.w.org\/{rel}","templated":true}]}}