{"id":2729,"date":"2025-05-19T11:48:58","date_gmt":"2025-05-19T08:48:58","guid":{"rendered":"https:\/\/sites.uwasa.fi\/kivanet\/?page_id=2729"},"modified":"2025-05-20T15:53:47","modified_gmt":"2025-05-20T12:53:47","slug":"ungerska","status":"publish","type":"page","link":"https:\/\/sites.uwasa.fi\/kivanet\/sv\/kurser\/hosten-2025\/ungerska\/","title":{"rendered":"Ungerska"},"content":{"rendered":"<h2>Kursen\u00a0<em>Ungerska 1<\/em> organiseras p\u00e5 v\u00e5rterminen 2026. Undervisningsspr\u00e5ket \u00e4r\u00a0<em>finska.<\/em><\/h2>\n","protected":false},"excerpt":{"rendered":"<p>Kursen\u00a0Ungerska 1 organiseras p\u00e5 v\u00e5rterminen 2026. Undervisningsspr\u00e5ket \u00e4r\u00a0finska.<\/p>\n","protected":false},"author":185,"featured_media":0,"parent":2458,"menu_order":0,"comment_status":"closed","ping_status":"closed","template":"","meta":{"_acf_changed":false,"footnotes":""},"class_list":["post-2729","page","type-page","status-publish","hentry"],"acf":[],"lang":"sv","translations":{"sv":2729},"pll_sync_post":[],"_links":{"self":[{"href":"https:\/\/sites.uwasa.fi\/kivanet\/wp-json\/wp\/v2\/pages\/2729"}],"collection":[{"href":"https:\/\/sites.uwasa.fi\/kivanet\/wp-json\/wp\/v2\/pages"}],"about":[{"href":"https:\/\/sites.uwasa.fi\/kivanet\/wp-json\/wp\/v2\/types\/page"}],"author":[{"embeddable":true,"href":"https:\/\/sites.uwasa.fi\/kivanet\/wp-json\/wp\/v2\/users\/185"}],"replies":[{"embeddable":true,"href":"https:\/\/sites.uwasa.fi\/kivanet\/wp-json\/wp\/v2\/comments?post=2729"}],"version-history":[{"count":2,"href":"https:\/\/sites.uwasa.fi\/kivanet\/wp-json\/wp\/v2\/pages\/2729\/revisions"}],"predecessor-version":[{"id":3056,"href":"https:\/\/sites.uwasa.fi\/kivanet\/wp-json\/wp\/v2\/pages\/2729\/revisions\/3056"}],"up":[{"embeddable":true,"href":"https:\/\/sites.uwasa.fi\/kivanet\/wp-json\/wp\/v2\/pages\/2458"}],"wp:attachment":[{"href":"https:\/\/sites.uwasa.fi\/kivanet\/wp-json\/wp\/v2\/media?parent=2729"}],"curies":[{"name":"wp","href":"https:\/\/api.w.org\/{rel}","templated":true}]}}