{"id":2317,"date":"2025-02-07T16:52:08","date_gmt":"2025-02-07T14:52:08","guid":{"rendered":"https:\/\/sites.uwasa.fi\/kivanet\/?page_id=2317"},"modified":"2026-02-17T18:30:24","modified_gmt":"2026-02-17T16:30:24","slug":"saksa-2","status":"publish","type":"page","link":"https:\/\/sites.uwasa.fi\/kivanet\/kurssitarjonta\/kesa-2026\/saksa\/saksa-2\/","title":{"rendered":"Saksa 2"},"content":{"rendered":"<p>&nbsp;<\/p>\n<table style=\"border-collapse: collapse;width: 100%\" border=\"1\">\n<tbody>\n<tr style=\"height: 24px\">\n<td style=\"width: 23.0062%;height: 24px\">\u00a0<strong>J\u00e4rjest\u00e4v\u00e4 korkeakoulu<\/strong><\/td>\n<td style=\"width: 76.9938%;height: 24px\">\u00a0<strong>OAMK<\/strong><\/td>\n<\/tr>\n<tr style=\"height: 24px\">\n<td style=\"width: 23.0062%;height: 24px\"><strong>\u00a0Opetuskieli<\/strong><\/td>\n<td style=\"width: 76.9938%;height: 24px\"><strong>\u00a0suomi<\/strong><\/td>\n<\/tr>\n<tr style=\"height: 24px\">\n<td style=\"width: 23.0062%;height: 24px\"><strong>\u00a0Ajoitus<\/strong><\/td>\n<td style=\"width: 76.9938%;height: 24px\">\u00a0Ajoitus: 25.5.2026-9.8.2026, Moodlessa auki my\u00f6s tuon saman ajan.<\/td>\n<\/tr>\n<tr style=\"height: 24px\">\n<td style=\"width: 23.0062%;height: 24px\"><strong>\u00a0Verkkotapaamiset<\/strong><\/td>\n<td style=\"width: 76.9938%;height: 24px\">\u00a0Zoom-l\u00e4hitapaamiset<\/p>\n<ul>\n<li>pe 29.5 klo 10.00-11.30<\/li>\n<li>to 11.6 klo 10.00-11.30<\/li>\n<li>to 18.6 klo 10.00-11.30<\/li>\n<\/ul>\n<p>Verkkotapaamiset eiv\u00e4t ole pakollisia.<\/td>\n<\/tr>\n<tr style=\"height: 24px\">\n<td style=\"width: 23.0062%;height: 24px\"><strong>\u00a0Tentti Moodlessa<\/strong><\/td>\n<td style=\"width: 76.9938%;height: 24px\">\u00a0Kirjallinen lopputentti on auki kurssin kaksi viimeist\u00e4 viikkoa (27.7.-9.8) Kurssin arviointi tapahtuu elokuun aikana.<\/td>\n<\/tr>\n<tr style=\"height: 24px\">\n<td style=\"width: 23.0062%;height: 24px\"><strong><b><span data-contrast=\"auto\">\u00a0CEFR-taso<\/span><\/b><\/strong><\/td>\n<td style=\"width: 76.9938%;height: 24px\">\u00a0L\u00e4ht\u00f6taso A.1.1 &gt; tavoitetaso A1.2<\/td>\n<\/tr>\n<tr style=\"height: 24px\">\n<td style=\"width: 23.0062%;height: 24px\"><strong><b><span data-contrast=\"auto\">\u00a0Esitiedot<\/span><\/b><\/strong><\/td>\n<td style=\"width: 76.9938%;height: 24px\">\u00a0Opintojakso edellytt\u00e4\u00e4 KiVANETin Saksa 1 opintojakson suorittamista tai vastaavaa osaamista saksan kieless\u00e4 (taitotaso A1.1).<\/td>\n<\/tr>\n<\/tbody>\n<\/table>\n<h2><span data-ccp-props=\"{&quot;134233117&quot;:true,&quot;134233118&quot;:true,&quot;201341983&quot;:0,&quot;335559739&quot;:160,&quot;335559740&quot;:240}\">Kurssikuvaus<\/span><\/h2>\n<p><strong>\u202f<\/strong><b><span data-contrast=\"auto\">Sis\u00e4lt\u00f6<\/span><\/b><span data-contrast=\"auto\">\u202f\u202f<\/span><span data-ccp-props=\"{&quot;134233117&quot;:true,&quot;134233118&quot;:true,&quot;201341983&quot;:0,&quot;335551550&quot;:6,&quot;335551620&quot;:6,&quot;335559739&quot;:160,&quot;335559740&quot;:240}\">\u00a0<\/span><\/p>\n<p><span data-contrast=\"auto\">Saksa 2 \u2013verkko-opintojaksolla opiskelija oppii k\u00e4ytt\u00e4m\u00e4\u00e4n saksaa arkitilanteissa, matkustustilanteissa, onnitellakseen jotakuta ja asiakaspalvelutilanteissa<\/span><span data-ccp-props=\"{&quot;134233117&quot;:true,&quot;134233118&quot;:true,&quot;201341983&quot;:0,&quot;335551550&quot;:6,&quot;335551620&quot;:6,&quot;335559739&quot;:160,&quot;335559740&quot;:240}\">\u00a0<\/span><\/p>\n<p><span data-contrast=\"auto\">Opintojakso koostuu kolmesta yhden opintopisteen moduulista.\u00a0<\/span><span data-ccp-props=\"{&quot;134233117&quot;:true,&quot;134233118&quot;:true,&quot;201341983&quot;:0,&quot;335551550&quot;:6,&quot;335551620&quot;:6,&quot;335559739&quot;:160,&quot;335559740&quot;:240}\">\u00a0<\/span><\/p>\n<p><span data-contrast=\"auto\">Sanastoteemat: perhe, vapaa-aika, asuminen, small talk, harrastukset. majoittuminen, matkaliput, tienneuvonta, n\u00e4ht\u00e4vyydet, s\u00e4\u00e4, kauppa, ravintola, konserttiliput.<\/span><span data-ccp-props=\"{&quot;201341983&quot;:0,&quot;335559737&quot;:240,&quot;335559739&quot;:160,&quot;335559740&quot;:259}\">\u00a0<\/span><\/p>\n<p><span data-contrast=\"auto\">Rakenneteemat: vahvat verbit, possessiivipronominit, genetiivi, sivulauseet (dass, weil, wenn), modaaliverbit, eri\u00e4v\u00e4t yhdysverbit, substantiivin datiivi\u202f\u202f+ prepositiot, man-pronomini, persoonapronominien datiivimuodot,\u202f perfekti (sein + haben), imperfekti haben ja sein<\/span><span data-ccp-props=\"{&quot;201341983&quot;:0,&quot;335559737&quot;:240,&quot;335559739&quot;:160,&quot;335559740&quot;:259}\">\u00a0<\/span><\/p>\n<p><b><span data-contrast=\"auto\">Osaamistavoitteet\u202f<\/span><\/b><span data-contrast=\"auto\">\u202f<\/span><span data-ccp-props=\"{&quot;134233117&quot;:true,&quot;134233118&quot;:true,&quot;201341983&quot;:0,&quot;335551550&quot;:6,&quot;335551620&quot;:6,&quot;335559739&quot;:160,&quot;335559740&quot;:240}\">\u00a0<\/span><\/p>\n<p><span data-contrast=\"auto\">T\u00e4m\u00e4n opintojakson j\u00e4lkeen opiskelija:\u202f<\/span><span data-contrast=\"auto\">\u202f<\/span><span data-ccp-props=\"{&quot;134233117&quot;:true,&quot;134233118&quot;:true,&quot;201341983&quot;:0,&quot;335559739&quot;:160,&quot;335559740&quot;:240}\">\u00a0<\/span><\/p>\n<ul>\n<li data-leveltext=\"\uf0b7\" data-font=\"Symbol\" data-listid=\"18\" data-list-defn-props=\"{&quot;335552541&quot;:1,&quot;335559685&quot;:720,&quot;335559991&quot;:360,&quot;469769226&quot;:&quot;Symbol&quot;,&quot;469769242&quot;:[8226],&quot;469777803&quot;:&quot;left&quot;,&quot;469777804&quot;:&quot;\uf0b7&quot;,&quot;469777815&quot;:&quot;hybridMultilevel&quot;}\" data-aria-posinset=\"1\" data-aria-level=\"1\"><span data-contrast=\"auto\">osaa k\u00e4ytt\u00e4\u00e4 kielen perusrakenteita ja perussanastoa<\/span><span data-ccp-props=\"{&quot;201341983&quot;:0,&quot;335559737&quot;:240,&quot;335559739&quot;:0,&quot;335559740&quot;:240}\">\u00a0<\/span><\/li>\n<li data-leveltext=\"\uf0b7\" data-font=\"Symbol\" data-listid=\"18\" data-list-defn-props=\"{&quot;335552541&quot;:1,&quot;335559685&quot;:720,&quot;335559991&quot;:360,&quot;469769226&quot;:&quot;Symbol&quot;,&quot;469769242&quot;:[8226],&quot;469777803&quot;:&quot;left&quot;,&quot;469777804&quot;:&quot;\uf0b7&quot;,&quot;469777815&quot;:&quot;hybridMultilevel&quot;}\" data-aria-posinset=\"2\" data-aria-level=\"1\"><span data-contrast=\"auto\">osaa viesti\u00e4 yksinkertaisissa tilanteissa<\/span><span data-ccp-props=\"{&quot;201341983&quot;:0,&quot;335559737&quot;:240,&quot;335559739&quot;:0,&quot;335559740&quot;:240}\">\u00a0<\/span><\/li>\n<li data-leveltext=\"\uf0b7\" data-font=\"Symbol\" data-listid=\"18\" data-list-defn-props=\"{&quot;335552541&quot;:1,&quot;335559685&quot;:720,&quot;335559991&quot;:360,&quot;469769226&quot;:&quot;Symbol&quot;,&quot;469769242&quot;:[8226],&quot;469777803&quot;:&quot;left&quot;,&quot;469777804&quot;:&quot;\uf0b7&quot;,&quot;469777815&quot;:&quot;hybridMultilevel&quot;}\" data-aria-posinset=\"3\" data-aria-level=\"1\"><span data-contrast=\"auto\">osaa kirjoittaa yksinkertaisia ohjattuja viestej\u00e4<\/span><span data-ccp-props=\"{&quot;201341983&quot;:0,&quot;335559737&quot;:240,&quot;335559739&quot;:0,&quot;335559740&quot;:240}\">\u00a0<\/span><\/li>\n<li data-leveltext=\"\uf0b7\" data-font=\"Symbol\" data-listid=\"18\" data-list-defn-props=\"{&quot;335552541&quot;:1,&quot;335559685&quot;:720,&quot;335559991&quot;:360,&quot;469769226&quot;:&quot;Symbol&quot;,&quot;469769242&quot;:[8226],&quot;469777803&quot;:&quot;left&quot;,&quot;469777804&quot;:&quot;\uf0b7&quot;,&quot;469777815&quot;:&quot;hybridMultilevel&quot;}\" data-aria-posinset=\"4\" data-aria-level=\"1\"><span data-contrast=\"auto\">tunnistaa kielialueen kulttuuria ja erityispiirteit\u00e4.<\/span><span data-ccp-props=\"{&quot;201341983&quot;:0,&quot;335559737&quot;:240,&quot;335559739&quot;:0,&quot;335559740&quot;:240}\">\u00a0<\/span><\/li>\n<\/ul>\n<p><b><span data-contrast=\"auto\">Oppimateriaali<\/span><\/b><span data-contrast=\"auto\">\u202f\u202f\u202f<\/span><span data-ccp-props=\"{&quot;134233117&quot;:true,&quot;134233118&quot;:true,&quot;201341983&quot;:0,&quot;335551550&quot;:6,&quot;335551620&quot;:6,&quot;335559739&quot;:160,&quot;335559740&quot;:240}\">\u00a0<\/span><\/p>\n<p><span data-contrast=\"auto\">Oppimateriaali on digitaalisella oppimisalustalla.\u202f\u202f<\/span><span data-ccp-props=\"{&quot;134233117&quot;:true,&quot;134233118&quot;:true,&quot;201341983&quot;:0,&quot;335551550&quot;:6,&quot;335551620&quot;:6,&quot;335559739&quot;:160,&quot;335559740&quot;:240}\">\u00a0<\/span><\/p>\n<p><b><span data-contrast=\"auto\">Opetus- ja arviointimenetelm\u00e4t<\/span><\/b><span data-contrast=\"auto\">\u202f\u202f\u202f<\/span><span data-ccp-props=\"{&quot;134233117&quot;:true,&quot;134233118&quot;:true,&quot;201341983&quot;:0,&quot;335551550&quot;:6,&quot;335551620&quot;:6,&quot;335559739&quot;:160,&quot;335559740&quot;:240}\">\u00a0<\/span><\/p>\n<p><span data-contrast=\"auto\">Opetus ja harjoitusteht\u00e4v\u00e4t digitaalisella alustalla.\u202f<\/span><span data-ccp-props=\"{&quot;134233117&quot;:true,&quot;134233118&quot;:true,&quot;201341983&quot;:0,&quot;335551550&quot;:6,&quot;335551620&quot;:6,&quot;335559739&quot;:160,&quot;335559740&quot;:240}\">\u00a0<\/span><\/p>\n<p><span data-contrast=\"auto\">Opintojakson arviointi perustuu seuraaviin suorituksiin:\u202f<\/span><span data-ccp-props=\"{&quot;134233117&quot;:true,&quot;134233118&quot;:true,&quot;201341983&quot;:0,&quot;335551550&quot;:6,&quot;335551620&quot;:6,&quot;335559739&quot;:160,&quot;335559740&quot;:240}\">\u00a0<\/span><\/p>\n<p><span data-contrast=\"auto\">Arviointi Hyl\u00e4tty\/ 1 &#8211; 5<\/span><span data-ccp-props=\"{&quot;201341983&quot;:0,&quot;335559737&quot;:240,&quot;335559739&quot;:0,&quot;335559740&quot;:240}\">\u00a0<\/span><\/p>\n<p><span data-contrast=\"auto\">Kirjallinen tentti, painoarvo 40 %<\/span><span data-ccp-props=\"{&quot;201341983&quot;:0,&quot;335559737&quot;:240,&quot;335559739&quot;:0,&quot;335559740&quot;:240}\">\u00a0<\/span><\/p>\n<p><span data-contrast=\"auto\">Suullinen tentti, painoarvo 40 %<\/span><span data-ccp-props=\"{&quot;201341983&quot;:0,&quot;335559737&quot;:240,&quot;335559739&quot;:0,&quot;335559740&quot;:240}\">\u00a0<\/span><\/p>\n<p><span data-contrast=\"auto\">Moduulitesti,\u202f painoarvo 20 %<\/span><span data-ccp-props=\"{&quot;201341983&quot;:0,&quot;335559737&quot;:240,&quot;335559739&quot;:0,&quot;335559740&quot;:240}\">\u00a0<\/span><\/p>\n<p><span data-contrast=\"auto\">Opintojakso on hyv\u00e4ksytysti suoritettu, kun sek\u00e4 kirjallinen ja suullinen tentti ett\u00e4 moduulitestit ovat hyv\u00e4ksytysti suoritettu.\u00a0<\/span><span data-ccp-props=\"{&quot;201341983&quot;:2,&quot;335559739&quot;:300,&quot;335559740&quot;:300}\">\u00a0<\/span><\/p>\n<p><span data-contrast=\"auto\">Moduulitestit ovat hyv\u00e4ksytysti suoritettu, kun v\u00e4hint\u00e4\u00e4n 50 % on oikein. Hyv\u00e4ksyttyyn suoritukseen vaaditaan lis\u00e4ksi, ett\u00e4 kaikki Moodlessa olevat teht\u00e4v\u00e4t ovat suoritettu.<\/span><span data-ccp-props=\"{&quot;201341983&quot;:2,&quot;335559739&quot;:300,&quot;335559740&quot;:300}\">\u00a0<\/span><\/p>\n<p><span data-contrast=\"auto\">Osallistuminen verkkoluennoille on vapaaehtoista, mutta jokaisesta osallistumiskerrasta saa yhden pisteen suulliseen tenttiin.<\/span><span data-ccp-props=\"{&quot;201341983&quot;:2,&quot;335559739&quot;:300,&quot;335559740&quot;:300}\">\u00a0<\/span><\/p>\n<p><b><span data-contrast=\"auto\">Arvosteluasteikko<\/span><\/b><span data-contrast=\"auto\">\u202f<\/span><b><span data-contrast=\"auto\">ja arviointikriteerit<\/span><\/b><span data-contrast=\"auto\">\u202f\u202f\u202f<\/span><span data-ccp-props=\"{&quot;134233117&quot;:true,&quot;134233118&quot;:true,&quot;201341983&quot;:0,&quot;335551550&quot;:6,&quot;335551620&quot;:6,&quot;335559739&quot;:160,&quot;335559740&quot;:240}\">\u00a0<\/span><\/p>\n<p><span data-contrast=\"auto\">Opintojaksosuoritus arvostellaan asteikolla 0-5\u202f\u202f\u202f<\/span><span data-ccp-props=\"{&quot;134233117&quot;:true,&quot;134233118&quot;:true,&quot;201341983&quot;:0,&quot;335551550&quot;:6,&quot;335551620&quot;:6,&quot;335559739&quot;:160,&quot;335559740&quot;:240}\">\u00a0<\/span><\/p>\n<p><b><span data-contrast=\"auto\">Ty\u00f6m\u00e4\u00e4r\u00e4 toteutustavoittain<\/span><\/b><span data-contrast=\"auto\">\u202f\u202f\u202f<\/span><span data-ccp-props=\"{&quot;134233117&quot;:true,&quot;134233118&quot;:true,&quot;201341983&quot;:0,&quot;335551550&quot;:6,&quot;335551620&quot;:6,&quot;335559739&quot;:160,&quot;335559740&quot;:240}\">\u00a0<\/span><\/p>\n<p><span data-contrast=\"auto\">itsen\u00e4inen opiskelu + teht\u00e4v\u00e4t\u202f81 h<\/span><br \/>\n<span data-contrast=\"auto\">Sis. kuusi vapaaehtoista verkkotapaamista (2 tapaamista \/ moduuli).\u202f<\/span><span data-ccp-props=\"{&quot;134233117&quot;:true,&quot;134233118&quot;:true,&quot;201341983&quot;:0,&quot;335559739&quot;:160,&quot;335559740&quot;:240}\">\u00a0<\/span><\/p>\n<p><span data-contrast=\"auto\">Yhteens\u00e4 81h. Yksi opintopiste vastaa 27h opiskelijan ty\u00f6t\u00e4 (3 x 27h = 81h).\u202f<\/span><span data-ccp-props=\"{&quot;134233117&quot;:true,&quot;134233118&quot;:true,&quot;201341983&quot;:0,&quot;335551550&quot;:6,&quot;335551620&quot;:6,&quot;335559739&quot;:160,&quot;335559740&quot;:240}\">\u00a0<\/span><\/p>\n<h2>Ilmoittautuminen 2.3.2026 &#8211; 12.4.2026.<\/h2>\n<p>&nbsp;<\/p>\n","protected":false},"excerpt":{"rendered":"<p>&nbsp; \u00a0J\u00e4rjest\u00e4v\u00e4 korkeakoulu \u00a0OAMK \u00a0Opetuskieli \u00a0suomi \u00a0Ajoitus \u00a0Ajoitus: 25.5.2026-9.8.2026, Moodlessa auki my\u00f6s tuon saman ajan. \u00a0Verkkotapaamiset \u00a0Zoom-l\u00e4hitapaamiset pe 29.5 klo 10.00-11.30 to 11.6 klo 10.00-11.30 to 18.6 klo 10.00-11.30 Verkkotapaamiset eiv\u00e4t ole pakollisia. \u00a0Tentti Moodlessa \u00a0Kirjallinen lopputentti on auki kurssin kaksi viimeist\u00e4 viikkoa (27.7.-9.8) Kurssin arviointi tapahtuu elokuun aikana. \u00a0CEFR-taso \u00a0L\u00e4ht\u00f6taso A.1.1 &gt; tavoitetaso A1.2 [&hellip;]<\/p>\n","protected":false},"author":185,"featured_media":0,"parent":2311,"menu_order":0,"comment_status":"closed","ping_status":"closed","template":"","meta":{"_acf_changed":false,"footnotes":""},"class_list":["post-2317","page","type-page","status-publish","hentry"],"acf":[],"lang":"fi","translations":{"fi":2317},"pll_sync_post":[],"_links":{"self":[{"href":"https:\/\/sites.uwasa.fi\/kivanet\/wp-json\/wp\/v2\/pages\/2317"}],"collection":[{"href":"https:\/\/sites.uwasa.fi\/kivanet\/wp-json\/wp\/v2\/pages"}],"about":[{"href":"https:\/\/sites.uwasa.fi\/kivanet\/wp-json\/wp\/v2\/types\/page"}],"author":[{"embeddable":true,"href":"https:\/\/sites.uwasa.fi\/kivanet\/wp-json\/wp\/v2\/users\/185"}],"replies":[{"embeddable":true,"href":"https:\/\/sites.uwasa.fi\/kivanet\/wp-json\/wp\/v2\/comments?post=2317"}],"version-history":[{"count":11,"href":"https:\/\/sites.uwasa.fi\/kivanet\/wp-json\/wp\/v2\/pages\/2317\/revisions"}],"predecessor-version":[{"id":3905,"href":"https:\/\/sites.uwasa.fi\/kivanet\/wp-json\/wp\/v2\/pages\/2317\/revisions\/3905"}],"up":[{"embeddable":true,"href":"https:\/\/sites.uwasa.fi\/kivanet\/wp-json\/wp\/v2\/pages\/2311"}],"wp:attachment":[{"href":"https:\/\/sites.uwasa.fi\/kivanet\/wp-json\/wp\/v2\/media?parent=2317"}],"curies":[{"name":"wp","href":"https:\/\/api.w.org\/{rel}","templated":true}]}}