{"id":159,"date":"2024-04-22T15:07:24","date_gmt":"2024-04-22T12:07:24","guid":{"rendered":"https:\/\/sites.uwasa.fi\/kivanet\/?page_id=159"},"modified":"2025-05-19T13:28:42","modified_gmt":"2025-05-19T10:28:42","slug":"kiina","status":"publish","type":"page","link":"https:\/\/sites.uwasa.fi\/kivanet\/kurssitarjonta\/syksy-2024\/kiina\/","title":{"rendered":"Kiina"},"content":{"rendered":"<h2>Lis\u00e4\u00e4 tietoa kiinan kursseista l\u00f6yd\u00e4t <a href=\"https:\/\/sites.uwasa.fi\/kivanet\/en\/autumn-2024\/chinese\/\" target=\"_blank\" rel=\"noopener\">t\u00e4\u00e4lt\u00e4<\/a>. Kiinan kurssien opetuskieli on <em>englanti<\/em>.<\/h2>\n","protected":false},"excerpt":{"rendered":"<p>Lis\u00e4\u00e4 tietoa kiinan kursseista l\u00f6yd\u00e4t t\u00e4\u00e4lt\u00e4. Kiinan kurssien opetuskieli on englanti.<\/p>\n","protected":false},"author":185,"featured_media":0,"parent":129,"menu_order":0,"comment_status":"closed","ping_status":"closed","template":"","meta":{"_acf_changed":false,"footnotes":""},"class_list":["post-159","page","type-page","status-publish","hentry"],"acf":[],"lang":"fi","translations":{"fi":159},"pll_sync_post":[],"_links":{"self":[{"href":"https:\/\/sites.uwasa.fi\/kivanet\/wp-json\/wp\/v2\/pages\/159"}],"collection":[{"href":"https:\/\/sites.uwasa.fi\/kivanet\/wp-json\/wp\/v2\/pages"}],"about":[{"href":"https:\/\/sites.uwasa.fi\/kivanet\/wp-json\/wp\/v2\/types\/page"}],"author":[{"embeddable":true,"href":"https:\/\/sites.uwasa.fi\/kivanet\/wp-json\/wp\/v2\/users\/185"}],"replies":[{"embeddable":true,"href":"https:\/\/sites.uwasa.fi\/kivanet\/wp-json\/wp\/v2\/comments?post=159"}],"version-history":[{"count":5,"href":"https:\/\/sites.uwasa.fi\/kivanet\/wp-json\/wp\/v2\/pages\/159\/revisions"}],"predecessor-version":[{"id":2813,"href":"https:\/\/sites.uwasa.fi\/kivanet\/wp-json\/wp\/v2\/pages\/159\/revisions\/2813"}],"up":[{"embeddable":true,"href":"https:\/\/sites.uwasa.fi\/kivanet\/wp-json\/wp\/v2\/pages\/129"}],"wp:attachment":[{"href":"https:\/\/sites.uwasa.fi\/kivanet\/wp-json\/wp\/v2\/media?parent=159"}],"curies":[{"name":"wp","href":"https:\/\/api.w.org\/{rel}","templated":true}]}}