{"id":1582,"date":"2024-10-25T13:54:20","date_gmt":"2024-10-25T10:54:20","guid":{"rendered":"https:\/\/sites.uwasa.fi\/kivanet\/?page_id=1582"},"modified":"2025-11-21T14:25:36","modified_gmt":"2025-11-21T12:25:36","slug":"italia-3","status":"publish","type":"page","link":"https:\/\/sites.uwasa.fi\/kivanet\/kurssitarjonta\/kevat-2026\/italia\/italia-3\/","title":{"rendered":"Italia 3"},"content":{"rendered":"<p>&nbsp;<\/p>\n<table style=\"border-collapse: collapse;width: 100%\" border=\"1\">\n<tbody>\n<tr style=\"height: 24px\">\n<td style=\"width: 24.8549%;height: 24px\"><strong>\u00a0J\u00e4rjest\u00e4v\u00e4 korkeakoulu<\/strong><\/td>\n<td style=\"width: 67.7432%\"><strong>\u00a0Lapin yliopisto<\/strong><\/td>\n<\/tr>\n<tr style=\"height: 24px\">\n<td style=\"width: 24.8549%;height: 24px\"><strong>\u00a0Opetuskieli<\/strong><\/td>\n<td style=\"width: 67.7432%\"><strong>\u00a0suomi ja italia (englanti)<\/strong><\/td>\n<\/tr>\n<tr style=\"height: 24px\">\n<td style=\"width: 24.8549%;height: 24px\"><strong>\u00a0Ajoitus<\/strong><\/td>\n<td style=\"width: 67.7432%\"><strong>\u00a0Kurssi auki Moodlessa: 26.1. \u2013 6.3.2025<\/strong><\/td>\n<\/tr>\n<tr style=\"height: 24px\">\n<td style=\"width: 24.8549%;height: 24px\"><strong>\u00a0Verkkotapaamisten aikataulu<\/strong><\/td>\n<td style=\"width: 67.7432%\">\n<p>\u00a0<strong>Itsen\u00e4inen ty\u00f6skentelyjakso (Moodle): 26.1. \u2013 8.2.2026<\/strong><\/p>\n<p><strong>\u00a0Kurssitapaamiset (pakollisia, 1 poissaolo sallittu)<\/strong><\/p>\n<ul>\n<li><strong><span style=\"font-family: inherit;font-size: inherit\">MA 9.2., 10-12<\/span><\/strong><\/li>\n<li><strong>TO 12.2., 10-12<\/strong><\/li>\n<li><strong>MA 16.2., 10-12<\/strong><\/li>\n<li><strong>KE 18.2., 10-12<\/strong><\/li>\n<li><strong>MA 23.2., 10-12<\/strong><\/li>\n<li><strong>KE 25.2., 10-12<\/strong><\/li>\n<\/ul>\n<p>&nbsp;<\/td>\n<\/tr>\n<tr>\n<td style=\"width: 24.8549%\"><strong>\u00a0Tentti Moodlessa<\/strong><strong><br \/>\n<\/strong><\/td>\n<td style=\"width: 67.7432%\"><strong>\u00a0Tentti auki Moodlessa: 2. \u2013 4.3.2026<\/strong><\/td>\n<\/tr>\n<tr style=\"height: 24px\">\n<td style=\"width: 24.8549%;height: 24px\"><strong>\u00a0CEFR-taso<\/strong><\/td>\n<td style=\"width: 67.7432%\"><strong><span class=\"TextRun SCXW149317321 BCX8\" lang=\"FI-FI\" xml:lang=\"FI-FI\" data-contrast=\"none\"><span class=\"NormalTextRun SCXW149317321 BCX8\">\u00a0L\u00e4ht\u00f6taso A1 &gt; tavoitetaso A2.1<\/span><\/span><span class=\"EOP SCXW149317321 BCX8\" data-ccp-props=\"{&quot;134233117&quot;:false,&quot;134233118&quot;:false,&quot;335559738&quot;:0,&quot;335559739&quot;:0}\">\u00a0<\/span><\/strong><\/td>\n<\/tr>\n<tr style=\"height: 24px\">\n<td style=\"width: 24.8549%;height: 24px\"><strong>\u00a0Opintopisteet<\/strong><\/td>\n<td style=\"width: 67.7432%\"><strong>\u00a03<\/strong><\/td>\n<\/tr>\n<tr style=\"height: 24px\">\n<td style=\"width: 24.8549%;height: 24px\"><strong>\u00a0Esitiedot<\/strong><\/td>\n<td style=\"width: 67.7432%\"><strong><span class=\"TextRun SCXW249176616 BCX8\" lang=\"FI-FI\" xml:lang=\"FI-FI\" data-contrast=\"none\"><span class=\"NormalTextRun SCXW249176616 BCX8\">\u00a0Opintojakso edellytt\u00e4\u00e4 <\/span><span class=\"NormalTextRun SpellingErrorV2Themed SCXW249176616 BCX8\">KiVANET<\/span><span class=\"NormalTextRun SCXW249176616 BCX8\">: italia 1 ja <\/span><span class=\"NormalTextRun SpellingErrorV2Themed SCXW249176616 BCX8\">KiVANET<\/span><span class=\"NormalTextRun SCXW249176616 BCX8\">: italia 2 \u2013opintojaksojen suorittamista tai\u00a0 vastaavaa osaamista italian kieless\u00e4 (CEFR A1). <\/span><\/span><\/strong><span class=\"EOP SCXW249176616 BCX8\" data-ccp-props=\"{&quot;134233117&quot;:false,&quot;134233118&quot;:false,&quot;335559738&quot;:0,&quot;335559739&quot;:0}\">\u00a0<\/span><\/td>\n<\/tr>\n<\/tbody>\n<\/table>\n<h2>Kurssikuvaus<\/h2>\n<p><b><span data-contrast=\"none\">Sis\u00e4lt\u00f6<\/span><\/b><span data-contrast=\"none\">\u00a0<\/span><span data-ccp-props=\"{&quot;134233117&quot;:false,&quot;134233118&quot;:false,&quot;335559738&quot;:0,&quot;335559739&quot;:0}\">\u00a0<\/span><\/p>\n<p><span data-contrast=\"none\">T\u00e4ll\u00e4 opintojaksolla opiskelija l\u00e4htee kuvitteellisesti vierailemaan Italiassa ja kohtaa hieman haastavampia arkiel\u00e4m\u00e4n vuorovaikutustilanteita, kuten vaatteiden ostaminen, asiointi pankissa, postitoimistossa sek\u00e4 l\u00e4\u00e4k\u00e4rin vastaanotolla. Opiskelija oppii kertomaan lis\u00e4\u00e4 itsest\u00e4\u00e4n, mm. mieltymyksist\u00e4, terveydest\u00e4 sek\u00e4 lapsuusmuistoista. Lis\u00e4ksi opintojaksolla harjoitellaan italiankielisen blogin lukemista ja kirjoittamista. <\/span><\/p>\n<p><b><span data-contrast=\"none\">Osaamistavoitteet<\/span><\/b><span data-contrast=\"none\">\u00a0<\/span><span data-ccp-props=\"{&quot;134233117&quot;:false,&quot;134233118&quot;:false,&quot;335559738&quot;:0,&quot;335559739&quot;:0}\">\u00a0<\/span><\/p>\n<p><span data-contrast=\"auto\">Opintojakson suoritettuaan opiskelija <\/span><br \/>\n<span data-contrast=\"auto\"> 1. osaa kommunikoida haastavammissa vuorovaikutustilanteissa ja kertoa enemm\u00e4n itsest\u00e4\u00e4n <\/span><br \/>\n<span data-contrast=\"auto\"> 2. osaa lukea ja ymm\u00e4rt\u00e4\u00e4 erilaisia italiankielisi\u00e4 tekstej\u00e4 <\/span><br \/>\n<span data-contrast=\"auto\"> 3. ymm\u00e4rt\u00e4\u00e4 ja osaa k\u00e4ytt\u00e4\u00e4 monimutkaisempia lauserakenteita <\/span><br \/>\n<span data-contrast=\"auto\"> 4. tuntee Italian kulttuurin ja arkiel\u00e4m\u00e4n keskeisimpi\u00e4 seikkoja\u00a0<\/span><span data-ccp-props=\"{&quot;134233117&quot;:false,&quot;134233118&quot;:false,&quot;335559738&quot;:0,&quot;335559739&quot;:0}\">\u00a0<\/span><\/p>\n<p><b><span data-contrast=\"none\">Oppimateriaali<\/span><\/b><span data-contrast=\"none\">\u00a0<\/span><span data-ccp-props=\"{&quot;134233117&quot;:false,&quot;134233118&quot;:false,&quot;335559738&quot;:0,&quot;335559739&quot;:0}\">\u00a0<\/span><\/p>\n<p><span data-contrast=\"none\">Kaikki oppimateriaalit ovat digitaalisella oppimisalustalla ja p\u00e4\u00e4moduulit on laadittu Kivanet\/Kivako-hankkeen puitteissa.\u00a0<\/span><span data-ccp-props=\"{&quot;134233117&quot;:false,&quot;134233118&quot;:false,&quot;335559738&quot;:0,&quot;335559739&quot;:0}\">\u00a0<\/span><span data-contrast=\"auto\">\u00a0<\/span><span data-ccp-props=\"{&quot;134233117&quot;:false,&quot;134233118&quot;:false,&quot;335559738&quot;:0,&quot;335559739&quot;:0}\">\u00a0<\/span><\/p>\n<p><span data-contrast=\"none\">Materiaalit koostuvat lyhyist\u00e4 videoista, interaktiivisista teht\u00e4vist\u00e4 ja PDF-muodossa olevista tulostettavista materiaaleista.\u00a0<\/span><span data-ccp-props=\"{&quot;134233117&quot;:false,&quot;134233118&quot;:false,&quot;335559738&quot;:0,&quot;335559739&quot;:0}\">\u00a0<\/span><\/p>\n<p><b><span data-contrast=\"none\">Opetus ja arviointimenetelm\u00e4t<\/span><\/b><span data-contrast=\"none\">\u00a0<\/span><span data-ccp-props=\"{&quot;134233117&quot;:false,&quot;134233118&quot;:false,&quot;335559738&quot;:0,&quot;335559739&quot;:0}\">\u00a0<\/span><\/p>\n<p><span data-contrast=\"none\">Opintojaksolla opiskelija ty\u00f6skentelee itsen\u00e4isesti melko vapaalla tahdilla. Lis\u00e4ksi suullista kielitaitoa harjoitellaan verkkotapaamisissa kerran viikossa.\u00a0<\/span><\/p>\n<p><span data-contrast=\"none\">Arvioinnissa painopiste on aktiivisessa osallistumisessa kurssitapaamisiin sek\u00e4 s\u00e4\u00e4nn\u00f6llisess\u00e4 ty\u00f6skentelyss\u00e4 Moodlessa.<\/span><span data-ccp-props=\"{&quot;134233117&quot;:false,&quot;134233118&quot;:false,&quot;335559738&quot;:0,&quot;335559739&quot;:0}\">\u00a0<\/span><\/p>\n<p><b><span data-contrast=\"none\">Arviointi:<\/span><\/b><span data-contrast=\"none\"> hyv\u00e4ksytty\/hyl\u00e4tty\u00a0<\/span><span data-ccp-props=\"{&quot;134233117&quot;:false,&quot;134233118&quot;:false,&quot;335559738&quot;:0,&quot;335559739&quot;:0}\">\u00a0<\/span><\/p>\n<p><span data-contrast=\"none\">Opintojakson arviointikriteerit avataan tarkemmin opintojakson alussa.\u00a0<\/span><span data-ccp-props=\"{&quot;134233117&quot;:false,&quot;134233118&quot;:false,&quot;335559738&quot;:0,&quot;335559739&quot;:0}\">\u00a0<\/span><\/p>\n<p><b><span data-contrast=\"none\">Opiskelijan ty\u00f6kuorma:<\/span><\/b><\/p>\n<p><span data-contrast=\"none\">1 op x 27 tuntia opiskelijan ty\u00f6t\u00e4 sis\u00e4lt\u00e4en itsen\u00e4ist\u00e4 ty\u00f6skentely\u00e4 ja osallistumista verkkotapaamisiin; yhteens\u00e4 3 x 27 = 81t.<\/span><span data-ccp-props=\"{&quot;134233117&quot;:false,&quot;134233118&quot;:false,&quot;335559738&quot;:0,&quot;335559739&quot;:0}\">\u00a0<\/span><\/p>\n<h2><strong>Ilmoittautuminen 1.12.2025-11.1.2026.<\/strong><\/h2>\n<h2><a href=\"https:\/\/link.webropol.com\/s\/kivanetkevat26\" target=\"_blank\" rel=\"noopener\">Linkki ilmoittautumislomakkeeseen.<\/a><\/h2>\n","protected":false},"excerpt":{"rendered":"<p>&nbsp; \u00a0J\u00e4rjest\u00e4v\u00e4 korkeakoulu \u00a0Lapin yliopisto \u00a0Opetuskieli \u00a0suomi ja italia (englanti) \u00a0Ajoitus \u00a0Kurssi auki Moodlessa: 26.1. \u2013 6.3.2025 \u00a0Verkkotapaamisten aikataulu \u00a0Itsen\u00e4inen ty\u00f6skentelyjakso (Moodle): 26.1. \u2013 8.2.2026 \u00a0Kurssitapaamiset (pakollisia, 1 poissaolo sallittu) MA 9.2., 10-12 TO 12.2., 10-12 MA 16.2., 10-12 KE 18.2., 10-12 MA 23.2., 10-12 KE 25.2., 10-12 &nbsp; \u00a0Tentti Moodlessa \u00a0Tentti auki Moodlessa: 2. [&hellip;]<\/p>\n","protected":false},"author":185,"featured_media":0,"parent":1492,"menu_order":0,"comment_status":"closed","ping_status":"closed","template":"","meta":{"_acf_changed":false,"footnotes":""},"class_list":["post-1582","page","type-page","status-publish","hentry"],"acf":[],"lang":"fi","translations":{"fi":1582},"pll_sync_post":[],"_links":{"self":[{"href":"https:\/\/sites.uwasa.fi\/kivanet\/wp-json\/wp\/v2\/pages\/1582"}],"collection":[{"href":"https:\/\/sites.uwasa.fi\/kivanet\/wp-json\/wp\/v2\/pages"}],"about":[{"href":"https:\/\/sites.uwasa.fi\/kivanet\/wp-json\/wp\/v2\/types\/page"}],"author":[{"embeddable":true,"href":"https:\/\/sites.uwasa.fi\/kivanet\/wp-json\/wp\/v2\/users\/185"}],"replies":[{"embeddable":true,"href":"https:\/\/sites.uwasa.fi\/kivanet\/wp-json\/wp\/v2\/comments?post=1582"}],"version-history":[{"count":19,"href":"https:\/\/sites.uwasa.fi\/kivanet\/wp-json\/wp\/v2\/pages\/1582\/revisions"}],"predecessor-version":[{"id":3713,"href":"https:\/\/sites.uwasa.fi\/kivanet\/wp-json\/wp\/v2\/pages\/1582\/revisions\/3713"}],"up":[{"embeddable":true,"href":"https:\/\/sites.uwasa.fi\/kivanet\/wp-json\/wp\/v2\/pages\/1492"}],"wp:attachment":[{"href":"https:\/\/sites.uwasa.fi\/kivanet\/wp-json\/wp\/v2\/media?parent=1582"}],"curies":[{"name":"wp","href":"https:\/\/api.w.org\/{rel}","templated":true}]}}