{"id":477,"date":"2020-05-19T16:06:27","date_gmt":"2020-05-19T13:06:27","guid":{"rendered":"https:\/\/sites.uwasa.fi\/kielikeskuspaivat\/?page_id=477"},"modified":"2020-05-19T16:40:19","modified_gmt":"2020-05-19T13:40:19","slug":"awards","status":"publish","type":"page","link":"https:\/\/sites.uwasa.fi\/kielikeskuspaivat\/awards\/","title":{"rendered":"Palkitsemiset &#8211; Priser &#8211; Awards"},"content":{"rendered":"<h2>Palkitsemiset<\/h2>\n<p>Kielikeskusp\u00e4ivill\u00e4 palkitaan seuraavat osallistujien tuotokset:<\/p>\n<ul>\n<li>Paras esitysotsikko<\/li>\n<li>Paras Poster-design<\/li>\n<li>Paras <a href=\"https:\/\/sites.uwasa.fi\/kielikeskuspaivat\/language-stories\/\">kielitarina<\/a><\/li>\n<li>Kielikeskusp\u00e4ivien paras somettaja<\/li>\n<\/ul>\n<h2>Priser<\/h2>\n<p>Under Spr\u00e5kcenterdagarna delas priser ut i f\u00f6ljande kategorier:<\/p>\n<ul>\n<li>B\u00e4sta presentationstitel<\/li>\n<li>B\u00e4sta posterdesign<\/li>\n<li>B\u00e4sta <a href=\"https:\/\/sites.uwasa.fi\/kielikeskuspaivat\/language-stories\/\">spr\u00e5kber\u00e4ttelse<\/a><\/li>\n<li>B\u00e4sta inneh\u00e5ll p\u00e5 sociala medier under Spr\u00e5kcenterdagarna<\/li>\n<\/ul>\n<h2><strong>Awards<\/strong><\/h2>\n<p>The following categories will be awarded at the Language Centre Days:<\/p>\n<ul>\n<li>Best Presentation Title<\/li>\n<li>Best Poster Design<\/li>\n<li>Best <a href=\"https:\/\/sites.uwasa.fi\/kielikeskuspaivat\/language-stories\/\">Language Story<\/a><\/li>\n<li>Best Social Media Content during the Language Centre Days<\/li>\n<\/ul>\n","protected":false},"excerpt":{"rendered":"<p>Palkitsemiset Kielikeskusp\u00e4ivill\u00e4 palkitaan seuraavat osallistujien tuotokset: Paras esitysotsikko Paras Poster-design Paras kielitarina Kielikeskusp\u00e4ivien paras somettaja Priser Under Spr\u00e5kcenterdagarna delas priser ut i f\u00f6ljande kategorier: B\u00e4sta presentationstitel B\u00e4sta posterdesign B\u00e4sta spr\u00e5kber\u00e4ttelse B\u00e4sta inneh\u00e5ll p\u00e5 sociala medier under Spr\u00e5kcenterdagarna Awards The following categories will be awarded at the Language Centre Days: Best Presentation Title Best Poster Design [&hellip;]<\/p>\n","protected":false},"author":70,"featured_media":0,"parent":0,"menu_order":0,"comment_status":"closed","ping_status":"closed","template":"","meta":{"_acf_changed":false,"footnotes":""},"class_list":["post-477","page","type-page","status-publish","hentry"],"acf":[],"lang":"fi","translations":{"fi":477},"pll_sync_post":[],"_links":{"self":[{"href":"https:\/\/sites.uwasa.fi\/kielikeskuspaivat\/wp-json\/wp\/v2\/pages\/477"}],"collection":[{"href":"https:\/\/sites.uwasa.fi\/kielikeskuspaivat\/wp-json\/wp\/v2\/pages"}],"about":[{"href":"https:\/\/sites.uwasa.fi\/kielikeskuspaivat\/wp-json\/wp\/v2\/types\/page"}],"author":[{"embeddable":true,"href":"https:\/\/sites.uwasa.fi\/kielikeskuspaivat\/wp-json\/wp\/v2\/users\/70"}],"replies":[{"embeddable":true,"href":"https:\/\/sites.uwasa.fi\/kielikeskuspaivat\/wp-json\/wp\/v2\/comments?post=477"}],"version-history":[{"count":6,"href":"https:\/\/sites.uwasa.fi\/kielikeskuspaivat\/wp-json\/wp\/v2\/pages\/477\/revisions"}],"predecessor-version":[{"id":484,"href":"https:\/\/sites.uwasa.fi\/kielikeskuspaivat\/wp-json\/wp\/v2\/pages\/477\/revisions\/484"}],"wp:attachment":[{"href":"https:\/\/sites.uwasa.fi\/kielikeskuspaivat\/wp-json\/wp\/v2\/media?parent=477"}],"curies":[{"name":"wp","href":"https:\/\/api.w.org\/{rel}","templated":true}]}}